{"id":22407,"date":"2025-05-14T10:59:25","date_gmt":"2025-05-14T08:59:25","guid":{"rendered":"https:\/\/gen4.focolare.org\/?post_type=wpdmpro&#038;p=22407"},"modified":"2025-06-09T14:40:41","modified_gmt":"2025-06-09T12:40:41","slug":"itinerario-de-preparacion-del-jubileo-para-familias-y-ninos","status":"publish","type":"wpdmpro","link":"https:\/\/gen4.focolare.org\/en\/download\/itinerario-de-preparacion-del-jubileo-para-familias-y-ninos\/","title":{"rendered":"Itinerario de preparaci\u00f3n del Jubileo para Familias y Ni\u00f1os"},"content":{"rendered":"<p style=\"text-align: center;\"><span style=\"color: #0000ff;\">Caminemos juntos: llevando alegr\u00eda y Esperanza a todos<\/span><\/p>\n<p>Hemos pensado en una propuesta de <strong>itinerario de preparaci\u00f3n al Jubileo<\/strong>, pensado sobre todo para involucrar a la franja de edad m\u00e1s joven, que es la que menos se tiene en cuenta a la hora de preparar el material informativo. Este quadernillo se puede utilizar en vista del Jubileo de las Familias, de los ni\u00f1os, de los ancianos y de los abuelos a finales de mayo pero no s\u00f3lo. Como sabemos, el Jubileo es un don de gracia dirigido a todos, de cualquier edad. Es gratis, pero hay que acogerlo con satisfacci\u00f3n. Y hay muchos aspectos espec\u00edficos de cada acontecimiento jubilar, ademas de aquellos espec\u00edficos de este A\u00f1o Santo. Como no podemos entrar en todo en profundidad, en esta propuesta hemos tratado de recoger algunos pasajes que nos han parecido esenciales e importantes para ayudar tambi\u00e9n a los m\u00e1s peque\u00f1os a entrar en el coraz\u00f3n del acontecimiento, y que fuessen tambi\u00e9n ideas \u00fatiles para ayudar a toda la familia en su conjunto a vivir con mayor conciencia la realidad del Jubileo. Est\u00e1 dise\u00f1ado especialmente para familias con ni\u00f1os peque\u00f1os, pero tambi\u00e9n puede ser adecuado para ni\u00f1os\/ni\u00f1as de hasta 10\/12 a\u00f1os.<\/p>\n<p><span style=\"color: #3366ff;\"><strong>Material disponible:<\/strong><\/span><\/p>\n<p>&#8211; J<span style=\"color: #3366ff;\">uego de pruebas<\/span> y un <span style=\"color: #3366ff;\">v\u00eddeo<\/span> que recorre las etapas propuestas en el recorrido del mismo.<\/p>\n<p>El v\u00eddeo se puede ver completo al final del recorrido del juego, aunque la primera parte se puede utilizar como introducci\u00f3n y la segunda parte como conclusi\u00f3n.<\/p>\n<p>-La primera parte, de hecho, recorre o introduce los diversos pasajes que son tambi\u00e9n objeto de las etapas del juego (ayudando, especialmente a los m\u00e1s peque\u00f1os, a comprender cu\u00e1l es el significado de la Gracia (Indulgencia Plenaria) vinculada al Jubileo y c\u00f3mo podemos\/debemos prepararnos para recibirla).<\/p>\n<p>-La segunda parte retoma y subraya los diferentes pasajes con algunas frases extra\u00eddas de los discursos del Papa Francisco con motivo del Jubileo, pensadas especialmente para los adultos pero, nos parece, comprensibles para todos gracias a los dibujos que las acompa\u00f1an.<\/p>\n<p>-y finalmente un mensaje para todos, como dijo el Papa Francisco en la Homil\u00eda de la Santa Misa de la Nochebuena del 24.12.2024:<\/p>\n<p><span style=\"color: #3366ff;\"><em>\u201c[\u2026] El Jubileo se abre para que a todos les llegue la esperanza, la esperanza del Evangelio, la esperanza del amor, la esperanza del perd\u00f3n [\u2026]\u201d, despu\u00e9s de haber recibido este don nos tocar\u00e1 \u201c[\u2026] a todos nosotros, el don y el compromiso de llevar la esperanza donde se ha perdido [\u2026]\u201d.<\/em><\/span><\/p>\n<p>&nbsp;<\/p>\n<p><em>Nota: El v\u00eddeo est\u00e1 compuesto de im\u00e1genes y m\u00fasica. No hay ning\u00fan discurso grabado, s\u00f3lo palabras o frases que aparecen en la pantalla en italiano e ingl\u00e9s. Para los dem\u00e0s idiomas, se necesita alguien que traduzca los escritos tal como aparecen.<\/em><\/p>\n","protected":false},"excerpt":{"rendered":"<p>Caminemos juntos: llevando alegr\u00eda y Esperanza a todos Hemos pensado en &#8230; <\/p>\n","protected":false},"author":3,"featured_media":22362,"comment_status":"closed","ping_status":"closed","template":"page.php","meta":{"__wpdm_changelog":[]},"wpdmcategory":[242],"wpdmtag":[],"class_list":["post-22407","wpdmpro","type-wpdmpro","status-publish","has-post-thumbnail","hentry","wpdmcategory-otras-actividades"],"_links":{"self":[{"href":"https:\/\/gen4.focolare.org\/en\/wp-json\/wp\/v2\/wpdmpro\/22407","targetHints":{"allow":["GET"]}}],"collection":[{"href":"https:\/\/gen4.focolare.org\/en\/wp-json\/wp\/v2\/wpdmpro"}],"about":[{"href":"https:\/\/gen4.focolare.org\/en\/wp-json\/wp\/v2\/types\/wpdmpro"}],"author":[{"embeddable":true,"href":"https:\/\/gen4.focolare.org\/en\/wp-json\/wp\/v2\/users\/3"}],"replies":[{"embeddable":true,"href":"https:\/\/gen4.focolare.org\/en\/wp-json\/wp\/v2\/comments?post=22407"}],"wp:featuredmedia":[{"embeddable":true,"href":"https:\/\/gen4.focolare.org\/en\/wp-json\/wp\/v2\/media\/22362"}],"wp:attachment":[{"href":"https:\/\/gen4.focolare.org\/en\/wp-json\/wp\/v2\/media?parent=22407"}],"wp:term":[{"taxonomy":"wpdmcategory","embeddable":true,"href":"https:\/\/gen4.focolare.org\/en\/wp-json\/wp\/v2\/wpdmcategory?post=22407"},{"taxonomy":"wpdmtag","embeddable":true,"href":"https:\/\/gen4.focolare.org\/en\/wp-json\/wp\/v2\/wpdmtag?post=22407"}],"curies":[{"name":"wp","href":"https:\/\/api.w.org\/{rel}","templated":true}]}}

Itinerario de preparación del Jubileo para Familias y Niños

<p style="text-align: center;"><span style="color: #0000ff;">Caminemos juntos: llevando alegría y Esperanza a todos</span></p>
<p>Hemos pensado en una propuesta de <strong>itinerario de preparación al Jubileo</strong>, pensado sobre todo para involucrar a la franja de edad más joven, que es la que menos se tiene en cuenta a la hora de preparar el material informativo. Este quadernillo se puede utilizar en vista del Jubileo de las Familias, de los niños, de los ancianos y de los abuelos a finales de mayo pero no sólo. Como sabemos, el Jubileo es un don de gracia dirigido a todos, de cualquier edad. Es gratis, pero hay que acogerlo con satisfacción. Y hay muchos aspectos específicos de cada acontecimiento jubilar, ademas de aquellos específicos de este Año Santo. Como no podemos entrar en todo en profundidad, en esta propuesta hemos tratado de recoger algunos pasajes que nos han parecido esenciales e importantes para ayudar también a los más pequeños a entrar en el corazón del acontecimiento, y que fuessen también ideas útiles para ayudar a toda la familia en su conjunto a vivir con mayor conciencia la realidad del Jubileo. Está diseñado especialmente para familias con niños pequeños, pero también puede ser adecuado para niños/niñas de hasta 10/12 años.</p>
<p><span style="color: #3366ff;"><strong>Material disponible:</strong></span></p>
<p>&#8211; J<span style="color: #3366ff;">uego de pruebas</span> y un <span style="color: #3366ff;">vídeo</span> que recorre las etapas propuestas en el recorrido del mismo.</p>
<p>El vídeo se puede ver completo al final del recorrido del juego, aunque la primera parte se puede utilizar como introducción y la segunda parte como conclusión.</p>
<p>-La primera parte, de hecho, recorre o introduce los diversos pasajes que son también objeto de las etapas del juego (ayudando, especialmente a los más pequeños, a comprender cuál es el significado de la Gracia (Indulgencia Plenaria) vinculada al Jubileo y cómo podemos/debemos prepararnos para recibirla).</p>
<p>-La segunda parte retoma y subraya los diferentes pasajes con algunas frases extraídas de los discursos del Papa Francisco con motivo del Jubileo, pensadas especialmente para los adultos pero, nos parece, comprensibles para todos gracias a los dibujos que las acompañan.</p>
<p>-y finalmente un mensaje para todos, como dijo el Papa Francisco en la Homilía de la Santa Misa de la Nochebuena del 24.12.2024:</p>
<p><span style="color: #3366ff;"><em>“[…] El Jubileo se abre para que a todos les llegue la esperanza, la esperanza del Evangelio, la esperanza del amor, la esperanza del perdón […]”, después de haber recibido este don nos tocará “[…] a todos nosotros, el don y el compromiso de llevar la esperanza donde se ha perdido […]”.</em></span></p>
<p>&nbsp;</p>
<p><em>Nota: El vídeo está compuesto de imágenes y música. No hay ningún discurso grabado, sólo palabras o frases que aparecen en la pantalla en italiano e inglés. Para los demàs idiomas, se necesita alguien que traduzca los escritos tal como aparecen.</em></p>

<p>Caminemos juntos: llevando alegría y Esperanza a todos Hemos pensado en &#8230; </p>
