{"id":23699,"date":"2026-04-06T15:47:25","date_gmt":"2026-04-06T13:47:25","guid":{"rendered":"https:\/\/gen4.focolare.org\/?post_type=wpdmpro&#038;p=23699"},"modified":"2026-04-06T15:47:25","modified_gmt":"2026-04-06T13:47:25","slug":"pdv-04-2026-lt","status":"publish","type":"wpdmpro","link":"https:\/\/gen4.focolare.org\/en\/download\/pdv-04-2026-lt\/","title":{"rendered":"PdV 04 2026 | LT"},"content":{"rendered":"<h4>Gen4 Gyvenimo \u017dodis, 2026 balandis<\/h4>\n<h3>Kai mylime vieni kitus, J\u0117zus pasilieka su mumis<\/h3>\n<p>\u201ePasilik su mumis, jau vakaras arti\u201c (Lk 24, 29).<\/p>\n<p>\u201e2026 balandis \u2013 i\u0161 baland\u017eio 19 d., Velyk\u0173 laikotarpio III savait\u0117s sekmadienio, liturgijos\u201c.<\/p>\n","protected":false},"excerpt":{"rendered":"<p>Gen4 Gyvenimo \u017dodis, 2026 balandis Kai mylime vieni kitus, J\u0117zus pasilieka &#8230; <\/p>\n","protected":false},"author":4,"featured_media":23701,"comment_status":"closed","ping_status":"closed","template":"page.php","meta":{"__wpdm_changelog":[]},"wpdmcategory":[121],"wpdmtag":[],"class_list":["post-23699","wpdmpro","type-wpdmpro","status-publish","has-post-thumbnail","hentry","wpdmcategory-lietuvos"],"_links":{"self":[{"href":"https:\/\/gen4.focolare.org\/en\/wp-json\/wp\/v2\/wpdmpro\/23699","targetHints":{"allow":["GET"]}}],"collection":[{"href":"https:\/\/gen4.focolare.org\/en\/wp-json\/wp\/v2\/wpdmpro"}],"about":[{"href":"https:\/\/gen4.focolare.org\/en\/wp-json\/wp\/v2\/types\/wpdmpro"}],"author":[{"embeddable":true,"href":"https:\/\/gen4.focolare.org\/en\/wp-json\/wp\/v2\/users\/4"}],"replies":[{"embeddable":true,"href":"https:\/\/gen4.focolare.org\/en\/wp-json\/wp\/v2\/comments?post=23699"}],"wp:featuredmedia":[{"embeddable":true,"href":"https:\/\/gen4.focolare.org\/en\/wp-json\/wp\/v2\/media\/23701"}],"wp:attachment":[{"href":"https:\/\/gen4.focolare.org\/en\/wp-json\/wp\/v2\/media?parent=23699"}],"wp:term":[{"taxonomy":"wpdmcategory","embeddable":true,"href":"https:\/\/gen4.focolare.org\/en\/wp-json\/wp\/v2\/wpdmcategory?post=23699"},{"taxonomy":"wpdmtag","embeddable":true,"href":"https:\/\/gen4.focolare.org\/en\/wp-json\/wp\/v2\/wpdmtag?post=23699"}],"curies":[{"name":"wp","href":"https:\/\/api.w.org\/{rel}","templated":true}]}}

<h4>Gen4 Gyvenimo Žodis, 2026 balandis</h4>
<h3>Kai mylime vieni kitus, Jėzus pasilieka su mumis</h3>
<p>„Pasilik su mumis, jau vakaras arti“ (Lk 24, 29).</p>
<p>„2026 balandis – iš balandžio 19 d., Velykų laikotarpio III savaitės sekmadienio, liturgijos“.</p>

<p>Gen4 Gyvenimo Žodis, 2026 balandis Kai mylime vieni kitus, Jėzus pasilieka &#8230; </p>
