{"id":23765,"date":"2026-04-14T00:11:37","date_gmt":"2026-04-13T22:11:37","guid":{"rendered":"https:\/\/gen4.focolare.org\/?post_type=wpdmpro&#038;p=23765"},"modified":"2026-04-14T00:11:37","modified_gmt":"2026-04-13T22:11:37","slug":"pdv-06-2026-ca","status":"publish","type":"wpdmpro","link":"https:\/\/gen4.focolare.org\/en\/download\/pdv-06-2026-ca\/","title":{"rendered":"PdV 06 2026 | CA"},"content":{"rendered":"<h4>Paraula de Vida Gen4, juny de 2026<\/h4>\n<h3>&#8220;Estimem gratuitament, com Jes\u00fas.&#8221;<\/h3>\n<p>\u00abPel cam\u00ed prediqueu dient: &#8220;El Regne del cel \u00e9s a prop (&#8230;) de franc heu rebut, doneu tamb\u00e9 de franc.\u00bb (Mt 10,7-8).<\/p>\n<p>&#8220;Juny de 2026 \u2013 de la lit\u00fargia del diumenge 14 de juny, XI diumenge del temps ordinari&#8221;<\/p>\n","protected":false},"excerpt":{"rendered":"<p>Paraula de Vida Gen4, juny de 2026 &#8220;Estimem gratuitament, com Jes\u00fas.&#8221; &#8230; <\/p>\n","protected":false},"author":4,"featured_media":23767,"comment_status":"closed","ping_status":"closed","template":"page.php","meta":{"__wpdm_changelog":[]},"wpdmcategory":[114],"wpdmtag":[],"class_list":["post-23765","wpdmpro","type-wpdmpro","status-publish","has-post-thumbnail","hentry","wpdmcategory-catala"],"_links":{"self":[{"href":"https:\/\/gen4.focolare.org\/en\/wp-json\/wp\/v2\/wpdmpro\/23765","targetHints":{"allow":["GET"]}}],"collection":[{"href":"https:\/\/gen4.focolare.org\/en\/wp-json\/wp\/v2\/wpdmpro"}],"about":[{"href":"https:\/\/gen4.focolare.org\/en\/wp-json\/wp\/v2\/types\/wpdmpro"}],"author":[{"embeddable":true,"href":"https:\/\/gen4.focolare.org\/en\/wp-json\/wp\/v2\/users\/4"}],"replies":[{"embeddable":true,"href":"https:\/\/gen4.focolare.org\/en\/wp-json\/wp\/v2\/comments?post=23765"}],"wp:featuredmedia":[{"embeddable":true,"href":"https:\/\/gen4.focolare.org\/en\/wp-json\/wp\/v2\/media\/23767"}],"wp:attachment":[{"href":"https:\/\/gen4.focolare.org\/en\/wp-json\/wp\/v2\/media?parent=23765"}],"wp:term":[{"taxonomy":"wpdmcategory","embeddable":true,"href":"https:\/\/gen4.focolare.org\/en\/wp-json\/wp\/v2\/wpdmcategory?post=23765"},{"taxonomy":"wpdmtag","embeddable":true,"href":"https:\/\/gen4.focolare.org\/en\/wp-json\/wp\/v2\/wpdmtag?post=23765"}],"curies":[{"name":"wp","href":"https:\/\/api.w.org\/{rel}","templated":true}]}}

<h4>Paraula de Vida Gen4, juny de 2026</h4>
<h3>&#8220;Estimem gratuitament, com Jesús.&#8221;</h3>
<p>«Pel camí prediqueu dient: &#8220;El Regne del cel és a prop (&#8230;) de franc heu rebut, doneu també de franc.» (Mt 10,7-8).</p>
<p>&#8220;Juny de 2026 – de la litúrgia del diumenge 14 de juny, XI diumenge del temps ordinari&#8221;</p>

<p>Paraula de Vida Gen4, juny de 2026 &#8220;Estimem gratuitament, com Jesús.&#8221; &#8230; </p>
