{"id":23812,"date":"2026-04-29T14:45:17","date_gmt":"2026-04-29T12:45:17","guid":{"rendered":"https:\/\/gen4.focolare.org\/?post_type=wpdmpro&#038;p=23812"},"modified":"2026-04-29T14:45:17","modified_gmt":"2026-04-29T12:45:17","slug":"pdv-08-2026-es","status":"publish","type":"wpdmpro","link":"https:\/\/gen4.focolare.org\/en\/download\/pdv-08-2026-es\/","title":{"rendered":"PdV 08 2026 | ES"},"content":{"rendered":"<h4>Palabra de Vida Gen4, agosto de 2026.<\/h4>\n<h3>Estamos agradecidos a Dios como Mar\u00eda.<\/h3>\n<p>\u00abMi alma magnifica al Se\u00f1or\u00bb (Lc 1,46).<\/p>\n<p>(AGOSTO de 2025, de la liturgia del s\u00e1bado 15 de agosto, Asunci\u00f3n de la Sant\u00edsima Virgen Mar\u00eda).<\/p>\n","protected":false},"excerpt":{"rendered":"<p>Palabra de Vida Gen4, agosto de 2026. Estamos agradecidos a Dios &#8230; <\/p>\n","protected":false},"author":4,"featured_media":23814,"comment_status":"closed","ping_status":"closed","template":"page.php","meta":{"__wpdm_changelog":[]},"wpdmcategory":[117],"wpdmtag":[],"class_list":["post-23812","wpdmpro","type-wpdmpro","status-publish","has-post-thumbnail","hentry","wpdmcategory-espanol"],"_links":{"self":[{"href":"https:\/\/gen4.focolare.org\/en\/wp-json\/wp\/v2\/wpdmpro\/23812","targetHints":{"allow":["GET"]}}],"collection":[{"href":"https:\/\/gen4.focolare.org\/en\/wp-json\/wp\/v2\/wpdmpro"}],"about":[{"href":"https:\/\/gen4.focolare.org\/en\/wp-json\/wp\/v2\/types\/wpdmpro"}],"author":[{"embeddable":true,"href":"https:\/\/gen4.focolare.org\/en\/wp-json\/wp\/v2\/users\/4"}],"replies":[{"embeddable":true,"href":"https:\/\/gen4.focolare.org\/en\/wp-json\/wp\/v2\/comments?post=23812"}],"wp:featuredmedia":[{"embeddable":true,"href":"https:\/\/gen4.focolare.org\/en\/wp-json\/wp\/v2\/media\/23814"}],"wp:attachment":[{"href":"https:\/\/gen4.focolare.org\/en\/wp-json\/wp\/v2\/media?parent=23812"}],"wp:term":[{"taxonomy":"wpdmcategory","embeddable":true,"href":"https:\/\/gen4.focolare.org\/en\/wp-json\/wp\/v2\/wpdmcategory?post=23812"},{"taxonomy":"wpdmtag","embeddable":true,"href":"https:\/\/gen4.focolare.org\/en\/wp-json\/wp\/v2\/wpdmtag?post=23812"}],"curies":[{"name":"wp","href":"https:\/\/api.w.org\/{rel}","templated":true}]}}

<h4>Palabra de Vida Gen4, agosto de 2026.</h4>
<h3>Estamos agradecidos a Dios como María.</h3>
<p>«Mi alma magnifica al Señor» (Lc 1,46).</p>
<p>(AGOSTO de 2025, de la liturgia del sábado 15 de agosto, Asunción de la Santísima Virgen María).</p>
