{"id":8798,"date":"2021-06-03T15:56:03","date_gmt":"2021-06-03T13:56:03","guid":{"rendered":"https:\/\/gen4.focolare.org\/?post_type=wpdmpro&#038;p=8798"},"modified":"2021-06-04T12:06:01","modified_gmt":"2021-06-04T10:06:01","slug":"se-voces-cuidarem-de-nos-nos-cuidaremos-do-mundo","status":"publish","type":"wpdmpro","link":"https:\/\/gen4.focolare.org\/en\/download\/se-voces-cuidarem-de-nos-nos-cuidaremos-do-mundo\/","title":{"rendered":"&#8220;Se voc\u00eas cuidarem de n\u00f3s, n\u00f3s cuidaremos do mundo&#8221;"},"content":{"rendered":"<p><strong>\u00a0<\/strong>&#8220;N\u00f3s, Gen4, o que podemos fazer?&#8221; Esta foi a pergunta de Jo\u00e3o, 7 anos, de Portugal, depois de ver uma reportagem na TV, que mostrava imagens de guerra com muitas crian\u00e7as mortas. Ele ficou t\u00e3o triste que quis chamar a animadora do grupo Gen4 que tentou responder \u00e0 sua pergunta contando-lhe sobre um epis\u00f3dio no qual o amor venceu em uma situa\u00e7\u00e3o de \u00f3dio.<\/p>\n<p>Com a aproxima\u00e7\u00e3o da Semana por um Mundo Unido 2021, focalizada no DareToCare, nasceu a ideia de fazer algo mais, em favor de todas as crian\u00e7as do mundo, aumentando a conscientiza\u00e7\u00e3o no mundo pol\u00edtico. Assim, Jo\u00e3o e sua irm\u00e3 de 10 anos escreveram juntos uma declara\u00e7\u00e3o infantil aos pol\u00edticos, professores e a todas as autoridades civis e religiosas. Perguntaram: &#8220;Estamos indo na dire\u00e7\u00e3o certa?&#8221;.<\/p>\n<p>Na quinta-feira, 8 de maio, uma delega\u00e7\u00e3o dos Gen4 do Porto, Portugal, levou a Declara\u00e7\u00e3o perto do local onde estava sendo realizada a C\u00fapula Social da Comiss\u00e3o Europ\u00e9ia. Eles brincaram, conversaram, contaram suas experi\u00eancias, transmitindo paz e alegria, chamando a aten\u00e7\u00e3o das pessoas que passavam e at\u00e9 mesmo dos jornalistas que os entrevistaram. No final do dia, um Gen4 disse a sua m\u00e3e: &#8220;Estou muito feliz porque pude amar sempre e senti que Jesus estava vivo ao nosso lado&#8221;. \u00c0 noite, o epis\u00f3dio foi not\u00edcia no telejornal nacional.<\/p>\n<p>Um dos muitos coment\u00e1rios: &#8220;Esta mensagem me fez perceber ainda mais o poder pessoal e socialmente transformador da educa\u00e7\u00e3o. Ensinar \u00e0s crian\u00e7as o que \u00e9 responsabilidade e quem \u00e9 respons\u00e1vel \u00e9 uma li\u00e7\u00e3o de cidadania radical. Eu li esta mensagem com os olhos da crian\u00e7a que ainda vive em mim, com um olhar de esperan\u00e7a que me fez bem&#8221;.<\/p>\n<p>A <a href=\"https:\/\/vimeo.com\/552419774\">declara\u00e7\u00e3o Gen4<\/a>, traduzida em v\u00e1rios idiomas, come\u00e7ou a circular pelo mundo.<\/p>\n<p style=\"text-align: center;\"><strong>&#8220;Se voc\u00ea cuidar de n\u00f3s, n\u00f3s cuidaremos do mundo&#8221;.<\/strong><\/p>\n<div id='gallery-1' class='gallery galleryid-8798 gallery-columns-4 gallery-size-thumbnail'><figure class='gallery-item'>\n\t\t\t<div class='gallery-icon landscape'>\n\t\t\t\t<a href='https:\/\/gen4.focolare.org\/wp-content\/uploads\/2021\/05\/Portogallo_Dichiarazione.jpg'><img decoding=\"async\" width=\"150\" height=\"150\" src=\"https:\/\/gen4.focolare.org\/wp-content\/uploads\/2021\/05\/Portogallo_Dichiarazione-150x150.jpg\" class=\"attachment-thumbnail size-thumbnail\" alt=\"Portogallo Dichiarazione 150x150\" srcset=\"https:\/\/gen4.focolare.org\/wp-content\/uploads\/2021\/05\/Portogallo_Dichiarazione-150x150.jpg 150w, https:\/\/gen4.focolare.org\/wp-content\/uploads\/2021\/05\/Portogallo_Dichiarazione-600x600.jpg 600w\" sizes=\"auto, (max-width: 150px) 100vw, 150px\" loading=\"lazy\" \/><\/a>\n\t\t\t<\/div><\/figure><figure class='gallery-item'>\n\t\t\t<div class='gallery-icon landscape'>\n\t\t\t\t<a href='https:\/\/gen4.focolare.org\/wp-content\/uploads\/2021\/05\/Filippine-rosario-per-un-mondo-migliore.jpeg'><img decoding=\"async\" width=\"150\" height=\"150\" src=\"https:\/\/gen4.focolare.org\/wp-content\/uploads\/2021\/05\/Filippine-rosario-per-un-mondo-migliore-150x150.jpeg\" class=\"attachment-thumbnail size-thumbnail\" alt=\"Filippine rosario per un mondo migliore 150x150\" srcset=\"https:\/\/gen4.focolare.org\/wp-content\/uploads\/2021\/05\/Filippine-rosario-per-un-mondo-migliore-150x150.jpeg 150w, https:\/\/gen4.focolare.org\/wp-content\/uploads\/2021\/05\/Filippine-rosario-per-un-mondo-migliore-600x600.jpeg 600w\" sizes=\"auto, (max-width: 150px) 100vw, 150px\" loading=\"lazy\" \/><\/a>\n\t\t\t<\/div><\/figure><figure class='gallery-item'>\n\t\t\t<div class='gallery-icon landscape'>\n\t\t\t\t<a href='https:\/\/gen4.focolare.org\/wp-content\/uploads\/2021\/05\/Man-Costa-dAvorio-2021-04-28.jpeg'><img decoding=\"async\" width=\"150\" height=\"150\" src=\"https:\/\/gen4.focolare.org\/wp-content\/uploads\/2021\/05\/Man-Costa-dAvorio-2021-04-28-150x150.jpeg\" class=\"attachment-thumbnail size-thumbnail\" alt=\"Man Costa dAvorio 2021 04 28 150x150\" srcset=\"https:\/\/gen4.focolare.org\/wp-content\/uploads\/2021\/05\/Man-Costa-dAvorio-2021-04-28-150x150.jpeg 150w, https:\/\/gen4.focolare.org\/wp-content\/uploads\/2021\/05\/Man-Costa-dAvorio-2021-04-28-600x600.jpeg 600w\" sizes=\"auto, (max-width: 150px) 100vw, 150px\" loading=\"lazy\" \/><\/a>\n\t\t\t<\/div><\/figure><figure class='gallery-item'>\n\t\t\t<div class='gallery-icon portrait'>\n\t\t\t\t<a href='https:\/\/gen4.focolare.org\/wp-content\/uploads\/2021\/05\/Loppiano_1.jpg'><img decoding=\"async\" width=\"150\" height=\"150\" src=\"https:\/\/gen4.focolare.org\/wp-content\/uploads\/2021\/05\/Loppiano_1-150x150.jpg\" class=\"attachment-thumbnail size-thumbnail\" alt=\"Loppiano 1 150x150\" srcset=\"https:\/\/gen4.focolare.org\/wp-content\/uploads\/2021\/05\/Loppiano_1-150x150.jpg 150w, https:\/\/gen4.focolare.org\/wp-content\/uploads\/2021\/05\/Loppiano_1-600x600.jpg 600w\" sizes=\"auto, (max-width: 150px) 100vw, 150px\" loading=\"lazy\" \/><\/a>\n\t\t\t<\/div><\/figure>\n\t\t<\/div>\n\n<p>Aqui est\u00e3o alguns exemplos de como as e os Gen4 come\u00e7aram a fazer isso em muitas partes do mundo:<\/p>\n<p><strong>\u00c1sia \u2013<\/strong> <strong>\u00cdndia:<\/strong> &#8220;&#8230;pensamos em cuidar das pessoas pobres que vivem nas ruas. Com nossos pais preparamos macarr\u00e3o e \u00e0 noite fomos com nosso carro para distribuir esta comida quente para os pobres. No caminho para casa \u00e0 noite, fiquei muito feliz por ter feito algo por eles. Agora todas as sextas-feiras repetimos esta a\u00e7\u00e3o, oferecendo alimentos diferentes&#8221;.<\/p>\n<p><strong>\u00c1sia:<\/strong> uma Gen4 da <strong>Coreia<\/strong> ouviu falar da possibilidade de doar cabelos para crian\u00e7as com c\u00e2ncer infantil, ent\u00e3o ela envolveu uma amiga dela e juntas come\u00e7aram a deixar crescer seus cabelos. &#8220;No momento de cortar o cabelo ouvi que a tesoura fazia um barulho muito forte, porque o cabelo tinha que ser cortado todo amarrado, mas eu estava feliz em fazer algo pelas crian\u00e7as doentes&#8221;, contou essa Gen4 que, ap\u00f3s algum tempo, tamb\u00e9m recebeu um certificado de doa\u00e7\u00e3o.<\/p>\n<p><strong>Brasil: <\/strong>h\u00e1 cerca de dois anos os Gen4 da Mari\u00e1polis Ginetta est\u00e3o engajados em a\u00e7\u00f5es em favor dos pobres e da ecologia, recebendo reconhecimento p\u00fablico <em>(<a href=\"https:\/\/vimeo.com\/551526684\">ver v\u00eddeo<\/a> )<\/em>.<\/p>\n<p>-E muitas outras <strong>a\u00e7\u00f5es ecol\u00f3gicas<\/strong> em v\u00e1rias partes do mundo:<\/p>\n<p>-em <strong>Loppiano (It\u00e1lia)<\/strong>: plantaram duas \u00e1rvores no espa\u00e7o destinado a se tornar o <em>playground<\/em>;<\/p>\n<p>-No em Santa Maria<strong> (Brasil)<\/strong>, , eles passaram um dia juntos limpando um espa\u00e7o verde p\u00fablico;<\/p>\n<p>-em <strong>Grottaferrata<\/strong> <strong>(It\u00e1lia)<\/strong>, plantaram algumas plantas floridas no jardim com o nome de Chiara Lubich<\/p>\n<p>-Do sudeste asi\u00e1tico \u00e0 Nig\u00e9ria e Irlanda: conscientiza\u00e7\u00e3o sobre o uso do pl\u00e1stico, compromisso com a coleta seletiva de res\u00edduos&#8230;<\/p>\n<p>-Na Irlanda eles tamb\u00e9m constru\u00edram casas para alimentar as aves e participaram de um projeto das bibliotecas que distribuem sementes para serem plantadas e doadas a outros: o bem que se multiplica.<\/p>\n<p>A\u00e7\u00f5es em favor da <strong>paz<\/strong>:<\/p>\n<p>-Ros\u00e1rio planet\u00e1rio (promovido pelo Gen4 das Filipinas com a participa\u00e7\u00e3o de alguns Gen4 da Terra Santa, Argentina, Nig\u00e9ria, Myanmar)<\/p>\n<p>&#8211; inaugura\u00e7\u00e3o do \u201cdado da paz\u201d em um jardim p\u00fablico no L\u00edbano: uma iniciativa apoiada pela Prefeitura com a participa\u00e7\u00e3o de v\u00e1rios funcion\u00e1rios do munic\u00edpio.<\/p>\n<p>E muitas outras a\u00e7\u00f5es estar ao lado daqueles que mais sofrem:<\/p>\n<p><strong>Cor\u00e9ia, Irlanda e Gr\u00e9cia:<\/strong> iniciativas em favor dos idosos.<\/p>\n<p>-Na <strong>Coreia<\/strong> muitas pessoas idosas vivem sozinhas em suas casas. Os Gen4 pensaram no que poderiam fazer por eles, e assim, durante o Ano Novo Lunar, prepararam alguns doces, empacotaram-nos com amor e os deixaram em uma linda caixa ao lado do elevador das casas onde viviam os idosos, com uma nota: &#8220;estamos todos lutando contra a Covid-19. Podemos superar isso juntos! Estes doces s\u00e3o um presente para voc\u00ea&#8221;.<\/p>\n<p>-Na <strong>Irlanda:<\/strong> os Gen4 participaram, envolvendo toda a comunidade, numa iniciativa lan\u00e7ada pelos Correios Irlandeses que deu a oportunidade de enviar cart\u00f5es e encomendas de 2kg para pessoas idosas sozinhas ou em lares de idosos.<\/p>\n<p>-na <strong>Gr\u00e9cia:<\/strong> os Gen4 acolheram favoravelmente a id\u00e9ia de poder fazer algo pelos idosos que haviam sido isolados em suas casas por causa da pandemia. A iniciativa foi al\u00e9m do c\u00edrculo de conhecidos. Chegaram desenhos de outras crian\u00e7as que tinham ouvido falar disso de amigos, e tamb\u00e9m se juntaram com alegria. Com todos os desenhos foi feito um cartaz e levado para a casa de repouso. Grande aprecia\u00e7\u00e3o pela iniciativa do novo diretor que prop\u00f4s organizar um zoom com todas as crian\u00e7as e os idosos.<\/p>\n<p>-E da <strong>Inglaterra<\/strong>, para a <strong>\u00c1frica<\/strong>, para a <strong>Austr\u00e1lia:<\/strong> muitas id\u00e9ias para ajudar aqueles que vivem nas ruas ou que est\u00e3o em necessidade por causa da pandemia, da guerra ou de outras situa\u00e7\u00f5es:<\/p>\n<p>&#8211;<strong>Inglaterra:<\/strong> os pais Marx, um Gen4, querendo fazer algo, entraram em contato com uma organiza\u00e7\u00e3o que ajuda fam\u00edlias de baixa renda para saber o que era mais necess\u00e1rio. Marx, depois de ajudar seus pais a fazer compras no supermercado, tamb\u00e9m quis participar dando todo o dinheiro que havia economizado em seu cofrinho. Juntos, eles tamb\u00e9m conseguiram envolver alguns grandes supermercados que doaram muitos produtos \u00fateis.<\/p>\n<p>&#8211;<strong> \u00c1frica:<\/strong> na <strong>Nig\u00e9ria<\/strong>, Gen3 e Gen4 com suas fam\u00edlias visitaram um campo de refugiados; no <strong>Burundi<\/strong> recolheram muitos bens (couve, arroz&#8230;) e foram lev\u00e1-los a um orfanato. Foi grande a alegria destas crian\u00e7as, que tamb\u00e9m n\u00e3o t\u00eam muito, mas quiseram levar estes presentes \u00e0s crian\u00e7as que mais precisam!<\/p>\n<p>&#8211; <strong>Austr\u00e1lia:<\/strong> Alguns adultos estavam participando de uma a\u00e7\u00e3o dos Padres Capuchinhos para distribuir ajuda alimentar a pessoas que viviam nas ruas e a estudantes que estavam em dificuldades financeiras por causa da pandemia. Os Gen4 quiseram dar sua contribui\u00e7\u00e3o e, como n\u00e3o puderam se aproximar diretamente dessas pessoas, prepararam cart\u00f5es postais para acompanhar as encomendas que foram distribu\u00eddas. Aqui est\u00e3o algumas de suas mensagens: &#8220;Esperamos que seja um belo dia&#8221;! &#8220;Deus estar\u00e1 sempre com voc\u00ea para proteg\u00ea-lo, apesar do que aconteceu&#8221;. &#8220;H\u00e1 pessoas que podem ser seus amigos&#8221;, com assinatura e idade (6, 7 anos) para que aqueles que os recebessem soubessem que foram escritas por crian\u00e7as.<\/p>\n<p style=\"text-align: center;\"><strong>&#8220;Se voc\u00eas cuidarem de n\u00f3s, n\u00f3s cuidaremos do mundo&#8221;.<\/strong><\/p>\n<p style=\"text-align: center;\"><strong>\u00a0<\/strong><strong>Os gen4 come\u00e7aram e est\u00e3o experimentando como cada pequeno ato de amor \u00e9 contagioso e pode se multiplicar dando muitos frutos no mundo!<\/strong><\/p>\n","protected":false},"excerpt":{"rendered":"<p>\u00a0&#8220;N\u00f3s, Gen4, o que podemos fazer?&#8221; Esta foi a pergunta de &#8230; <\/p>\n","protected":false},"author":3,"featured_media":8811,"comment_status":"closed","ping_status":"closed","template":"","meta":{"__wpdm_changelog":[]},"wpdmcategory":[244],"wpdmtag":[],"class_list":["post-8798","wpdmpro","type-wpdmpro","status-publish","has-post-thumbnail","hentry","wpdmcategory-outras-atividades"],"_links":{"self":[{"href":"https:\/\/gen4.focolare.org\/en\/wp-json\/wp\/v2\/wpdmpro\/8798","targetHints":{"allow":["GET"]}}],"collection":[{"href":"https:\/\/gen4.focolare.org\/en\/wp-json\/wp\/v2\/wpdmpro"}],"about":[{"href":"https:\/\/gen4.focolare.org\/en\/wp-json\/wp\/v2\/types\/wpdmpro"}],"author":[{"embeddable":true,"href":"https:\/\/gen4.focolare.org\/en\/wp-json\/wp\/v2\/users\/3"}],"replies":[{"embeddable":true,"href":"https:\/\/gen4.focolare.org\/en\/wp-json\/wp\/v2\/comments?post=8798"}],"wp:featuredmedia":[{"embeddable":true,"href":"https:\/\/gen4.focolare.org\/en\/wp-json\/wp\/v2\/media\/8811"}],"wp:attachment":[{"href":"https:\/\/gen4.focolare.org\/en\/wp-json\/wp\/v2\/media?parent=8798"}],"wp:term":[{"taxonomy":"wpdmcategory","embeddable":true,"href":"https:\/\/gen4.focolare.org\/en\/wp-json\/wp\/v2\/wpdmcategory?post=8798"},{"taxonomy":"wpdmtag","embeddable":true,"href":"https:\/\/gen4.focolare.org\/en\/wp-json\/wp\/v2\/wpdmtag?post=8798"}],"curies":[{"name":"wp","href":"https:\/\/api.w.org\/{rel}","templated":true}]}}

&#8220;Se vocês cuidarem de nós, nós cuidaremos do mundo&#8221;

<p><strong> </strong>&#8220;Nós, Gen4, o que podemos fazer?&#8221; Esta foi a pergunta de João, 7 anos, de Portugal, depois de ver uma reportagem na TV, que mostrava imagens de guerra com muitas crianças mortas. Ele ficou tão triste que quis chamar a animadora do grupo Gen4 que tentou responder à sua pergunta contando-lhe sobre um episódio no qual o amor venceu em uma situação de ódio.</p>
<p>Com a aproximação da Semana por um Mundo Unido 2021, focalizada no DareToCare, nasceu a ideia de fazer algo mais, em favor de todas as crianças do mundo, aumentando a conscientização no mundo político. Assim, João e sua irmã de 10 anos escreveram juntos uma declaração infantil aos políticos, professores e a todas as autoridades civis e religiosas. Perguntaram: &#8220;Estamos indo na direção certa?&#8221;.</p>
<p>Na quinta-feira, 8 de maio, uma delegação dos Gen4 do Porto, Portugal, levou a Declaração perto do local onde estava sendo realizada a Cúpula Social da Comissão Européia. Eles brincaram, conversaram, contaram suas experiências, transmitindo paz e alegria, chamando a atenção das pessoas que passavam e até mesmo dos jornalistas que os entrevistaram. No final do dia, um Gen4 disse a sua mãe: &#8220;Estou muito feliz porque pude amar sempre e senti que Jesus estava vivo ao nosso lado&#8221;. À noite, o episódio foi notícia no telejornal nacional.</p>
<p>Um dos muitos comentários: &#8220;Esta mensagem me fez perceber ainda mais o poder pessoal e socialmente transformador da educação. Ensinar às crianças o que é responsabilidade e quem é responsável é uma lição de cidadania radical. Eu li esta mensagem com os olhos da criança que ainda vive em mim, com um olhar de esperança que me fez bem&#8221;.</p>
<p>A <a href="https://vimeo.com/552419774">declaração Gen4</a>, traduzida em vários idiomas, começou a circular pelo mundo.</p>
<p style="text-align: center;"><strong>&#8220;Se você cuidar de nós, nós cuidaremos do mundo&#8221;.</strong></p>
<div id='gallery-1' class='gallery galleryid-8798 gallery-columns-4 gallery-size-thumbnail'><figure class='gallery-item'>
			<div class='gallery-icon landscape'>
				<a href='https://gen4.focolare.org/wp-content/uploads/2021/05/Portogallo_Dichiarazione.jpg'><img decoding="async" width="150" height="150" src="https://gen4.focolare.org/wp-content/uploads/2021/05/Portogallo_Dichiarazione-150x150.jpg" class="attachment-thumbnail size-thumbnail" alt="Portogallo Dichiarazione 150x150" srcset="https://gen4.focolare.org/wp-content/uploads/2021/05/Portogallo_Dichiarazione-150x150.jpg 150w, https://gen4.focolare.org/wp-content/uploads/2021/05/Portogallo_Dichiarazione-600x600.jpg 600w" sizes="auto, (max-width: 150px) 100vw, 150px" loading="lazy" /></a>
			</div></figure><figure class='gallery-item'>
			<div class='gallery-icon landscape'>
				<a href='https://gen4.focolare.org/wp-content/uploads/2021/05/Filippine-rosario-per-un-mondo-migliore.jpeg'><img decoding="async" width="150" height="150" src="https://gen4.focolare.org/wp-content/uploads/2021/05/Filippine-rosario-per-un-mondo-migliore-150x150.jpeg" class="attachment-thumbnail size-thumbnail" alt="Filippine rosario per un mondo migliore 150x150" srcset="https://gen4.focolare.org/wp-content/uploads/2021/05/Filippine-rosario-per-un-mondo-migliore-150x150.jpeg 150w, https://gen4.focolare.org/wp-content/uploads/2021/05/Filippine-rosario-per-un-mondo-migliore-600x600.jpeg 600w" sizes="auto, (max-width: 150px) 100vw, 150px" loading="lazy" /></a>
			</div></figure><figure class='gallery-item'>
			<div class='gallery-icon landscape'>
				<a href='https://gen4.focolare.org/wp-content/uploads/2021/05/Man-Costa-dAvorio-2021-04-28.jpeg'><img decoding="async" width="150" height="150" src="https://gen4.focolare.org/wp-content/uploads/2021/05/Man-Costa-dAvorio-2021-04-28-150x150.jpeg" class="attachment-thumbnail size-thumbnail" alt="Man Costa dAvorio 2021 04 28 150x150" srcset="https://gen4.focolare.org/wp-content/uploads/2021/05/Man-Costa-dAvorio-2021-04-28-150x150.jpeg 150w, https://gen4.focolare.org/wp-content/uploads/2021/05/Man-Costa-dAvorio-2021-04-28-600x600.jpeg 600w" sizes="auto, (max-width: 150px) 100vw, 150px" loading="lazy" /></a>
			</div></figure><figure class='gallery-item'>
			<div class='gallery-icon portrait'>
				<a href='https://gen4.focolare.org/wp-content/uploads/2021/05/Loppiano_1.jpg'><img decoding="async" width="150" height="150" src="https://gen4.focolare.org/wp-content/uploads/2021/05/Loppiano_1-150x150.jpg" class="attachment-thumbnail size-thumbnail" alt="Loppiano 1 150x150" srcset="https://gen4.focolare.org/wp-content/uploads/2021/05/Loppiano_1-150x150.jpg 150w, https://gen4.focolare.org/wp-content/uploads/2021/05/Loppiano_1-600x600.jpg 600w" sizes="auto, (max-width: 150px) 100vw, 150px" loading="lazy" /></a>
			</div></figure>
		</div>

<p>Aqui estão alguns exemplos de como as e os Gen4 começaram a fazer isso em muitas partes do mundo:</p>
<p><strong>Ásia –</strong> <strong>Índia:</strong> &#8220;&#8230;pensamos em cuidar das pessoas pobres que vivem nas ruas. Com nossos pais preparamos macarrão e à noite fomos com nosso carro para distribuir esta comida quente para os pobres. No caminho para casa à noite, fiquei muito feliz por ter feito algo por eles. Agora todas as sextas-feiras repetimos esta ação, oferecendo alimentos diferentes&#8221;.</p>
<p><strong>Ásia:</strong> uma Gen4 da <strong>Coreia</strong> ouviu falar da possibilidade de doar cabelos para crianças com câncer infantil, então ela envolveu uma amiga dela e juntas começaram a deixar crescer seus cabelos. &#8220;No momento de cortar o cabelo ouvi que a tesoura fazia um barulho muito forte, porque o cabelo tinha que ser cortado todo amarrado, mas eu estava feliz em fazer algo pelas crianças doentes&#8221;, contou essa Gen4 que, após algum tempo, também recebeu um certificado de doação.</p>
<p><strong>Brasil: </strong>há cerca de dois anos os Gen4 da Mariápolis Ginetta estão engajados em ações em favor dos pobres e da ecologia, recebendo reconhecimento público <em>(<a href="https://vimeo.com/551526684">ver vídeo</a> )</em>.</p>
<p>-E muitas outras <strong>ações ecológicas</strong> em várias partes do mundo:</p>
<p>-em <strong>Loppiano (Itália)</strong>: plantaram duas árvores no espaço destinado a se tornar o <em>playground</em>;</p>
<p>-No em Santa Maria<strong> (Brasil)</strong>, , eles passaram um dia juntos limpando um espaço verde público;</p>
<p>-em <strong>Grottaferrata</strong> <strong>(Itália)</strong>, plantaram algumas plantas floridas no jardim com o nome de Chiara Lubich</p>
<p>-Do sudeste asiático à Nigéria e Irlanda: conscientização sobre o uso do plástico, compromisso com a coleta seletiva de resíduos&#8230;</p>
<p>-Na Irlanda eles também construíram casas para alimentar as aves e participaram de um projeto das bibliotecas que distribuem sementes para serem plantadas e doadas a outros: o bem que se multiplica.</p>
<p>Ações em favor da <strong>paz</strong>:</p>
<p>-Rosário planetário (promovido pelo Gen4 das Filipinas com a participação de alguns Gen4 da Terra Santa, Argentina, Nigéria, Myanmar)</p>
<p>&#8211; inauguração do “dado da paz” em um jardim público no Líbano: uma iniciativa apoiada pela Prefeitura com a participação de vários funcionários do município.</p>
<p>E muitas outras ações estar ao lado daqueles que mais sofrem:</p>
<p><strong>Coréia, Irlanda e Grécia:</strong> iniciativas em favor dos idosos.</p>
<p>-Na <strong>Coreia</strong> muitas pessoas idosas vivem sozinhas em suas casas. Os Gen4 pensaram no que poderiam fazer por eles, e assim, durante o Ano Novo Lunar, prepararam alguns doces, empacotaram-nos com amor e os deixaram em uma linda caixa ao lado do elevador das casas onde viviam os idosos, com uma nota: &#8220;estamos todos lutando contra a Covid-19. Podemos superar isso juntos! Estes doces são um presente para você&#8221;.</p>
<p>-Na <strong>Irlanda:</strong> os Gen4 participaram, envolvendo toda a comunidade, numa iniciativa lançada pelos Correios Irlandeses que deu a oportunidade de enviar cartões e encomendas de 2kg para pessoas idosas sozinhas ou em lares de idosos.</p>
<p>-na <strong>Grécia:</strong> os Gen4 acolheram favoravelmente a idéia de poder fazer algo pelos idosos que haviam sido isolados em suas casas por causa da pandemia. A iniciativa foi além do círculo de conhecidos. Chegaram desenhos de outras crianças que tinham ouvido falar disso de amigos, e também se juntaram com alegria. Com todos os desenhos foi feito um cartaz e levado para a casa de repouso. Grande apreciação pela iniciativa do novo diretor que propôs organizar um zoom com todas as crianças e os idosos.</p>
<p>-E da <strong>Inglaterra</strong>, para a <strong>África</strong>, para a <strong>Austrália:</strong> muitas idéias para ajudar aqueles que vivem nas ruas ou que estão em necessidade por causa da pandemia, da guerra ou de outras situações:</p>
<p>&#8211;<strong>Inglaterra:</strong> os pais Marx, um Gen4, querendo fazer algo, entraram em contato com uma organização que ajuda famílias de baixa renda para saber o que era mais necessário. Marx, depois de ajudar seus pais a fazer compras no supermercado, também quis participar dando todo o dinheiro que havia economizado em seu cofrinho. Juntos, eles também conseguiram envolver alguns grandes supermercados que doaram muitos produtos úteis.</p>
<p>&#8211;<strong> África:</strong> na <strong>Nigéria</strong>, Gen3 e Gen4 com suas famílias visitaram um campo de refugiados; no <strong>Burundi</strong> recolheram muitos bens (couve, arroz&#8230;) e foram levá-los a um orfanato. Foi grande a alegria destas crianças, que também não têm muito, mas quiseram levar estes presentes às crianças que mais precisam!</p>
<p>&#8211; <strong>Austrália:</strong> Alguns adultos estavam participando de uma ação dos Padres Capuchinhos para distribuir ajuda alimentar a pessoas que viviam nas ruas e a estudantes que estavam em dificuldades financeiras por causa da pandemia. Os Gen4 quiseram dar sua contribuição e, como não puderam se aproximar diretamente dessas pessoas, prepararam cartões postais para acompanhar as encomendas que foram distribuídas. Aqui estão algumas de suas mensagens: &#8220;Esperamos que seja um belo dia&#8221;! &#8220;Deus estará sempre com você para protegê-lo, apesar do que aconteceu&#8221;. &#8220;Há pessoas que podem ser seus amigos&#8221;, com assinatura e idade (6, 7 anos) para que aqueles que os recebessem soubessem que foram escritas por crianças.</p>
<p style="text-align: center;"><strong>&#8220;Se vocês cuidarem de nós, nós cuidaremos do mundo&#8221;.</strong></p>
<p style="text-align: center;"><strong> </strong><strong>Os gen4 começaram e estão experimentando como cada pequeno ato de amor é contagioso e pode se multiplicar dando muitos frutos no mundo!</strong></p>

<p> &#8220;Nós, Gen4, o que podemos fazer?&#8221; Esta foi a pergunta de &#8230; </p>
