{"id":12986,"date":"2022-11-23T18:40:04","date_gmt":"2022-11-23T17:40:04","guid":{"rendered":"https:\/\/gen4.focolare.org\/?page_id=12986"},"modified":"2023-02-15T19:18:01","modified_gmt":"2023-02-15T18:18:01","slug":"ventana-al-mundo","status":"publish","type":"page","link":"https:\/\/gen4.focolare.org\/es\/material\/ventana-al-mundo\/","title":{"rendered":"Ventana al mundo"},"content":{"rendered":"<div class=\"wpb-content-wrapper\"><p>[vc_row full_width=\u00bbstretch_row\u00bb content_placement=\u00bbmiddle\u00bb css=\u00bb.vc_custom_1559340186711{background-image: url(http:\/\/gen4.focolare.org\/wp-content\/uploads\/2019\/05\/background_gen4_geen.png?id=1751) !important;}\u00bb][vc_column width=\u00bb1\/3&#8243;][vc_column_text css=\u00bb.vc_custom_1675181455087{background-color: #1d70b8 !important;}\u00bb]<\/p>\n<h1 style=\"text-align: center;\"><span style=\"color: #ffffff;\">Ventana al mundo<\/span><\/h1>\n<p>[\/vc_column_text][\/vc_column][vc_column width=\u00bb2\/3&#8243; full_width=\u00bb\u00bb gap=\u00bb0&#8243; full_height=\u00bb\u00bb columns_placement=\u00bbmiddle\u00bb equal_height=\u00bb\u00bb rtl_reverse=\u00bb\u00bb content_placement=\u00bb\u00bb disable_element=\u00bb\u00bb][\/vc_column][\/vc_row][vc_row gap=\u00bb20&#8243; css=\u00bb.vc_custom_1559384587831{padding-top: 30px !important;}\u00bb][vc_column width=\u00bb1\/2&#8243;][vc_column_text]Un espacio para acoger aportaciones internacionales: bailes, canciones en lengua original, cuentos, leyendas, curiosidades\u2026 \u00a1juegos musicales o de magia! Una oportunidad para vivir esa dimensi\u00f3n de familia planetaria que siempre ha caracterizado la vida del Movimiento de los Focolares y que es tambi\u00e9n un punto fundamental para las nuevas generaciones.<\/p>\n<p>Durante varios a\u00f1os ha sido posible que incluso los m\u00e1s peque\u00f1os tengan una experiencia concreta de internacionalidad: de 1988 a 2014, se llevaron a cabo Congresos Internacionales en Castel Gandolfo, que reuni\u00f3 a varios cientos de ni\u00f1os y ni\u00f1as de pa\u00edses de los 5 continentes.[\/vc_column_text][\/vc_column][vc_column width=\u00bb1\/2&#8243;][vc_column_text]Ha habido muchas modalidades que, a lo largo de los a\u00f1os, han permitido a los gen4 conocer y experimentar la belleza de ser una sola familia repartida por todo el mundo: hermanamientos, encuentros v\u00eda zoom, intercambio de noticias, experiencias, compartir necesidades.<\/p>\n<p>Tambi\u00e9n el primer evento global en l\u00ednea (Global Meeting Kids Gen4) se llev\u00f3 a cabo en junio de 2022, y cont\u00f3 con la participaci\u00f3n de muchos ni\u00f1os de todo el mundo. \u00a1Las primeras contribuciones que encuentras en esta p\u00e1gina se produjeron solo para esta ocasi\u00f3n![\/vc_column_text][\/vc_column][\/vc_row][vc_row][vc_column][vc_basic_grid post_type=\u00bbwpdmpro\u00bb max_items=\u00bb10&#8243; item=\u00bb1674&#8243; grid_id=\u00bbvc_gid:1676485327237-7d7d36fa-99ab-1&#8243; taxonomies=\u00bb478&#8243;][\/vc_column][\/vc_row]<\/p>\n<\/div>","protected":false},"excerpt":{"rendered":"<p>[vc_row full_width=\u00bbstretch_row\u00bb content_placement=\u00bbmiddle\u00bb css=\u00bb.vc_custom_1559340186711{background-image: url(http:\/\/gen4.focolare.org\/wp-content\/uploads\/2019\/05\/background_gen4_geen.png?id=1751) !important;}\u00bb][vc_column width=\u00bb1\/3&#8243;][vc_column_text css=\u00bb.vc_custom_1675181455087{background-color: #1d70b8 !important;}\u00bb] Ventana &#8230; <\/p>\n","protected":false},"author":1,"featured_media":0,"parent":3827,"menu_order":0,"comment_status":"closed","ping_status":"closed","template":"","meta":{"footnotes":""},"class_list":["post-12986","page","type-page","status-publish","hentry"],"_links":{"self":[{"href":"https:\/\/gen4.focolare.org\/es\/wp-json\/wp\/v2\/pages\/12986","targetHints":{"allow":["GET"]}}],"collection":[{"href":"https:\/\/gen4.focolare.org\/es\/wp-json\/wp\/v2\/pages"}],"about":[{"href":"https:\/\/gen4.focolare.org\/es\/wp-json\/wp\/v2\/types\/page"}],"author":[{"embeddable":true,"href":"https:\/\/gen4.focolare.org\/es\/wp-json\/wp\/v2\/users\/1"}],"replies":[{"embeddable":true,"href":"https:\/\/gen4.focolare.org\/es\/wp-json\/wp\/v2\/comments?post=12986"}],"version-history":[{"count":6,"href":"https:\/\/gen4.focolare.org\/es\/wp-json\/wp\/v2\/pages\/12986\/revisions"}],"predecessor-version":[{"id":16961,"href":"https:\/\/gen4.focolare.org\/es\/wp-json\/wp\/v2\/pages\/12986\/revisions\/16961"}],"up":[{"embeddable":true,"href":"https:\/\/gen4.focolare.org\/es\/wp-json\/wp\/v2\/pages\/3827"}],"wp:attachment":[{"href":"https:\/\/gen4.focolare.org\/es\/wp-json\/wp\/v2\/media?parent=12986"}],"curies":[{"name":"wp","href":"https:\/\/api.w.org\/{rel}","templated":true}]}}

<div class="wpb-content-wrapper"><p>[vc_row full_width=»stretch_row» content_placement=»middle» css=».vc_custom_1559340186711{background-image: url(http://gen4.focolare.org/wp-content/uploads/2019/05/background_gen4_geen.png?id=1751) !important;}»][vc_column width=»1/3&#8243;][vc_column_text css=».vc_custom_1675181455087{background-color: #1d70b8 !important;}»]</p>
<h1 style="text-align: center;"><span style="color: #ffffff;">Ventana al mundo</span></h1>
<p>[/vc_column_text][/vc_column][vc_column width=»2/3&#8243; full_width=»» gap=»0&#8243; full_height=»» columns_placement=»middle» equal_height=»» rtl_reverse=»» content_placement=»» disable_element=»»][/vc_column][/vc_row][vc_row gap=»20&#8243; css=».vc_custom_1559384587831{padding-top: 30px !important;}»][vc_column width=»1/2&#8243;][vc_column_text]Un espacio para acoger aportaciones internacionales: bailes, canciones en lengua original, cuentos, leyendas, curiosidades… ¡juegos musicales o de magia! Una oportunidad para vivir esa dimensión de familia planetaria que siempre ha caracterizado la vida del Movimiento de los Focolares y que es también un punto fundamental para las nuevas generaciones.</p>
<p>Durante varios años ha sido posible que incluso los más pequeños tengan una experiencia concreta de internacionalidad: de 1988 a 2014, se llevaron a cabo Congresos Internacionales en Castel Gandolfo, que reunió a varios cientos de niños y niñas de países de los 5 continentes.[/vc_column_text][/vc_column][vc_column width=»1/2&#8243;][vc_column_text]Ha habido muchas modalidades que, a lo largo de los años, han permitido a los gen4 conocer y experimentar la belleza de ser una sola familia repartida por todo el mundo: hermanamientos, encuentros vía zoom, intercambio de noticias, experiencias, compartir necesidades.</p>
<p>También el primer evento global en línea (Global Meeting Kids Gen4) se llevó a cabo en junio de 2022, y contó con la participación de muchos niños de todo el mundo. ¡Las primeras contribuciones que encuentras en esta página se produjeron solo para esta ocasión![/vc_column_text][/vc_column][/vc_row][vc_row][vc_column][vc_basic_grid post_type=»wpdmpro» max_items=»10&#8243; item=»1674&#8243; grid_id=»vc_gid:1676485327237-7d7d36fa-99ab-1&#8243; taxonomies=»478&#8243;][/vc_column][/vc_row]</p>
</div>
