{"id":12799,"date":"2023-03-31T08:47:32","date_gmt":"2023-03-31T07:47:32","guid":{"rendered":"https:\/\/gen4.focolare.org\/?post_type=wpdmpro&#038;p=12799"},"modified":"2024-01-21T15:50:32","modified_gmt":"2024-01-21T14:50:32","slug":"04_oggi-ho-scoperto-il-cielo-tappa-n-4","status":"publish","type":"wpdmpro","link":"https:\/\/gen4.focolare.org\/es\/download\/04_oggi-ho-scoperto-il-cielo-tappa-n-4\/","title":{"rendered":"04_Oggi ho scoperto il cielo: Tappa n. 4"},"content":{"rendered":"<p style=\"text-align: center;\"><span style=\"color: #000080; font-size: 18px;\"><strong><em>Amare come Ges\u00f9 e pregare sempre come Lui (Per te)<\/em><\/strong><\/span><\/p>\n<p><span style=\"color: #ff6600;\"><strong>A) Per gli assistenti. <\/strong><strong>Spunti dai temi di Chiara: <em>Quando tu ami sei Ges\u00f9, quindi sei in continua preghiera \u2013 \u201cPer te\u201d<\/em><\/strong><\/span><\/p>\n<p><span style=\"color: #000000;\"><strong>1) <em>Quando tu ami sei Ges\u00f9, quindi sei in continua preghiera<\/em><\/strong><\/span><\/p>\n<p>Come dobbiamo pregare? Chiara parlando nel 1998 ai focolarini ricordava come, \u201cfin da piccoline\u201d lei e le prime focolarine hanno sentito fortemente questo invito dello Spirito Santo: <em>\u201cVoi dovete pregare sempre\u201d. E come farlo: <\/em><em>[\u2026]<strong>per poter pregare sempre basterebbe esser Ges\u00f9, perch\u00e9 se siamo Ges\u00f9, lui \u00e8 sempre di fronte al Padre, lui \u00e8 in continua preghiera. E lo Spirito Santo ci insegnava: per esser Ges\u00f9 bisogna amare. <\/strong>[\u2026] <strong>quando tu ami sei Ges\u00f9, quindi sei in continua preghiera<\/strong>. Quindi, questo comando di pregare sempre, che \u00e8 poi presente nella Scrittura, era il nostro comando: e dovete pregare sempre. [\u2026] \u201c<\/em> <span style=\"color: #0000ff;\"><a style=\"color: #0000ff;\" href=\"#_ftn1\" name=\"_ftnref1\">[1]<\/a><\/span><\/p>\n<ul>\n<li><strong>\u201cPer te\u201d \u2013 <\/strong><\/li>\n<\/ul>\n<p>Ed ecco alcuni \u201csuggerimenti\u201d dati da Chiara per \u201cPregare sempre\u201d.\u00a0 Li troviamo per esempio nella conversazione fatta nel 1988 sulla \u201cPreghiera in famiglia\u201d: <em>\u201c[\u2026] <strong>Ges\u00f9, nell&#8217;insegnare a pregare, ha detto due cose che sembrano in contraddizione, ma non \u00e8 cos\u00ec. Ha affermato: \u00abQuando pregate dite poche parole\u00bb (cf Mt 6,7) e poi: \u00aboccorre sempre pregare\u00bb (cf Lc 21,36). Anche ogni famiglia \u00e8 necessario che segua queste due direttive. Dire poche parole. Quando? Vari sono i momenti della giornata che pi\u00f9 di altri richiedono qualche preghiera in famiglia.<\/strong> [\u2026]<strong> Al mattino,<\/strong> al risveglio, nell&#8217;immergerci nel mondo soprannaturale in cui siamo inseriti per il battesimo, con brevi preghiere alla Santissima Trinit\u00e0, al Padre celeste in particolare, a Maria, all&#8217;Angelo custode&#8230; sar\u00e0 bene <strong>offrire a Dio la nostra giornata<\/strong> con tutto ci\u00f2 che essa comporta, come dice appunto quella preghiera del mattino che molti conoscono: \u00abTi offro le azioni e le sofferenze della mia giornata\u00bb. Dio, infatti, va amato; e amare significa dare. Doniamo dunque a Dio, ogni mattina, il nostro nuovo giorno. <strong>Sar\u00e0 bene rivolgere a Dio il nostro pensiero anche prima di colazione, di pranzo, di cena.<\/strong> [\u2026]\u201d<\/em><span style=\"color: #0000ff;\"> <a style=\"color: #0000ff;\" href=\"#_ftn2\" name=\"_ftnref2\">[2]<\/a><\/span><\/p>\n<p>Ed ecco un altro brano della conversazione, citata pi\u00f9 volte in queste tappe, fatta da Chiara agli amici Mussulmani nel 1999: <em>\u201c[\u2026] Un modo di<strong> \u00abpregare sempre\u00bb <\/strong>per noi \u00e8 quello di<strong> offrire ogni azione che compiamo durante la giornata a Dio, premettendo ad essa brevi espressioni d&#8217;amore, come: \u00abPer te\u00bb. Lo sanno fare anche i bambini e lo fanno con tanto amore. Anzi essi dicono di fare di ogni azione un pacchettino ben confezionato da spedire in Cielo, a Dio, con un \u00abper Te\u00bb. Cos\u00ec facendo, tutto il nostro agire si trasforma in un&#8217;azione sacra, e per tutto il giorno continua il colloquio con Dio.<\/strong> [\u2026] \u201c<\/em> <span style=\"color: #0000ff;\"><a style=\"color: #0000ff;\" href=\"#_ftn3\" name=\"_ftnref3\">[3]<\/a><\/span><\/p>\n<p><span style=\"color: #ff6600;\"><strong>B) Obiettivi dell\u2019Incontro GEN4<\/strong><\/span><\/p>\n<p>-Scoprire come, amando, possiamo vivere \u201ccome Ges\u00f9\u201d, e \u201cparlare\u201d sempre con Dio Padre<\/p>\n<p>-Scoprire il segreto del fare tutto \u201cPer Te\u201d<\/p>\n<p><strong><span style=\"color: #ff6600;\">C) Contenuti dell\u2019incontro GEN4: gocce di luce con la Sacra Scrittura <\/span><\/strong><strong><span style=\"color: #ff6600;\">e con la Spiritualit\u00e0 (risposte di Chiara)<\/span><\/strong><\/p>\n<p><span style=\"color: #ff6600;\"><strong>Sacra Scrittura<\/strong><strong><em>:<\/em><\/strong><\/span><\/p>\n<p><strong><em>&#8211; prima parte dell\u2019episodio della chiamata degli apostoli: <\/em><\/strong>Ges\u00f9 \u00e8 venuto sulla terra per insegnarci a vivere come in Cielo, per essere sempre, come Lui, in dialogo con Dio, Padre Suo e Padre nostro. <strong><span style=\"color: #008000;\">(Allegato C1)<\/span><\/strong><\/p>\n<p><span style=\"color: #ff6600;\"><strong>Spiritualit\u00e0: <\/strong><\/span><strong>Risposte di Chiara <span style=\"color: #008000;\">(Allegato C2)<\/span><\/strong><\/p>\n<p><strong>-sul dado:<\/strong> Come possiamo essere come Ges\u00f9 \u2013 per vivere qui in terra come in Cielo<\/p>\n<p><strong><em>\u201cVoglio diventare come Ges\u00f9, come faccio?\u201d <\/em><\/strong><em><span style=\"color: #0000ff;\"><a style=\"color: #0000ff;\" href=\"#_ftn4\" name=\"_ftnref4\">[4]<\/a><\/span><\/em><\/p>\n<p><em>Chiara: Vuole diventare come Ges\u00f9. \u201cCome faccio?\u201d <\/em><\/p>\n<p><em>E\u2019 sempre la stessa cosa: bisogna amare. Per\u00f2 state attente. Vediamo se poi vi ricordate quello che vi dico. [\u2026] <\/em><\/p>\n<p><em>Primo: bisogna amare tutti. Per esempio, voi tornate a casa e dite: \u201cIo la mamma la amo, il mio fratellino lo amo, il pap\u00e0 lo amo, per\u00f2 la mia zia no.\u201d Questo non \u00e8 amore. Oppure siete a scuola e dite: \u201cLa mia professoressa la amo, quella mia amica la amo, quell\u2019altra\u2026 quella l\u00ec mi \u00e8 antipatica.\u201d Non \u00e8 amore, non \u00e8 amore vero, non si diventa Ges\u00f9 cos\u00ec. Bisogna amare tutti, vincersi. Noi cos\u00ec abbiamo fatto quando eravamo piccoline e abbiamo incominciato a vivere l\u2019Ideale. Bisogna vincersi e amare tutti.<\/em><\/p>\n<p><em>Seconda cosa. [\u2026] bisogna amare per primi, cio\u00e8 non per secondi, per primi. Bisogna amare sempre cominciando noi. Magari andiamo a casa e c\u2019\u00e8 la sorellina che ha un muso lungo, lungo, lungo, perch\u00e9 \u00e8 annoiata, \u00e8 stufa, non le va niente, non le va n\u00e9 di giocare n\u00e9 di studiare\u2026 Non aspettate, non aspettate che lei vi ami; dovete incominciare voi, amare per primi, e dite: \u201cNon ti senti bene? Come va? Forse hai qualche problema? Vuoi dirlo? Vuoi che usciamo? Vuoi che facciamo un gioco?\u201d Dovete essere i primi ad amare.<\/em><\/p>\n<p><em>\u00a0\u00a0\u00a0\u00a0\u00a0\u00a0 Quindi prima cosa: amare tutti.<\/em><\/p>\n<p><em>\u00a0\u00a0\u00a0\u00a0\u00a0\u00a0 Seconda cosa: amare per primi.<\/em><\/p>\n<p><em>\u00a0\u00a0\u00a0\u00a0\u00a0 Terza cosa: bisogna vedere Ges\u00f9 in tutti, tutti, tutti, tutti, anche in quello l\u00ec brutto, anche in quello l\u00ec stracciato, [\u2026] Bisogna vedere Ges\u00f9 sotto, perch\u00e9 c\u2019\u00e8 sotto, perch\u00e9 Ges\u00f9 ha detto che qualunque cosa noi faremo agli altri, lui dice: \u201cL\u2019hai fatto a me.\u201d Quindi c\u2019\u00e8 Ges\u00f9 sotto. <\/em><\/p>\n<p><em>\u00a0\u00a0 [\u2026]La quarta, che c\u2019\u00e8 anche sul vostro dado: amare come se stessi, come io fossi l\u00ec, come io fossi l\u00ec. Io non sarei contenta se mi tirassero un sasso. E cos\u00ec non sono contento se tirano il sasso anche a quell\u2019altro; devo amarlo come me.<\/em><\/p>\n<p><em>\u00a0\u00a0 Allora vivete bene quello che c\u2019\u00e8 scritto sul dado e cos\u00ec imparate ad amare, e cos\u00ec si risponde alla domanda della gen 4: \u201cCome si fa a diventare Ges\u00f9?\u201d Vivendo quello che c\u2019\u00e8 scritto sul dado, dove c\u2019\u00e8 scritto anche che bisogna amarsi a vicenda.<\/em><\/p>\n<p><em>\u00a0\u00a0 Quel dado \u00e8 importante, ricordatelo. Ricordate che anche Chiara, che sono io, lo vivo io quel dado. Magari non ho proprio il dado in mano, che \u00e8 bellino. E\u2019 bellino. Ma ce l\u2019ho in testa: so che \u00e8 uno cos\u00ec: ecco, amiamoci a vicenda, mi faccio uno, amo Ges\u00f9 nell\u2019altro, amo tutti, anche persino c\u2019\u00e8 il nemico; amare per primo. C\u2019\u00e8 su, c\u2019\u00e8 su, perci\u00f2 tenetevelo caro, che nessuno ve lo distrugga, ecco.\u201d<\/em><\/p>\n<p><strong>&#8211;<\/strong><strong>sul \u201cPer te\u201d<\/strong><strong>: <\/strong>perch\u00e9tutta la mia giornata sia amore, come era quella di Ges\u00f9<\/p>\n<p>\u00abChiara, Chiara, cosa dici a Ges\u00f9 quando ti svegli? Questa domanda te la fa Anna dal Brasile: ha cinque anni\u00bb<span style=\"color: #0000ff;\"> <a style=\"color: #0000ff;\" href=\"#_ftn5\" name=\"_ftnref5\">[5]<\/a><\/span><\/p>\n<p><strong>Chiara:<\/strong> <em>\u201cCinque anni, ecco! Mi domanda, la Anna del Brasile, gen 4: \u00abCosa fai tu, quando ti svegli la mattina?\u00bb Io mi metto subito d&#8217;accordo con Ges\u00f9 e gli dico: \u00abGuarda che tutto quello che faccio oggi \u00e8 tutto per te, tutto per te, io ti offro tutto, io ti offro tutto\u00bb. Cos\u00ec anche stamattina gli ho detto: \u00abE&#8217; per te il raduno con le gen 4, \u00e8 per te la colazione, \u00e8 per te l&#8217;andata in macchina per arrivare l\u00ec, \u00e8 per te le mie orazioni, \u00e8 per te&#8230;, \u00e8 per te&#8230;, tutto \u00e8 per te!\u00bb Ecco, glielo dico subito, appena mi sveglio. Poi, durante la giornata, prima di incominciare una nuova azione, dico di nuovo, se mi ricordo, a Ges\u00f9: \u00abAnche questo per te, questo per te, questo per te\u00bb, prima ancora&#8230; Ecco, qui c&#8217;\u00e8 il gen 4 che appena si sveglia dice: \u00abGes\u00f9 ti offro tutto: per te, per te tutta la mia vita, per te tutta la mia giornata\u00bb. Ecco, qui c&#8217;\u00e8 la gen 4 che prima di colazione dice: \u00abAnche questa colazione te la offro a te, per te.\u00bb E qui c&#8217;\u00e8 la gen 4 che aiuta la mamma. Anche l&#8217;aiutare la mamma per te, Ges\u00f9, per te, Ges\u00f9, per te!\u00bb Ecco! (Applausi!) !<\/em><\/p>\n<p><span style=\"color: #ff6600;\"><strong>D) Spunti e altro materiale per la conduzione dell\u2019incontro <\/strong><\/span><strong><span style=\"color: #008000;\">(Allegati D)<\/span><\/strong><\/p>\n<p>________________________________________________________________________________________<\/p>\n<p><span style=\"font-size: 14px;\"><span style=\"color: #0000ff;\"><a style=\"color: #0000ff;\" href=\"#_ftnref1\" name=\"_ftn1\">[1]<\/a> <\/span>C. Lubich, Castel Gandolfo, 24 dicembre 1998, ai focolarini, \u201c<em>V\u00b0 tema della spiritualit\u00e0 collettiva \u2013 III\u00b0 aspetto: &#8216;L&#8217;amore eleva'\u00bb<\/em><\/span><\/p>\n<p><span style=\"font-size: 14px;\"><span style=\"color: #0000ff;\"><a style=\"color: #0000ff;\" href=\"#_ftnref2\" name=\"_ftn2\">[2]<\/a> <\/span>C. Lubich, Faenza, 10 aprile 1988, alle famiglie, <em>\u201cLa preghiera in famiglia\u201d<\/em><\/span><\/p>\n<p><span style=\"font-size: 14px;\"><span style=\"color: #0000ff;\"><a style=\"color: #0000ff;\" href=\"#_ftnref3\" name=\"_ftn3\">[3]<\/a> <\/span>C. Lubich, Castel Gandolfo, 25 ottobre 1999, incontro amici mussulmani, <em>\u201cLa preghiera, la meditazione e l&#8217;unione con Dio\u201d<\/em><\/span><\/p>\n<p><span style=\"font-size: 14px;\"><span style=\"color: #0000ff;\"><a style=\"color: #0000ff;\" href=\"#_ftnref4\" name=\"_ftn4\">[4]<\/a> <\/span>C. Lubich, Castel Gandolfo, 7.6.1998, Congresso Gen4, 5,a risposta 1998<\/span><\/p>\n<p><span style=\"font-size: 14px;\"><span style=\"color: #0000ff;\"><a style=\"color: #0000ff;\" href=\"#_ftnref5\" name=\"_ftn5\">[5]<\/a> \u00a0<\/span>C. Lubich, Castel Gandolfo, 18.6.1988, Congresso Gen4, 10.a risposta<\/span><\/p>\n<p>&nbsp;<\/p>\n<p>&nbsp;<\/p>\n","protected":false},"excerpt":{"rendered":"<p>Amare come Ges\u00f9 e pregare sempre come Lui (Per te) A) &#8230; <\/p>\n","protected":false},"author":486,"featured_media":17377,"comment_status":"closed","ping_status":"closed","template":"page.php","meta":{"__wpdm_changelog":[]},"wpdmcategory":[489],"wpdmtag":[],"class_list":["post-12799","wpdmpro","type-wpdmpro","status-publish","has-post-thumbnail","hentry","wpdmcategory-oggi-ho-scoperto-il-cielo-unione-con-dio-e-preghiera_2022-2023"],"_links":{"self":[{"href":"https:\/\/gen4.focolare.org\/es\/wp-json\/wp\/v2\/wpdmpro\/12799","targetHints":{"allow":["GET"]}}],"collection":[{"href":"https:\/\/gen4.focolare.org\/es\/wp-json\/wp\/v2\/wpdmpro"}],"about":[{"href":"https:\/\/gen4.focolare.org\/es\/wp-json\/wp\/v2\/types\/wpdmpro"}],"author":[{"embeddable":true,"href":"https:\/\/gen4.focolare.org\/es\/wp-json\/wp\/v2\/users\/486"}],"replies":[{"embeddable":true,"href":"https:\/\/gen4.focolare.org\/es\/wp-json\/wp\/v2\/comments?post=12799"}],"wp:featuredmedia":[{"embeddable":true,"href":"https:\/\/gen4.focolare.org\/es\/wp-json\/wp\/v2\/media\/17377"}],"wp:attachment":[{"href":"https:\/\/gen4.focolare.org\/es\/wp-json\/wp\/v2\/media?parent=12799"}],"wp:term":[{"taxonomy":"wpdmcategory","embeddable":true,"href":"https:\/\/gen4.focolare.org\/es\/wp-json\/wp\/v2\/wpdmcategory?post=12799"},{"taxonomy":"wpdmtag","embeddable":true,"href":"https:\/\/gen4.focolare.org\/es\/wp-json\/wp\/v2\/wpdmtag?post=12799"}],"curies":[{"name":"wp","href":"https:\/\/api.w.org\/{rel}","templated":true}]}}

<p style="text-align: center;"><span style="color: #000080; font-size: 18px;"><strong><em>Amare come Gesù e pregare sempre come Lui (Per te)</em></strong></span></p>
<p><span style="color: #ff6600;"><strong>A) Per gli assistenti. </strong><strong>Spunti dai temi di Chiara: <em>Quando tu ami sei Gesù, quindi sei in continua preghiera – “Per te”</em></strong></span></p>
<p><span style="color: #000000;"><strong>1) <em>Quando tu ami sei Gesù, quindi sei in continua preghiera</em></strong></span></p>
<p>Come dobbiamo pregare? Chiara parlando nel 1998 ai focolarini ricordava come, “fin da piccoline” lei e le prime focolarine hanno sentito fortemente questo invito dello Spirito Santo: <em>“Voi dovete pregare sempre”. E come farlo: </em><em>[…]<strong>per poter pregare sempre basterebbe esser Gesù, perché se siamo Gesù, lui è sempre di fronte al Padre, lui è in continua preghiera. E lo Spirito Santo ci insegnava: per esser Gesù bisogna amare. </strong>[…] <strong>quando tu ami sei Gesù, quindi sei in continua preghiera</strong>. Quindi, questo comando di pregare sempre, che è poi presente nella Scrittura, era il nostro comando: e dovete pregare sempre. […] “</em> <span style="color: #0000ff;"><a style="color: #0000ff;" href="#_ftn1" name="_ftnref1">[1]</a></span></p>
<ul>
<li><strong>“Per te” – </strong></li>
</ul>
<p>Ed ecco alcuni “suggerimenti” dati da Chiara per “Pregare sempre”.  Li troviamo per esempio nella conversazione fatta nel 1988 sulla “Preghiera in famiglia”: <em>“[…] <strong>Gesù, nell&#8217;insegnare a pregare, ha detto due cose che sembrano in contraddizione, ma non è così. Ha affermato: «Quando pregate dite poche parole» (cf Mt 6,7) e poi: «occorre sempre pregare» (cf Lc 21,36). Anche ogni famiglia è necessario che segua queste due direttive. Dire poche parole. Quando? Vari sono i momenti della giornata che più di altri richiedono qualche preghiera in famiglia.</strong> […]<strong> Al mattino,</strong> al risveglio, nell&#8217;immergerci nel mondo soprannaturale in cui siamo inseriti per il battesimo, con brevi preghiere alla Santissima Trinità, al Padre celeste in particolare, a Maria, all&#8217;Angelo custode&#8230; sarà bene <strong>offrire a Dio la nostra giornata</strong> con tutto ciò che essa comporta, come dice appunto quella preghiera del mattino che molti conoscono: «Ti offro le azioni e le sofferenze della mia giornata». Dio, infatti, va amato; e amare significa dare. Doniamo dunque a Dio, ogni mattina, il nostro nuovo giorno. <strong>Sarà bene rivolgere a Dio il nostro pensiero anche prima di colazione, di pranzo, di cena.</strong> […]”</em><span style="color: #0000ff;"> <a style="color: #0000ff;" href="#_ftn2" name="_ftnref2">[2]</a></span></p>
<p>Ed ecco un altro brano della conversazione, citata più volte in queste tappe, fatta da Chiara agli amici Mussulmani nel 1999: <em>“[…] Un modo di<strong> «pregare sempre» </strong>per noi è quello di<strong> offrire ogni azione che compiamo durante la giornata a Dio, premettendo ad essa brevi espressioni d&#8217;amore, come: «Per te». Lo sanno fare anche i bambini e lo fanno con tanto amore. Anzi essi dicono di fare di ogni azione un pacchettino ben confezionato da spedire in Cielo, a Dio, con un «per Te». Così facendo, tutto il nostro agire si trasforma in un&#8217;azione sacra, e per tutto il giorno continua il colloquio con Dio.</strong> […] “</em> <span style="color: #0000ff;"><a style="color: #0000ff;" href="#_ftn3" name="_ftnref3">[3]</a></span></p>
<p><span style="color: #ff6600;"><strong>B) Obiettivi dell’Incontro GEN4</strong></span></p>
<p>-Scoprire come, amando, possiamo vivere “come Gesù”, e “parlare” sempre con Dio Padre</p>
<p>-Scoprire il segreto del fare tutto “Per Te”</p>
<p><strong><span style="color: #ff6600;">C) Contenuti dell’incontro GEN4: gocce di luce con la Sacra Scrittura </span></strong><strong><span style="color: #ff6600;">e con la Spiritualità (risposte di Chiara)</span></strong></p>
<p><span style="color: #ff6600;"><strong>Sacra Scrittura</strong><strong><em>:</em></strong></span></p>
<p><strong><em>&#8211; prima parte dell’episodio della chiamata degli apostoli: </em></strong>Gesù è venuto sulla terra per insegnarci a vivere come in Cielo, per essere sempre, come Lui, in dialogo con Dio, Padre Suo e Padre nostro. <strong><span style="color: #008000;">(Allegato C1)</span></strong></p>
<p><span style="color: #ff6600;"><strong>Spiritualità: </strong></span><strong>Risposte di Chiara <span style="color: #008000;">(Allegato C2)</span></strong></p>
<p><strong>-sul dado:</strong> Come possiamo essere come Gesù – per vivere qui in terra come in Cielo</p>
<p><strong><em>“Voglio diventare come Gesù, come faccio?” </em></strong><em><span style="color: #0000ff;"><a style="color: #0000ff;" href="#_ftn4" name="_ftnref4">[4]</a></span></em></p>
<p><em>Chiara: Vuole diventare come Gesù. “Come faccio?” </em></p>
<p><em>E’ sempre la stessa cosa: bisogna amare. Però state attente. Vediamo se poi vi ricordate quello che vi dico. […] </em></p>
<p><em>Primo: bisogna amare tutti. Per esempio, voi tornate a casa e dite: “Io la mamma la amo, il mio fratellino lo amo, il papà lo amo, però la mia zia no.” Questo non è amore. Oppure siete a scuola e dite: “La mia professoressa la amo, quella mia amica la amo, quell’altra… quella lì mi è antipatica.” Non è amore, non è amore vero, non si diventa Gesù così. Bisogna amare tutti, vincersi. Noi così abbiamo fatto quando eravamo piccoline e abbiamo incominciato a vivere l’Ideale. Bisogna vincersi e amare tutti.</em></p>
<p><em>Seconda cosa. […] bisogna amare per primi, cioè non per secondi, per primi. Bisogna amare sempre cominciando noi. Magari andiamo a casa e c’è la sorellina che ha un muso lungo, lungo, lungo, perché è annoiata, è stufa, non le va niente, non le va né di giocare né di studiare… Non aspettate, non aspettate che lei vi ami; dovete incominciare voi, amare per primi, e dite: “Non ti senti bene? Come va? Forse hai qualche problema? Vuoi dirlo? Vuoi che usciamo? Vuoi che facciamo un gioco?” Dovete essere i primi ad amare.</em></p>
<p><em>       Quindi prima cosa: amare tutti.</em></p>
<p><em>       Seconda cosa: amare per primi.</em></p>
<p><em>      Terza cosa: bisogna vedere Gesù in tutti, tutti, tutti, tutti, anche in quello lì brutto, anche in quello lì stracciato, […] Bisogna vedere Gesù sotto, perché c’è sotto, perché Gesù ha detto che qualunque cosa noi faremo agli altri, lui dice: “L’hai fatto a me.” Quindi c’è Gesù sotto. </em></p>
<p><em>   […]La quarta, che c’è anche sul vostro dado: amare come se stessi, come io fossi lì, come io fossi lì. Io non sarei contenta se mi tirassero un sasso. E così non sono contento se tirano il sasso anche a quell’altro; devo amarlo come me.</em></p>
<p><em>   Allora vivete bene quello che c’è scritto sul dado e così imparate ad amare, e così si risponde alla domanda della gen 4: “Come si fa a diventare Gesù?” Vivendo quello che c’è scritto sul dado, dove c’è scritto anche che bisogna amarsi a vicenda.</em></p>
<p><em>   Quel dado è importante, ricordatelo. Ricordate che anche Chiara, che sono io, lo vivo io quel dado. Magari non ho proprio il dado in mano, che è bellino. E’ bellino. Ma ce l’ho in testa: so che è uno così: ecco, amiamoci a vicenda, mi faccio uno, amo Gesù nell’altro, amo tutti, anche persino c’è il nemico; amare per primo. C’è su, c’è su, perciò tenetevelo caro, che nessuno ve lo distrugga, ecco.”</em></p>
<p><strong>&#8211;</strong><strong>sul “Per te”</strong><strong>: </strong>perchétutta la mia giornata sia amore, come era quella di Gesù</p>
<p>«Chiara, Chiara, cosa dici a Gesù quando ti svegli? Questa domanda te la fa Anna dal Brasile: ha cinque anni»<span style="color: #0000ff;"> <a style="color: #0000ff;" href="#_ftn5" name="_ftnref5">[5]</a></span></p>
<p><strong>Chiara:</strong> <em>“Cinque anni, ecco! Mi domanda, la Anna del Brasile, gen 4: «Cosa fai tu, quando ti svegli la mattina?» Io mi metto subito d&#8217;accordo con Gesù e gli dico: «Guarda che tutto quello che faccio oggi è tutto per te, tutto per te, io ti offro tutto, io ti offro tutto». Così anche stamattina gli ho detto: «E&#8217; per te il raduno con le gen 4, è per te la colazione, è per te l&#8217;andata in macchina per arrivare lì, è per te le mie orazioni, è per te&#8230;, è per te&#8230;, tutto è per te!» Ecco, glielo dico subito, appena mi sveglio. Poi, durante la giornata, prima di incominciare una nuova azione, dico di nuovo, se mi ricordo, a Gesù: «Anche questo per te, questo per te, questo per te», prima ancora&#8230; Ecco, qui c&#8217;è il gen 4 che appena si sveglia dice: «Gesù ti offro tutto: per te, per te tutta la mia vita, per te tutta la mia giornata». Ecco, qui c&#8217;è la gen 4 che prima di colazione dice: «Anche questa colazione te la offro a te, per te.» E qui c&#8217;è la gen 4 che aiuta la mamma. Anche l&#8217;aiutare la mamma per te, Gesù, per te, Gesù, per te!» Ecco! (Applausi!) !</em></p>
<p><span style="color: #ff6600;"><strong>D) Spunti e altro materiale per la conduzione dell’incontro </strong></span><strong><span style="color: #008000;">(Allegati D)</span></strong></p>
<p>________________________________________________________________________________________</p>
<p><span style="font-size: 14px;"><span style="color: #0000ff;"><a style="color: #0000ff;" href="#_ftnref1" name="_ftn1">[1]</a> </span>C. Lubich, Castel Gandolfo, 24 dicembre 1998, ai focolarini, “<em>V° tema della spiritualità collettiva – III° aspetto: &#8216;L&#8217;amore eleva'»</em></span></p>
<p><span style="font-size: 14px;"><span style="color: #0000ff;"><a style="color: #0000ff;" href="#_ftnref2" name="_ftn2">[2]</a> </span>C. Lubich, Faenza, 10 aprile 1988, alle famiglie, <em>“La preghiera in famiglia”</em></span></p>
<p><span style="font-size: 14px;"><span style="color: #0000ff;"><a style="color: #0000ff;" href="#_ftnref3" name="_ftn3">[3]</a> </span>C. Lubich, Castel Gandolfo, 25 ottobre 1999, incontro amici mussulmani, <em>“La preghiera, la meditazione e l&#8217;unione con Dio”</em></span></p>
<p><span style="font-size: 14px;"><span style="color: #0000ff;"><a style="color: #0000ff;" href="#_ftnref4" name="_ftn4">[4]</a> </span>C. Lubich, Castel Gandolfo, 7.6.1998, Congresso Gen4, 5,a risposta 1998</span></p>
<p><span style="font-size: 14px;"><span style="color: #0000ff;"><a style="color: #0000ff;" href="#_ftnref5" name="_ftn5">[5]</a>  </span>C. Lubich, Castel Gandolfo, 18.6.1988, Congresso Gen4, 10.a risposta</span></p>
<p>&nbsp;</p>
<p>&nbsp;</p>

<p>Amare come Gesù e pregare sempre come Lui (Per te) A) &#8230; </p>
