{"id":12898,"date":"2023-01-21T10:59:27","date_gmt":"2023-01-21T09:59:27","guid":{"rendered":"https:\/\/gen4.focolare.org\/?post_type=wpdmpro&#038;p=12898"},"modified":"2023-01-23T11:58:24","modified_gmt":"2023-01-23T10:58:24","slug":"kidsaction4peace-vuoi-darci-una-mano-anche-tu","status":"publish","type":"wpdmpro","link":"https:\/\/gen4.focolare.org\/es\/download\/kidsaction4peace-vuoi-darci-una-mano-anche-tu\/","title":{"rendered":"KidsAction4Peace &#8211; Vuoi darci una mano anche tu?"},"content":{"rendered":"<p><img loading=\"lazy\" decoding=\"async\" class=\"alignnone wp-image-12914\" src=\"https:\/\/gen4.focolare.org\/wp-content\/uploads\/2023\/01\/Kids4PLogo-300x128.png\" alt=\"\" width=\"649\" height=\"277\" srcset=\"https:\/\/gen4.focolare.org\/wp-content\/uploads\/2023\/01\/Kids4PLogo-300x128.png 300w, https:\/\/gen4.focolare.org\/wp-content\/uploads\/2023\/01\/Kids4PLogo-1024x436.png 1024w, https:\/\/gen4.focolare.org\/wp-content\/uploads\/2023\/01\/Kids4PLogo-768x327.png 768w, https:\/\/gen4.focolare.org\/wp-content\/uploads\/2023\/01\/Kids4PLogo-1536x654.png 1536w, https:\/\/gen4.focolare.org\/wp-content\/uploads\/2023\/01\/Kids4PLogo-2048x872.png 2048w, https:\/\/gen4.focolare.org\/wp-content\/uploads\/2023\/01\/Kids4PLogo-600x256.png 600w, https:\/\/gen4.focolare.org\/wp-content\/uploads\/2023\/01\/Kids4PLogo-1320x562.png 1320w\" sizes=\"auto, (max-width: 649px) 100vw, 649px\" \/><\/p>\n<p>Dall\u2019idea di 18 bambini e ragazzi europei che si sono chiesti come poter aiutare gli amici che si trovano in mezzo alla guerra in Ucraina, \u00e8 iniziata in questi giorni la campagna di sensibilizzazione per chiedere la pace, sperando di \u201carrivare ai cuori\u201d di capi di Governo e di Stato dei diversi Paesi d\u2019Europa. L\u2019idea \u00e8 quella di realizzare un disegno, scrivere una poesia o una letterina sulla pace, citando l\u2019hashtag #KidsAction4Peace, chiedere ad almeno altri 5 bambini di fare la stessa cosa, condividere il messaggio sui social attraverso una foto e spedire tutto tra il 25 ed il 30 gennaio all\u2019indirizzo postale del proprio capo di Governo o di Stato o anche di altro Paese a scelta dalla lista pubblicata. Sono Sofia, Agnese, Matteo, Costanza, Nicola, Mattia, Teresa, Cristina, Anastasia, Leonor, Margarida, Leonor, Joao, Leonor, Thim\u00e9o, Mathilde, Ad\u00e9line e Aur\u00e9lien, i 18 bambini tra i 7 ed i 12 anni, provenienti da Italia, Portogallo e Belgio che hanno organizzato l\u2019iniziativa che si concluder\u00e0 il 30 gennaio, giornata scolastica della nonviolenza e della pace, qualche giorno prima del Consiglio europeo straordinario in programma il 9 e 10 febbraio a Bruxelles<\/p>\n","protected":false},"excerpt":{"rendered":"<p>Dall\u2019idea di 18 bambini e ragazzi europei che si sono chiesti &#8230; <\/p>\n","protected":false},"author":3,"featured_media":12919,"comment_status":"closed","ping_status":"closed","template":"page.php","meta":{"__wpdm_changelog":[]},"wpdmcategory":[240],"wpdmtag":[],"class_list":["post-12898","wpdmpro","type-wpdmpro","status-publish","has-post-thumbnail","hentry","wpdmcategory-altre-attivita"],"_links":{"self":[{"href":"https:\/\/gen4.focolare.org\/es\/wp-json\/wp\/v2\/wpdmpro\/12898","targetHints":{"allow":["GET"]}}],"collection":[{"href":"https:\/\/gen4.focolare.org\/es\/wp-json\/wp\/v2\/wpdmpro"}],"about":[{"href":"https:\/\/gen4.focolare.org\/es\/wp-json\/wp\/v2\/types\/wpdmpro"}],"author":[{"embeddable":true,"href":"https:\/\/gen4.focolare.org\/es\/wp-json\/wp\/v2\/users\/3"}],"replies":[{"embeddable":true,"href":"https:\/\/gen4.focolare.org\/es\/wp-json\/wp\/v2\/comments?post=12898"}],"wp:featuredmedia":[{"embeddable":true,"href":"https:\/\/gen4.focolare.org\/es\/wp-json\/wp\/v2\/media\/12919"}],"wp:attachment":[{"href":"https:\/\/gen4.focolare.org\/es\/wp-json\/wp\/v2\/media?parent=12898"}],"wp:term":[{"taxonomy":"wpdmcategory","embeddable":true,"href":"https:\/\/gen4.focolare.org\/es\/wp-json\/wp\/v2\/wpdmcategory?post=12898"},{"taxonomy":"wpdmtag","embeddable":true,"href":"https:\/\/gen4.focolare.org\/es\/wp-json\/wp\/v2\/wpdmtag?post=12898"}],"curies":[{"name":"wp","href":"https:\/\/api.w.org\/{rel}","templated":true}]}}

<p><img loading="lazy" decoding="async" class="alignnone wp-image-12914" src="https://gen4.focolare.org/wp-content/uploads/2023/01/Kids4PLogo-300x128.png" alt="" width="649" height="277" srcset="https://gen4.focolare.org/wp-content/uploads/2023/01/Kids4PLogo-300x128.png 300w, https://gen4.focolare.org/wp-content/uploads/2023/01/Kids4PLogo-1024x436.png 1024w, https://gen4.focolare.org/wp-content/uploads/2023/01/Kids4PLogo-768x327.png 768w, https://gen4.focolare.org/wp-content/uploads/2023/01/Kids4PLogo-1536x654.png 1536w, https://gen4.focolare.org/wp-content/uploads/2023/01/Kids4PLogo-2048x872.png 2048w, https://gen4.focolare.org/wp-content/uploads/2023/01/Kids4PLogo-600x256.png 600w, https://gen4.focolare.org/wp-content/uploads/2023/01/Kids4PLogo-1320x562.png 1320w" sizes="auto, (max-width: 649px) 100vw, 649px" /></p>
<p>Dall’idea di 18 bambini e ragazzi europei che si sono chiesti come poter aiutare gli amici che si trovano in mezzo alla guerra in Ucraina, è iniziata in questi giorni la campagna di sensibilizzazione per chiedere la pace, sperando di “arrivare ai cuori” di capi di Governo e di Stato dei diversi Paesi d’Europa. L’idea è quella di realizzare un disegno, scrivere una poesia o una letterina sulla pace, citando l’hashtag #KidsAction4Peace, chiedere ad almeno altri 5 bambini di fare la stessa cosa, condividere il messaggio sui social attraverso una foto e spedire tutto tra il 25 ed il 30 gennaio all’indirizzo postale del proprio capo di Governo o di Stato o anche di altro Paese a scelta dalla lista pubblicata. Sono Sofia, Agnese, Matteo, Costanza, Nicola, Mattia, Teresa, Cristina, Anastasia, Leonor, Margarida, Leonor, Joao, Leonor, Thiméo, Mathilde, Adéline e Aurélien, i 18 bambini tra i 7 ed i 12 anni, provenienti da Italia, Portogallo e Belgio che hanno organizzato l’iniziativa che si concluderà il 30 gennaio, giornata scolastica della nonviolenza e della pace, qualche giorno prima del Consiglio europeo straordinario in programma il 9 e 10 febbraio a Bruxelles</p>
