{"id":17871,"date":"2023-06-28T17:28:16","date_gmt":"2023-06-28T16:28:16","guid":{"rendered":"https:\/\/gen4.focolare.org\/?post_type=wpdmpro&#038;p=17871"},"modified":"2023-11-20T17:15:14","modified_gmt":"2023-11-20T16:15:14","slug":"pdv-09-2023-es","status":"publish","type":"wpdmpro","link":"https:\/\/gen4.focolare.org\/es\/download\/pdv-09-2023-es\/","title":{"rendered":"PdV 09 2023 | ES"},"content":{"rendered":"<h4>Palabra de vida Gen4, Septiembre 2023.<\/h4>\n<h3>Damos gracias a Dios porque nos ayuda a amar a todos.<\/h3>\n<p>\u201cTodos los d\u00edas te bendecir\u00e9, por siempre jam\u00e1s alabar\u00e9 tu nombre;\u201d (Sal 145[144],2).<\/p>\n<p>(De la Liturgia del Domingo 25 del Tiempo Ordinario)<\/p>\n","protected":false},"excerpt":{"rendered":"<p>Palabra de vida Gen4, Septiembre 2023. Damos gracias a Dios porque &#8230; <\/p>\n","protected":false},"author":4,"featured_media":17873,"comment_status":"closed","ping_status":"closed","template":"page.php","meta":{"__wpdm_changelog":[]},"wpdmcategory":[117],"wpdmtag":[],"class_list":["post-17871","wpdmpro","type-wpdmpro","status-publish","has-post-thumbnail","hentry","wpdmcategory-espanol"],"_links":{"self":[{"href":"https:\/\/gen4.focolare.org\/es\/wp-json\/wp\/v2\/wpdmpro\/17871","targetHints":{"allow":["GET"]}}],"collection":[{"href":"https:\/\/gen4.focolare.org\/es\/wp-json\/wp\/v2\/wpdmpro"}],"about":[{"href":"https:\/\/gen4.focolare.org\/es\/wp-json\/wp\/v2\/types\/wpdmpro"}],"author":[{"embeddable":true,"href":"https:\/\/gen4.focolare.org\/es\/wp-json\/wp\/v2\/users\/4"}],"replies":[{"embeddable":true,"href":"https:\/\/gen4.focolare.org\/es\/wp-json\/wp\/v2\/comments?post=17871"}],"wp:featuredmedia":[{"embeddable":true,"href":"https:\/\/gen4.focolare.org\/es\/wp-json\/wp\/v2\/media\/17873"}],"wp:attachment":[{"href":"https:\/\/gen4.focolare.org\/es\/wp-json\/wp\/v2\/media?parent=17871"}],"wp:term":[{"taxonomy":"wpdmcategory","embeddable":true,"href":"https:\/\/gen4.focolare.org\/es\/wp-json\/wp\/v2\/wpdmcategory?post=17871"},{"taxonomy":"wpdmtag","embeddable":true,"href":"https:\/\/gen4.focolare.org\/es\/wp-json\/wp\/v2\/wpdmtag?post=17871"}],"curies":[{"name":"wp","href":"https:\/\/api.w.org\/{rel}","templated":true}]}}

<h4>Palabra de vida Gen4, Septiembre 2023.</h4>
<h3>Damos gracias a Dios porque nos ayuda a amar a todos.</h3>
<p>“Todos los días te bendeciré, por siempre jamás alabaré tu nombre;” (Sal 145[144],2).</p>
<p>(De la Liturgia del Domingo 25 del Tiempo Ordinario)</p>
