{"id":21220,"date":"2024-11-17T15:38:05","date_gmt":"2024-11-17T14:38:05","guid":{"rendered":"https:\/\/gen4.focolare.org\/?post_type=wpdmpro&#038;p=21220"},"modified":"2024-11-17T15:38:05","modified_gmt":"2024-11-17T14:38:05","slug":"calendario-de-adviento","status":"publish","type":"wpdmpro","link":"https:\/\/gen4.focolare.org\/es\/download\/calendario-de-adviento\/","title":{"rendered":"Calendario de Adviento"},"content":{"rendered":"<p style=\"text-align: center;\"><strong><span style=\"color: #ff0000;\">Calendario de Adviento<\/span><\/strong><\/p>\n<p>Pronto ser\u00e1 Navidad, una de las fiestas m\u00e1s importantes de nuestra fe: \u00a1tambi\u00e9n este a\u00f1o celebraremos a Jes\u00fas que nace por nosotros!<\/p>\n<p>Antes de Navidad, la Iglesia nos ofrece un periodo de espera llamado Adviento. Es el comienzo del a\u00f1o lit\u00fargico (doce meses en los que recordaremos todos los momentos importantes de la vida de Jes\u00fas) y es una ayuda para recordarnos que preparemos bien nuestro coraz\u00f3n, para llevar de verdad a Jes\u00fas, el \u00abcumplea\u00f1ero\u00bb, al centro de la Navidad.<\/p>\n<p>El calendario de Adviento que te proponemos, comienza desde el primer domingo de Adviento (&#8230;\/&#8230;.\/20&#8230;.)<a href=\"#_ftn1\">[1]<\/a>, hasta la Nochebuena.<\/p>\n<p>Cada a\u00f1o prestar\u00e9is atenci\u00f3n junto con vuestro grupo\/familia para ver cu\u00e1l es el primer domingo de Adviento y empezar a rellenar los puntos a partir de ese d\u00eda. Los puntos de noviembre y diciembre que no necesit\u00e9is para ese a\u00f1o&#8230; \u00a1coloreadlos como quer\u00e1is antes de empezar!<\/p>\n<p style=\"text-align: center;\"><strong><span style=\"color: #ff0000;\">\u00a1Feliz Adviento a todos!<\/span><\/strong><\/p>\n<p>[<a href=\"#_ftnref1\">1]<\/a> <strong>Fecha variable seg\u00fan el a\u00f1o.<\/strong> <strong>Comienzo del Adviento en los pr\u00f3ximos a\u00f1os:<\/strong><\/p>\n<p>2024 &#8211; Domingo 1 de diciembre<\/p>\n<p>2025 &#8211; Domingo 30 de noviembre<\/p>\n<p>2026 &#8211; Domingo 29 de noviembre<\/p>\n<p>2027 &#8211; Domingo 28 de noviembre<\/p>\n<p>2028 &#8211; Domingo 3 de diciembre<\/p>\n<p>2029 &#8211; Domingo 2 de diciembre<\/p>\n<p>2030 &#8211; Domingo 1 de diciembre<\/p>\n<p>&nbsp;<\/p>\n<p>&nbsp;<\/p>\n","protected":false},"excerpt":{"rendered":"<p>Calendario de Adviento Pronto ser\u00e1 Navidad, una de las fiestas m\u00e1s &#8230; <\/p>\n","protected":false},"author":3,"featured_media":21212,"comment_status":"closed","ping_status":"closed","template":"page.php","meta":{"__wpdm_changelog":[]},"wpdmcategory":[212],"wpdmtag":[],"class_list":["post-21220","wpdmpro","type-wpdmpro","status-publish","has-post-thumbnail","hentry","wpdmcategory-material-hsg"],"_links":{"self":[{"href":"https:\/\/gen4.focolare.org\/es\/wp-json\/wp\/v2\/wpdmpro\/21220","targetHints":{"allow":["GET"]}}],"collection":[{"href":"https:\/\/gen4.focolare.org\/es\/wp-json\/wp\/v2\/wpdmpro"}],"about":[{"href":"https:\/\/gen4.focolare.org\/es\/wp-json\/wp\/v2\/types\/wpdmpro"}],"author":[{"embeddable":true,"href":"https:\/\/gen4.focolare.org\/es\/wp-json\/wp\/v2\/users\/3"}],"replies":[{"embeddable":true,"href":"https:\/\/gen4.focolare.org\/es\/wp-json\/wp\/v2\/comments?post=21220"}],"wp:featuredmedia":[{"embeddable":true,"href":"https:\/\/gen4.focolare.org\/es\/wp-json\/wp\/v2\/media\/21212"}],"wp:attachment":[{"href":"https:\/\/gen4.focolare.org\/es\/wp-json\/wp\/v2\/media?parent=21220"}],"wp:term":[{"taxonomy":"wpdmcategory","embeddable":true,"href":"https:\/\/gen4.focolare.org\/es\/wp-json\/wp\/v2\/wpdmcategory?post=21220"},{"taxonomy":"wpdmtag","embeddable":true,"href":"https:\/\/gen4.focolare.org\/es\/wp-json\/wp\/v2\/wpdmtag?post=21220"}],"curies":[{"name":"wp","href":"https:\/\/api.w.org\/{rel}","templated":true}]}}

<p style="text-align: center;"><strong><span style="color: #ff0000;">Calendario de Adviento</span></strong></p>
<p>Pronto será Navidad, una de las fiestas más importantes de nuestra fe: ¡también este año celebraremos a Jesús que nace por nosotros!</p>
<p>Antes de Navidad, la Iglesia nos ofrece un periodo de espera llamado Adviento. Es el comienzo del año litúrgico (doce meses en los que recordaremos todos los momentos importantes de la vida de Jesús) y es una ayuda para recordarnos que preparemos bien nuestro corazón, para llevar de verdad a Jesús, el «cumpleañero», al centro de la Navidad.</p>
<p>El calendario de Adviento que te proponemos, comienza desde el primer domingo de Adviento (&#8230;/&#8230;./20&#8230;.)<a href="#_ftn1">[1]</a>, hasta la Nochebuena.</p>
<p>Cada año prestaréis atención junto con vuestro grupo/familia para ver cuál es el primer domingo de Adviento y empezar a rellenar los puntos a partir de ese día. Los puntos de noviembre y diciembre que no necesitéis para ese año&#8230; ¡coloreadlos como queráis antes de empezar!</p>
<p style="text-align: center;"><strong><span style="color: #ff0000;">¡Feliz Adviento a todos!</span></strong></p>
<p>[<a href="#_ftnref1">1]</a> <strong>Fecha variable según el año.</strong> <strong>Comienzo del Adviento en los próximos años:</strong></p>
<p>2024 &#8211; Domingo 1 de diciembre</p>
<p>2025 &#8211; Domingo 30 de noviembre</p>
<p>2026 &#8211; Domingo 29 de noviembre</p>
<p>2027 &#8211; Domingo 28 de noviembre</p>
<p>2028 &#8211; Domingo 3 de diciembre</p>
<p>2029 &#8211; Domingo 2 de diciembre</p>
<p>2030 &#8211; Domingo 1 de diciembre</p>
<p>&nbsp;</p>
<p>&nbsp;</p>

<p>Calendario de Adviento Pronto será Navidad, una de las fiestas más &#8230; </p>
