{"id":23541,"date":"2026-02-10T17:53:49","date_gmt":"2026-02-10T16:53:49","guid":{"rendered":"https:\/\/gen4.focolare.org\/?post_type=wpdmpro&#038;p=23541"},"modified":"2026-02-22T16:04:12","modified_gmt":"2026-02-22T15:04:12","slug":"um-novo-video-sobre-a-arte-de-amar-e-o-dado-do-amor","status":"publish","type":"wpdmpro","link":"https:\/\/gen4.focolare.org\/es\/download\/um-novo-video-sobre-a-arte-de-amar-e-o-dado-do-amor\/","title":{"rendered":"Um novo v\u00eddeo sobre a \u201cArte de amar\u201d e o \u201cdado do amor\u201d"},"content":{"rendered":"<p>-A <strong>\u201carte de amar\u201d<\/strong> foi chamada assim por Chiara em 1997 em Taipei<sup> 1<\/sup> e est\u00e1 articulada em 6 pontos que Jesus mesmo lhe revelou nos primeiros tempos do Movimento, levando Chiara e as primeiras focolarinas a descobrirem esta novidade de vida evang\u00e9lica para colocarem em pr\u00e1tica. Foi uma escola, um \u201cpercurso\u201d que as levou a entrar de modo vital no cora\u00e7\u00e3o da Boa Nova. Chiara citou essas anota\u00e7\u00f5es em v\u00e1rios discursos antes e depois de 1997 e compartilhou com variados p\u00fablicos. Em 1998, Chiara explicou esses pontos tamb\u00e9m \u00e0s crian\u00e7as, respondendo \u00e0 dif\u00edcil pergunta: <strong><em>\u201cChiara, quero ser como Jesus, o que posso fazer?\u201d,<\/em><\/strong> dando-lhes um \u201cdado\u201d especial, que nasceu da intui\u00e7\u00e3o de uma focolarina-pedagoga Roseli Weber, que traz nos seus lados esses 6 pontos.<\/p>\n<p>&#8211; O eixo central do v\u00eddeo \u201c<strong>O dado do amor: um \u201ctesouro\u201d a ser descoberto! 6 \u201csegredos\u201d para \u201camar quem vive ao nosso lado<\/strong>\u201d \u00e9 a resposta de Chiara, que explica aos gen4 a Arte de Amar, ilustrada com anima\u00e7\u00f5es e experi\u00eancias.<\/p>\n<p>-Mas o v\u00eddeo come\u00e7a\u00a0 da \u201cindigna\u00e7\u00e3o\u201d que as crian\u00e7as das v\u00e1rias partes do mundo exprimiram diante da cont\u00ednua \u201cvis\u00e3o\u201d dos dramas diretamente ou pela televis\u00e3o. Eles dizem \u201cChega!\u201d e isso se transformou em apelos dirigidos a quem podia fazer algo (como o manifesto escrito pelos gen4 de Portugal em 2021 e entregue num encontro muito importante: o V\u00e9rtice da Uni\u00e3o Europeia2), em poesias (como aquela escrita h\u00e1 alguns anos por uma gen4 do Uruguay de 7 anos), em a\u00e7\u00f5es concretes (como em 2023: \u201cKidsAction4Peace\u201d3). \u00c9 um \u201cchega\u201d que aciona o amor, um amor que n\u00e3o tem confins, capaz de \u201colhar\u201d o outro de modo novo, olhando para \u201ccada irm\u00e3o com amor\u201d.<\/p>\n<p>Propomos o v\u00eddeo em duas vers\u00f5es:<\/p>\n<p>-Um v\u00eddeo \u00fanico.<\/p>\n<p>-Dividido em 3 partes. Cada parte come\u00e7a com um t\u00edtulo e um breve resumo.<\/p>\n<p>-1) <strong>Chega! Temos que fazer alguma coisa<\/strong>: introdu\u00e7\u00e3o e primeiro ponto da Arte de Amar, seguindo a resposta de Chiara (Amar a todos)<\/p>\n<p>-2) <strong>Amar de uma maneira \u201cnova\u201d<\/strong>: 2\u00ba e 3\u00ba pontos da Arte de Amar (Amar por primeiro \u2013 Amar Jesus no pr\u00f3ximo)<\/p>\n<p>-3) <strong>O amor que nos torna irm\u00e3os e irm\u00e3s<\/strong>: 4\u00ba-5\u00ba-6\u00ba ponto da Arte de Amar (Amar o outro como a si mesmo\u2013 Amar um ao outro\u2013 Amar o inimigo) e conclus\u00e3o.<\/p>\n<p>&#8211;<span style=\"color: #ff0000;\">Tamb\u00e9m est\u00e1 dispon\u00edvel uma proposta de <strong>\u00abpercurso\u00bb<\/strong> para <strong>\u00abaprender\u00bb a arte de amar<\/strong>, com material variado, para ser realizado com grupos de crian\u00e7as, envolvendo tamb\u00e9m, se desejado, os pais. <sup>4<\/sup>.<\/span><\/p>\n<p>___________________________<\/p>\n<p><sup>1 <\/sup>\u00a0\u201c[\u2026] Mas, diz um pensador: \u00abAmar \u00e9 um bem. Saber amar \u00e9 tudo\u00bb. Portanto, desejam saber amar. Sim, porque o amor crist\u00e3o \u00e9 uma arte: e \u00e9 preciso conhecer esta arte de amar. [\u2026]\u201d (C.Lubich, Encontro com a comunidade eclesial de Taip\u00e9 (Taiwan), 26.1.1997)<\/p>\n<p><sup>2<\/sup> \u00a0Ver: <a href=\"https:\/\/gen4.focolare.org\/pt-br\/download\/se-voces-cuidarem-de-nos-nos-cuidaremos-do-mundo\/\">https:\/\/gen4.focolare.org\/pt-br\/download\/se-voces-cuidarem-de-nos-nos-cuidaremos-do-mundo\/<\/a><\/p>\n<p><sup>3<\/sup> Ver: <a href=\"https:\/\/gen4.focolare.org\/fr\/download\/kidsaction4peace-veux-tu-nous-donner-un-coup-de-main-toi-aussi\/\">https:\/\/gen4.focolare.org\/fr\/download\/kidsaction4peace-veux-tu-nous-donner-un-coup-de-main-toi-aussi\/<\/a><\/p>\n<p><span style=\"color: #ff0000;\"><sup>4<\/sup> https:\/\/gen4.focolare.org\/pt-br\/download\/2025_2026_o-dado-do-amor-um-tesouro-a-ser-descoberto\/<\/span><\/p>\n<p>&nbsp;<\/p>\n","protected":false},"excerpt":{"rendered":"<p>-A \u201carte de amar\u201d foi chamada assim por Chiara em 1997 &#8230; <\/p>\n","protected":false},"author":3,"featured_media":23452,"comment_status":"closed","ping_status":"closed","template":"page.php","meta":{"__wpdm_changelog":[]},"wpdmcategory":[224],"wpdmtag":[],"class_list":["post-23541","wpdmpro","type-wpdmpro","status-publish","has-post-thumbnail","hentry","wpdmcategory-material-dado-2"],"_links":{"self":[{"href":"https:\/\/gen4.focolare.org\/es\/wp-json\/wp\/v2\/wpdmpro\/23541","targetHints":{"allow":["GET"]}}],"collection":[{"href":"https:\/\/gen4.focolare.org\/es\/wp-json\/wp\/v2\/wpdmpro"}],"about":[{"href":"https:\/\/gen4.focolare.org\/es\/wp-json\/wp\/v2\/types\/wpdmpro"}],"author":[{"embeddable":true,"href":"https:\/\/gen4.focolare.org\/es\/wp-json\/wp\/v2\/users\/3"}],"replies":[{"embeddable":true,"href":"https:\/\/gen4.focolare.org\/es\/wp-json\/wp\/v2\/comments?post=23541"}],"wp:featuredmedia":[{"embeddable":true,"href":"https:\/\/gen4.focolare.org\/es\/wp-json\/wp\/v2\/media\/23452"}],"wp:attachment":[{"href":"https:\/\/gen4.focolare.org\/es\/wp-json\/wp\/v2\/media?parent=23541"}],"wp:term":[{"taxonomy":"wpdmcategory","embeddable":true,"href":"https:\/\/gen4.focolare.org\/es\/wp-json\/wp\/v2\/wpdmcategory?post=23541"},{"taxonomy":"wpdmtag","embeddable":true,"href":"https:\/\/gen4.focolare.org\/es\/wp-json\/wp\/v2\/wpdmtag?post=23541"}],"curies":[{"name":"wp","href":"https:\/\/api.w.org\/{rel}","templated":true}]}}

Um novo vídeo sobre a “Arte de amar” e o “dado do amor”

<p>-A <strong>“arte de amar”</strong> foi chamada assim por Chiara em 1997 em Taipei<sup> 1</sup> e está articulada em 6 pontos que Jesus mesmo lhe revelou nos primeiros tempos do Movimento, levando Chiara e as primeiras focolarinas a descobrirem esta novidade de vida evangélica para colocarem em prática. Foi uma escola, um “percurso” que as levou a entrar de modo vital no coração da Boa Nova. Chiara citou essas anotações em vários discursos antes e depois de 1997 e compartilhou com variados públicos. Em 1998, Chiara explicou esses pontos também às crianças, respondendo à difícil pergunta: <strong><em>“Chiara, quero ser como Jesus, o que posso fazer?”,</em></strong> dando-lhes um “dado” especial, que nasceu da intuição de uma focolarina-pedagoga Roseli Weber, que traz nos seus lados esses 6 pontos.</p>
<p>&#8211; O eixo central do vídeo “<strong>O dado do amor: um “tesouro” a ser descoberto! 6 “segredos” para “amar quem vive ao nosso lado</strong>” é a resposta de Chiara, que explica aos gen4 a Arte de Amar, ilustrada com animações e experiências.</p>
<p>-Mas o vídeo começa  da “indignação” que as crianças das várias partes do mundo exprimiram diante da contínua “visão” dos dramas diretamente ou pela televisão. Eles dizem “Chega!” e isso se transformou em apelos dirigidos a quem podia fazer algo (como o manifesto escrito pelos gen4 de Portugal em 2021 e entregue num encontro muito importante: o Vértice da União Europeia2), em poesias (como aquela escrita há alguns anos por uma gen4 do Uruguay de 7 anos), em ações concretes (como em 2023: “KidsAction4Peace”3). É um “chega” que aciona o amor, um amor que não tem confins, capaz de “olhar” o outro de modo novo, olhando para “cada irmão com amor”.</p>
<p>Propomos o vídeo em duas versões:</p>
<p>-Um vídeo único.</p>
<p>-Dividido em 3 partes. Cada parte começa com um título e um breve resumo.</p>
<p>-1) <strong>Chega! Temos que fazer alguma coisa</strong>: introdução e primeiro ponto da Arte de Amar, seguindo a resposta de Chiara (Amar a todos)</p>
<p>-2) <strong>Amar de uma maneira “nova”</strong>: 2º e 3º pontos da Arte de Amar (Amar por primeiro – Amar Jesus no próximo)</p>
<p>-3) <strong>O amor que nos torna irmãos e irmãs</strong>: 4º-5º-6º ponto da Arte de Amar (Amar o outro como a si mesmo– Amar um ao outro– Amar o inimigo) e conclusão.</p>
<p>&#8211;<span style="color: #ff0000;">Também está disponível uma proposta de <strong>«percurso»</strong> para <strong>«aprender» a arte de amar</strong>, com material variado, para ser realizado com grupos de crianças, envolvendo também, se desejado, os pais. <sup>4</sup>.</span></p>
<p>___________________________</p>
<p><sup>1 </sup> “[…] Mas, diz um pensador: «Amar é um bem. Saber amar é tudo». Portanto, desejam saber amar. Sim, porque o amor cristão é uma arte: e é preciso conhecer esta arte de amar. […]” (C.Lubich, Encontro com a comunidade eclesial de Taipé (Taiwan), 26.1.1997)</p>
<p><sup>2</sup>  Ver: <a href="https://gen4.focolare.org/pt-br/download/se-voces-cuidarem-de-nos-nos-cuidaremos-do-mundo/">https://gen4.focolare.org/pt-br/download/se-voces-cuidarem-de-nos-nos-cuidaremos-do-mundo/</a></p>
<p><sup>3</sup> Ver: <a href="https://gen4.focolare.org/fr/download/kidsaction4peace-veux-tu-nous-donner-un-coup-de-main-toi-aussi/">https://gen4.focolare.org/fr/download/kidsaction4peace-veux-tu-nous-donner-un-coup-de-main-toi-aussi/</a></p>
<p><span style="color: #ff0000;"><sup>4</sup> https://gen4.focolare.org/pt-br/download/2025_2026_o-dado-do-amor-um-tesouro-a-ser-descoberto/</span></p>
<p>&nbsp;</p>
