{"id":6139,"date":"2020-04-30T17:44:43","date_gmt":"2020-04-30T15:44:43","guid":{"rendered":"https:\/\/gen4.focolare.org\/?post_type=wpdmpro&#038;p=6139"},"modified":"2022-11-17T17:07:10","modified_gmt":"2022-11-17T16:07:10","slug":"semana-mundo-unido-2020-masterpeace-para-se-tornar-super-herois-da-paz","status":"publish","type":"wpdmpro","link":"https:\/\/gen4.focolare.org\/es\/download\/semana-mundo-unido-2020-masterpeace-para-se-tornar-super-herois-da-paz\/","title":{"rendered":"Semana Mundo Unido 2020 \/ MasterPeace para se tornar super-her\u00f3is da paz"},"content":{"rendered":"<p><strong>\u201cIn Time for Peace\u201d<\/strong><\/p>\n<p>No contexto do <strong>Projeto Mundo Unido<\/strong>, como ponto culminante do <strong><em>Parthway<\/em><\/strong> <strong><em>dos Direitos Humanos, Paz, Legalidade e Justi\u00e7a<\/em><\/strong>, realizou-se de 1 a 7 de maio de 2020 a Semana Mundo Unido 2020, intitulada \u201c<strong><em>In Time for Peace\u201d<\/em><\/strong><\/p>\n<p><em>(http:\/\/www.unitedworldproject.org\/eventi\/settimana-mondo-unito-2020-intimeforpeace\/).<\/em><\/p>\n<p>Houve muitos eventos e iniciativas promovidos at\u00e9 pelos membros mais novos do Movimento, para sensibilizar a si mesmos e a outras crian\u00e7as, e n\u00e3o apenas os valores da paz, da solidariedade, justi\u00e7a, fraternidade&#8230;<\/p>\n<p>Eis alguns exemplos:<\/p>\n<p>Na <strong>IRLANDA<\/strong>, as crian\u00e7as se propuseram uma meta a ser vivida em cada dia da semana: 1) descobrir 5 coisas pelas quais s\u00e3o gratas; 2) ajudar algu\u00e9m da fam\u00edlia; 3) fazer uma surpresa a um vizinho; 4) telefonar para algu\u00e9m que se sente sozinho; 5) economizar luz e \u00e1gua; 6) dar um sorriso a algu\u00e9m; 7) comprometer-se a continuar a\u00e7\u00f5es concretas de esperan\u00e7a e paz (<em>ver anexo 1<\/em>).<\/p>\n<p>Nos <strong>PA\u00cdSES BAIXOS<\/strong>, houve uma grande celebra\u00e7\u00e3o da paz atrav\u00e9s do Zoom, na qual as crian\u00e7as, com seus pais, compartilharam desenhos de Pombas nos quais escreveram o que \u00e9 a paz para cada um deles (<em>ver Anexo 2<\/em>).<\/p>\n<p>No <strong>BRASIL<\/strong>, aconteceu outra conex\u00e3o pelo Zoom com 74 pontos. Todos foram convidados a se lembrar todos os dias do <em>Time out<\/em> para a paz ao meio-dia, construindo um rel\u00f3gio que marca as 12h (<em>ver Anexo 3<\/em>) e um term\u00f4metro que mede a \u201ctemperatura do amor\u201d, no qual podem ser depositados os atos de amor para construir a paz.<\/p>\n<p>Outras propostas para cada dia da Semana Mundo Unido, em franc\u00eas (BURUNDI-FRAN\u00c7A) e ingl\u00eas (NIG\u00c9RIA) (<em>ver anexos 4-5<\/em>):<\/p>\n<p>Na Alb\u00e2nia, surgiram muitas ideias para levar a paz a todos os ambientes: ter amor e respeito por todos os amigos, sem fazer prefer\u00eancias; n\u00e3o sorrir apenas para os amigos, mas para toda a classe e para o mundo inteiro; n\u00e3o insultar, mas respeitar. \u201cUm dia, por exemplo \u2013 conta Alida, de 8 anos \u2013, tive uma pequena briga com um amigo e, como sinal de amor e respeito, dei-lhe um livro, mesmo que eu achava que n\u00e3o foi minha culpa\u201d.<\/p>\n<p><strong>MASTER PEACE<\/strong>: e agora, com uma \u201cescola especial\u201d, continua o empenho de se tornar especialistas daqueles valores que est\u00e3o na base de um mundo mais humano, fraterno, em paz, para receber o diploma de Mestre da Paz e se tornar <strong>Super-her\u00f3is da paz<\/strong>. \u00c9 um pequeno itiner\u00e1rio que pode ser feito com toda a fam\u00edlia.<\/p>\n<p>Por que <strong>MasterPeace<\/strong>? Porque acreditamos que um verdadeiro futuro de paz \u00e9 constru\u00eddo a partir dos mais jovens, que podem ser verdadeiros protagonistas da mudan\u00e7a (<em>ver anexo 6<\/em>).<\/p>\n","protected":false},"excerpt":{"rendered":"<p>\u201cIn Time for Peace\u201d No contexto do Projeto Mundo Unido, como &#8230; <\/p>\n","protected":false},"author":3,"featured_media":6128,"comment_status":"closed","ping_status":"closed","template":"","meta":{"__wpdm_changelog":[]},"wpdmcategory":[244],"wpdmtag":[],"class_list":["post-6139","wpdmpro","type-wpdmpro","status-publish","has-post-thumbnail","hentry","wpdmcategory-outras-atividades"],"_links":{"self":[{"href":"https:\/\/gen4.focolare.org\/es\/wp-json\/wp\/v2\/wpdmpro\/6139","targetHints":{"allow":["GET"]}}],"collection":[{"href":"https:\/\/gen4.focolare.org\/es\/wp-json\/wp\/v2\/wpdmpro"}],"about":[{"href":"https:\/\/gen4.focolare.org\/es\/wp-json\/wp\/v2\/types\/wpdmpro"}],"author":[{"embeddable":true,"href":"https:\/\/gen4.focolare.org\/es\/wp-json\/wp\/v2\/users\/3"}],"replies":[{"embeddable":true,"href":"https:\/\/gen4.focolare.org\/es\/wp-json\/wp\/v2\/comments?post=6139"}],"wp:featuredmedia":[{"embeddable":true,"href":"https:\/\/gen4.focolare.org\/es\/wp-json\/wp\/v2\/media\/6128"}],"wp:attachment":[{"href":"https:\/\/gen4.focolare.org\/es\/wp-json\/wp\/v2\/media?parent=6139"}],"wp:term":[{"taxonomy":"wpdmcategory","embeddable":true,"href":"https:\/\/gen4.focolare.org\/es\/wp-json\/wp\/v2\/wpdmcategory?post=6139"},{"taxonomy":"wpdmtag","embeddable":true,"href":"https:\/\/gen4.focolare.org\/es\/wp-json\/wp\/v2\/wpdmtag?post=6139"}],"curies":[{"name":"wp","href":"https:\/\/api.w.org\/{rel}","templated":true}]}}

Semana Mundo Unido 2020 / MasterPeace para se tornar super-heróis da paz

<p><strong>“In Time for Peace”</strong></p>
<p>No contexto do <strong>Projeto Mundo Unido</strong>, como ponto culminante do <strong><em>Parthway</em></strong> <strong><em>dos Direitos Humanos, Paz, Legalidade e Justiça</em></strong>, realizou-se de 1 a 7 de maio de 2020 a Semana Mundo Unido 2020, intitulada “<strong><em>In Time for Peace”</em></strong></p>
<p><em>(http://www.unitedworldproject.org/eventi/settimana-mondo-unito-2020-intimeforpeace/).</em></p>
<p>Houve muitos eventos e iniciativas promovidos até pelos membros mais novos do Movimento, para sensibilizar a si mesmos e a outras crianças, e não apenas os valores da paz, da solidariedade, justiça, fraternidade&#8230;</p>
<p>Eis alguns exemplos:</p>
<p>Na <strong>IRLANDA</strong>, as crianças se propuseram uma meta a ser vivida em cada dia da semana: 1) descobrir 5 coisas pelas quais são gratas; 2) ajudar alguém da família; 3) fazer uma surpresa a um vizinho; 4) telefonar para alguém que se sente sozinho; 5) economizar luz e água; 6) dar um sorriso a alguém; 7) comprometer-se a continuar ações concretas de esperança e paz (<em>ver anexo 1</em>).</p>
<p>Nos <strong>PAÍSES BAIXOS</strong>, houve uma grande celebração da paz através do Zoom, na qual as crianças, com seus pais, compartilharam desenhos de Pombas nos quais escreveram o que é a paz para cada um deles (<em>ver Anexo 2</em>).</p>
<p>No <strong>BRASIL</strong>, aconteceu outra conexão pelo Zoom com 74 pontos. Todos foram convidados a se lembrar todos os dias do <em>Time out</em> para a paz ao meio-dia, construindo um relógio que marca as 12h (<em>ver Anexo 3</em>) e um termômetro que mede a “temperatura do amor”, no qual podem ser depositados os atos de amor para construir a paz.</p>
<p>Outras propostas para cada dia da Semana Mundo Unido, em francês (BURUNDI-FRANÇA) e inglês (NIGÉRIA) (<em>ver anexos 4-5</em>):</p>
<p>Na Albânia, surgiram muitas ideias para levar a paz a todos os ambientes: ter amor e respeito por todos os amigos, sem fazer preferências; não sorrir apenas para os amigos, mas para toda a classe e para o mundo inteiro; não insultar, mas respeitar. “Um dia, por exemplo – conta Alida, de 8 anos –, tive uma pequena briga com um amigo e, como sinal de amor e respeito, dei-lhe um livro, mesmo que eu achava que não foi minha culpa”.</p>
<p><strong>MASTER PEACE</strong>: e agora, com uma “escola especial”, continua o empenho de se tornar especialistas daqueles valores que estão na base de um mundo mais humano, fraterno, em paz, para receber o diploma de Mestre da Paz e se tornar <strong>Super-heróis da paz</strong>. É um pequeno itinerário que pode ser feito com toda a família.</p>
<p>Por que <strong>MasterPeace</strong>? Porque acreditamos que um verdadeiro futuro de paz é construído a partir dos mais jovens, que podem ser verdadeiros protagonistas da mudança (<em>ver anexo 6</em>).</p>
