{"id":8770,"date":"2021-06-01T21:33:20","date_gmt":"2021-06-01T19:33:20","guid":{"rendered":"https:\/\/gen4.focolare.org\/?post_type=wpdmpro&#038;p=8770"},"modified":"2021-06-01T21:33:20","modified_gmt":"2021-06-01T19:33:20","slug":"pdv-06-2021-hu","status":"publish","type":"wpdmpro","link":"https:\/\/gen4.focolare.org\/es\/download\/pdv-06-2021-hu\/","title":{"rendered":"PdV 06 2021 | HU"},"content":{"rendered":"<h3>\u00c9letige, 2021 j\u00fanius.<\/h3>\n<h3>Hallgasd meg \u00e9s v\u00e1ltsd tettekre!<\/h3>\n<p>\u201eNem mindenki, aki azt mondja nekem: \u00bbUram, Uram!\u00ab, megy be a mennyek orsz\u00e1g\u00e1ba, csak az, aki megteszi Aty\u00e1m akarat\u00e1t, aki a mennyben van.\u201d (Mt 7,21)<\/p>\n","protected":false},"excerpt":{"rendered":"<p>\u00c9letige, 2021 j\u00fanius. Hallgasd meg \u00e9s v\u00e1ltsd tettekre! \u201eNem mindenki, aki &#8230; <\/p>\n","protected":false},"author":4,"featured_media":8786,"comment_status":"closed","ping_status":"closed","template":"","meta":{"__wpdm_changelog":[]},"wpdmcategory":[122],"wpdmtag":[],"class_list":["post-8770","wpdmpro","type-wpdmpro","status-publish","has-post-thumbnail","hentry","wpdmcategory-magyar"],"_links":{"self":[{"href":"https:\/\/gen4.focolare.org\/es\/wp-json\/wp\/v2\/wpdmpro\/8770","targetHints":{"allow":["GET"]}}],"collection":[{"href":"https:\/\/gen4.focolare.org\/es\/wp-json\/wp\/v2\/wpdmpro"}],"about":[{"href":"https:\/\/gen4.focolare.org\/es\/wp-json\/wp\/v2\/types\/wpdmpro"}],"author":[{"embeddable":true,"href":"https:\/\/gen4.focolare.org\/es\/wp-json\/wp\/v2\/users\/4"}],"replies":[{"embeddable":true,"href":"https:\/\/gen4.focolare.org\/es\/wp-json\/wp\/v2\/comments?post=8770"}],"wp:featuredmedia":[{"embeddable":true,"href":"https:\/\/gen4.focolare.org\/es\/wp-json\/wp\/v2\/media\/8786"}],"wp:attachment":[{"href":"https:\/\/gen4.focolare.org\/es\/wp-json\/wp\/v2\/media?parent=8770"}],"wp:term":[{"taxonomy":"wpdmcategory","embeddable":true,"href":"https:\/\/gen4.focolare.org\/es\/wp-json\/wp\/v2\/wpdmcategory?post=8770"},{"taxonomy":"wpdmtag","embeddable":true,"href":"https:\/\/gen4.focolare.org\/es\/wp-json\/wp\/v2\/wpdmtag?post=8770"}],"curies":[{"name":"wp","href":"https:\/\/api.w.org\/{rel}","templated":true}]}}

<h3>Életige, 2021 június.</h3>
<h3>Hallgasd meg és váltsd tettekre!</h3>
<p>„Nem mindenki, aki azt mondja nekem: »Uram, Uram!«, megy be a mennyek országába, csak az, aki megteszi Atyám akaratát, aki a mennyben van.” (Mt 7,21)</p>

<p>Életige, 2021 június. Hallgasd meg és váltsd tettekre! „Nem mindenki, aki &#8230; </p>
