{"id":3021,"date":"2019-06-01T01:20:43","date_gmt":"2019-05-31T23:20:43","guid":{"rendered":"http:\/\/gen4.focolare.org\/?page_id=3021"},"modified":"2019-11-26T12:44:33","modified_gmt":"2019-11-26T11:44:33","slug":"une-pedagogie-pour-le-developpement-global-de-lenfant","status":"publish","type":"page","link":"https:\/\/gen4.focolare.org\/fr\/qui-sommes-nous\/une-pedagogie-pour-le-developpement-global-de-lenfant\/","title":{"rendered":"Une p\u00e9dagogie pour le d\u00e9veloppement global de l&rsquo;enfant"},"content":{"rendered":"<div class=\"wpb-content-wrapper\"><p>[vc_row full_width=\u00a0\u00bbstretch_row\u00a0\u00bb content_placement=\u00a0\u00bbmiddle\u00a0\u00bb css=\u00a0\u00bb.vc_custom_1559339898804{background-image: url(http:\/\/gen4.focolare.org\/wp-content\/uploads\/2019\/05\/background_gen4_red.png?id=1747) !important;}\u00a0\u00bb][vc_column width=\u00a0\u00bb1\/4&Prime;][vc_column_text css=\u00a0\u00bb.vc_custom_1574768566918{background-color: #00983a !important;}\u00a0\u00bb]<\/p>\n<h1 style=\"text-align: center;\"><span style=\"color: #ffffff;\">qui sommes-nous?<\/span><\/h1>\n<p>[\/vc_column_text][\/vc_column][vc_column width=\u00a0\u00bb3\/4&Prime; full_width=\u00a0\u00bb\u00a0\u00bb gap=\u00a0\u00bb0&Prime; full_height=\u00a0\u00bb\u00a0\u00bb columns_placement=\u00a0\u00bbmiddle\u00a0\u00bb equal_height=\u00a0\u00bb\u00a0\u00bb rtl_reverse=\u00a0\u00bb\u00a0\u00bb content_placement=\u00a0\u00bb\u00a0\u00bb disable_element=\u00a0\u00bb\u00a0\u00bb][\/vc_column][\/vc_row][vc_row css=\u00a0\u00bb.vc_custom_1559332639878{padding-top: 30px !important;}\u00a0\u00bb][vc_column width=\u00a0\u00bb1\/4&Prime;][vc_column_text css=\u00a0\u00bb.vc_custom_1574768583480{margin-right: 10px !important;border-right-width: 1px !important;padding-right: 10px !important;border-right-color: #e94e1b !important;border-right-style: dashed !important;}\u00a0\u00bb]<\/p>\n<h1 style=\"text-align: right;\"><span style=\"color: #e94e1b;\">Une p\u00e9dagogie pour le d\u00e9veloppement global de l&rsquo;enfant<\/span><\/h1>\n<p>[\/vc_column_text][\/vc_column][vc_column width=\u00a0\u00bb3\/4&Prime;][vc_column_text css=\u00a0\u00bb.vc_custom_1574768817961{margin-bottom: 0px !important;border-bottom-width: 0px !important;padding-bottom: 0px !important;}\u00a0\u00bb]<\/p>\n<p><span style=\"font-weight: 400;\">Dans le Mouvement des Focolari, l&rsquo;attention au \u00ab\u00a0bien\u00a0\u00bb de l&rsquo;enfant, pour qu&rsquo;il puisse se r\u00e9aliser pleinement, se traduit par une p\u00e9dagogie qui vise \u00e0 d\u00e9velopper de mani\u00e8re harmonieuse toutes les dimensions de la personne humaine, dans ses diff\u00e9rentes composantes:<\/span><\/p>\n<h2><span style=\"color: #e94e1b;\">Dimension personnelle et interpersonnelle:<\/span><\/h2>\n<p><span style=\"font-weight: 400;\"><img loading=\"lazy\" decoding=\"async\" class=\"size-medium wp-image-2286 alignright\" src=\"http:\/\/gen4.focolare.org\/wp-content\/uploads\/2019\/09\/gen4-gen5-300x225.jpg\" alt=\"\" width=\"300\" height=\"225\" srcset=\"https:\/\/gen4.focolare.org\/wp-content\/uploads\/2019\/09\/gen4-gen5-300x225.jpg 300w, https:\/\/gen4.focolare.org\/wp-content\/uploads\/2019\/09\/gen4-gen5-768x576.jpg 768w, https:\/\/gen4.focolare.org\/wp-content\/uploads\/2019\/09\/gen4-gen5-1024x768.jpg 1024w, https:\/\/gen4.focolare.org\/wp-content\/uploads\/2019\/09\/gen4-gen5-600x450.jpg 600w, https:\/\/gen4.focolare.org\/wp-content\/uploads\/2019\/09\/gen4-gen5.jpg 2034w\" sizes=\"auto, (max-width: 300px) 100vw, 300px\" \/>L&rsquo;exercice de l&rsquo;art d&rsquo;aimer favorise la croissance de l&rsquo;enfant en tant que personne et le d\u00e9veloppement de ses comp\u00e9tences interpersonnelles: pardonner, accueillir l&rsquo;autre, reconna\u00eetre et valoriser la diversit\u00e9, aider les personnes en difficult\u00e9, etc&#8230;.<\/span><\/p>\n<p><span style=\"font-weight: 400;\">Une Gen4 raconte:<\/span> <i><span style=\"font-weight: 400;\">\u00ab<\/span><\/i><i><span style=\"font-weight: 400;\">Dans ma classe, il y a une fille qui ne partage jamais rien avec les autres, alors qu&rsquo;elle le pourrait. Un jour, elle est venue \u00e0 l&rsquo;\u00e9cole et a sorti son livre d\u00e9chir\u00e9 par endroits. Elle \u00e9tait triste et a demand\u00e9 si quelqu&rsquo;un avait du scotch parce qu&rsquo;elle voulait le r\u00e9parer. Toutes les autres filles ont refus\u00e9 en disant: \u00ab\u00a0<\/span><\/i><span style=\"font-weight: 400;\">C&rsquo;est bien fait pour toi, nous ne t\u2019en donnerons pas parce que tu ne nous donnes jamais rien<\/span><i><span style=\"font-weight: 400;\">\u201c. Mais j&rsquo;ai dit \u00e0 mes camarades: \u00ab\u00a0<\/span><\/i><span style=\"font-weight: 400;\">Dieu est amour, Il nous aime, alors moi aussi je dois aimer tout le monde. Je ne peux pas lui refuser mon scotch<\/span><i><span style=\"font-weight: 400;\">.\u00a0\u00bb Alors, non seulement je lui ai pr\u00eat\u00e9 mon scotch, mais je l&rsquo;ai aussi aid\u00e9e \u00e0 r\u00e9parer son livre. J&rsquo;ai senti J\u00e9sus dans mon c\u0153ur.<\/span><\/i><i><span style=\"font-weight: 400;\">\u00bb<\/span><\/i><\/p>\n<p><b>Nous nous proposons donc de les aider \u00e0<\/b><span style=\"font-weight: 400;\">:<\/span><\/p>\n<ul>\n<li style=\"font-weight: 400;\"><span style=\"font-weight: 400;\">promouvoir le d\u00e9veloppement \u00e9motionnel et relationnel;\u00a0<\/span><\/li>\n<li style=\"font-weight: 400;\"><span style=\"font-weight: 400;\">acqu\u00e9rir une plus grande estime de soi et une plus grande confiance en soi;<\/span><\/li>\n<li style=\"font-weight: 400;\"><span style=\"font-weight: 400;\">d\u00e9velopper les bases humaines, telles que l&rsquo;\u00e9coute, l&#8217;empathie, la gratuit\u00e9, la solidarit\u00e9, le respect mutuel, en donnant nous-m\u00eames d&rsquo;abord l&rsquo;exemple;<\/span><\/li>\n<li style=\"font-weight: 400;\"><span style=\"font-weight: 400;\">d\u00e9velopper en eux une culture bas\u00e9e sur le don et le partage;<\/span><\/li>\n<li style=\"font-weight: 400;\"><span style=\"font-weight: 400;\">apprendre \u00e0 faire face \u00e0 des situations de difficult\u00e9 ou de souffrance personnelle et \u00e0 celles des autres, \u00e0 ne pas s&rsquo;arr\u00eater face \u00e0 des difficult\u00e9s;<\/span><\/li>\n<li style=\"font-weight: 400;\"><span style=\"font-weight: 400;\">d\u00e9couvrir la joie d&rsquo;\u00eatre ensemble, jouer et \u00eatre cr\u00e9atif dans le respect mutuel.<\/span><\/li>\n<\/ul>\n<h2><span style=\"color: #e94e1b;\">Dimension sociale et globale &#8211; \u201cenfants-citoyens\u201d<\/span><\/h2>\n<p><span style=\"font-weight: 400;\"><img loading=\"lazy\" decoding=\"async\" class=\"size-medium wp-image-2282 alignright\" src=\"http:\/\/gen4.focolare.org\/wp-content\/uploads\/2019\/09\/Ecologia-300x225.jpg\" alt=\"\" width=\"300\" height=\"225\" srcset=\"https:\/\/gen4.focolare.org\/wp-content\/uploads\/2019\/09\/Ecologia-300x225.jpg 300w, https:\/\/gen4.focolare.org\/wp-content\/uploads\/2019\/09\/Ecologia-768x576.jpg 768w, https:\/\/gen4.focolare.org\/wp-content\/uploads\/2019\/09\/Ecologia-1024x768.jpg 1024w, https:\/\/gen4.focolare.org\/wp-content\/uploads\/2019\/09\/Ecologia-600x450.jpg 600w\" sizes=\"auto, (max-width: 300px) 100vw, 300px\" \/>La formation Gen4 vise \u00e0 les accompagner pour ouvrir leurs horizons, vivre des exp\u00e9riences de citoyennet\u00e9 active, prendre soin de l&rsquo;environnement et de la nature : une formation \u00e0 la prosocialit\u00e9, devenir des \u00ab\u00a0enfants-citoyens\u00a0\u00bb, capables de participer activement \u00e0 la construction de la communaut\u00e9.<\/span><\/p>\n<p><b>Nous nous proposons donc de:<\/b><\/p>\n<ul>\n<li style=\"font-weight: 400;\"><span style=\"font-weight: 400;\">d\u00e9couvrir ensemble tout le positif pr\u00e9sent dans le monde. Un univers qui peut \u00eatre anim\u00e9 par la g\u00e9n\u00e9rosit\u00e9, la solidarit\u00e9, la paix, l&rsquo;amour: des valeurs qui g\u00e9n\u00e8rent la fraternit\u00e9 universelle;\u00a0<\/span><\/li>\n<li style=\"font-weight: 400;\"><span style=\"font-weight: 400;\">se sentir partie int\u00e9grante d&rsquo;une communaut\u00e9, en apprenant \u00e0 voir les besoins des individus et de la soci\u00e9t\u00e9 au niveau local et mondial;<\/span><\/li>\n<li style=\"font-weight: 400;\"><span style=\"font-weight: 400;\">promouvoir l&#8217;empathie avec les personnes dans le besoin, apprendre \u00e0 partager et \u00e0 vivre la culture du \u201cdonner\u201d;<\/span><\/li>\n<li style=\"font-weight: 400;\"><span style=\"font-weight: 400;\">d\u00e9velopper \u00e9galement l&rsquo;attention \u00e0 l&rsquo;environnement dans lequel nous vivons, afin d&rsquo;\u00eatre en harmonie avec la cr\u00e9ation;<\/span><\/li>\n<li style=\"font-weight: 400;\"><span style=\"font-weight: 400;\">mettre des bases solides pour la formation des \u00ab\u00a0hommes nouveaux\u00a0\u00bb, b\u00e2tisseurs de paix et de fraternit\u00e9 d\u00e8s le plus jeune \u00e2ge, afin d&rsquo;apporter une contribution au monde uni.<\/span><\/li>\n<\/ul>\n<h2><span style=\"color: #e94e1b;\">Dimension spirituelle:<\/span><\/h2>\n<p><span style=\"font-weight: 400;\"><img loading=\"lazy\" decoding=\"async\" class=\"size-medium wp-image-2780 alignright\" src=\"http:\/\/gen4.focolare.org\/wp-content\/uploads\/2019\/10\/WP_20180224_17_04_50_Pro-Loppiano-1-1-300x225.jpg\" alt=\"\" width=\"300\" height=\"225\" srcset=\"https:\/\/gen4.focolare.org\/wp-content\/uploads\/2019\/10\/WP_20180224_17_04_50_Pro-Loppiano-1-1-300x225.jpg 300w, https:\/\/gen4.focolare.org\/wp-content\/uploads\/2019\/10\/WP_20180224_17_04_50_Pro-Loppiano-1-1-768x575.jpg 768w, https:\/\/gen4.focolare.org\/wp-content\/uploads\/2019\/10\/WP_20180224_17_04_50_Pro-Loppiano-1-1-600x449.jpg 600w, https:\/\/gen4.focolare.org\/wp-content\/uploads\/2019\/10\/WP_20180224_17_04_50_Pro-Loppiano-1-1.jpg 777w\" sizes=\"auto, (max-width: 300px) 100vw, 300px\" \/>Les enfants sont les plus proches de Dieu et, en raison de leur innocence, ils sont naturellement tr\u00e8s sensibles au divin. C&rsquo;est pourquoi, comme le soulignait d\u00e9j\u00e0 Chiara Lubich dans les ann\u00e9es 1970, il est important de bien prendre soin de la dimension de l&rsquo;int\u00e9riorit\u00e9 et de la relation avec le divin d\u00e8s les premi\u00e8res ann\u00e9es de la vie des enfants, afin de ne pas estomper cette capacit\u00e9, mais de les aider \u00e0 la d\u00e9velopper.<\/span><\/p>\n<p><b>Nous nous proposons donc:<\/b><\/p>\n<ul>\n<li style=\"font-weight: 400;\"><span style=\"font-weight: 400;\">de cr\u00e9er des espaces et des moments o\u00f9 les enfants peuvent nourrir leur soif naturelle de beaut\u00e9, en les aidant \u00e0 d\u00e9couvrir le divin qui est en eux, dans les autres, dans la nature, dans le monde, afin de faire grandir leur vie int\u00e9rieure;<\/span><\/li>\n<li style=\"font-weight: 400;\"><span style=\"font-weight: 400;\">de leur faire d\u00e9couvrir la possibilit\u00e9 de grandir dans la foi.<\/span><\/li>\n<\/ul>\n<p><span style=\"font-weight: 400;\">Ces trois dimensions (personnelle et interpersonnelle, sociale et globale, spirituelle), qui constituent notre \u00eatre, sont fortement li\u00e9es les unes aux autres et il est impossible de les s\u00e9parer: nous essayons donc d&rsquo;en tenir compte \u00e9galement dans l&rsquo;\u00e9laboration des contenus et des m\u00e9thodes pour le d\u00e9veloppement des activit\u00e9s.<\/span><\/p>\n<p>[\/vc_column_text][\/vc_column][\/vc_row]<\/p>\n<\/div>","protected":false},"excerpt":{"rendered":"<p>[vc_row full_width=\u00a0\u00bbstretch_row\u00a0\u00bb content_placement=\u00a0\u00bbmiddle\u00a0\u00bb css=\u00a0\u00bb.vc_custom_1559339898804{background-image: url(http:\/\/gen4.focolare.org\/wp-content\/uploads\/2019\/05\/background_gen4_red.png?id=1747) !important;}\u00a0\u00bb][vc_column width=\u00a0\u00bb1\/4&Prime;][vc_column_text css=\u00a0\u00bb.vc_custom_1574768566918{background-color: #00983a !important;}\u00a0\u00bb] qui &#8230; <\/p>\n","protected":false},"author":1,"featured_media":0,"parent":2927,"menu_order":0,"comment_status":"closed","ping_status":"closed","template":"","meta":{"footnotes":""},"class_list":["post-3021","page","type-page","status-publish","hentry"],"_links":{"self":[{"href":"https:\/\/gen4.focolare.org\/fr\/wp-json\/wp\/v2\/pages\/3021","targetHints":{"allow":["GET"]}}],"collection":[{"href":"https:\/\/gen4.focolare.org\/fr\/wp-json\/wp\/v2\/pages"}],"about":[{"href":"https:\/\/gen4.focolare.org\/fr\/wp-json\/wp\/v2\/types\/page"}],"author":[{"embeddable":true,"href":"https:\/\/gen4.focolare.org\/fr\/wp-json\/wp\/v2\/users\/1"}],"replies":[{"embeddable":true,"href":"https:\/\/gen4.focolare.org\/fr\/wp-json\/wp\/v2\/comments?post=3021"}],"version-history":[{"count":2,"href":"https:\/\/gen4.focolare.org\/fr\/wp-json\/wp\/v2\/pages\/3021\/revisions"}],"predecessor-version":[{"id":3024,"href":"https:\/\/gen4.focolare.org\/fr\/wp-json\/wp\/v2\/pages\/3021\/revisions\/3024"}],"up":[{"embeddable":true,"href":"https:\/\/gen4.focolare.org\/fr\/wp-json\/wp\/v2\/pages\/2927"}],"wp:attachment":[{"href":"https:\/\/gen4.focolare.org\/fr\/wp-json\/wp\/v2\/media?parent=3021"}],"curies":[{"name":"wp","href":"https:\/\/api.w.org\/{rel}","templated":true}]}}

Une pédagogie pour le développement global de l&rsquo;enfant

<div class="wpb-content-wrapper"><p>[vc_row full_width= »stretch_row » content_placement= »middle » css= ».vc_custom_1559339898804{background-image: url(http://gen4.focolare.org/wp-content/uploads/2019/05/background_gen4_red.png?id=1747) !important;} »][vc_column width= »1/4&Prime;][vc_column_text css= ».vc_custom_1574768566918{background-color: #00983a !important;} »]</p>
<h1 style="text-align: center;"><span style="color: #ffffff;">qui sommes-nous?</span></h1>
<p>[/vc_column_text][/vc_column][vc_column width= »3/4&Prime; full_width= » » gap= »0&Prime; full_height= » » columns_placement= »middle » equal_height= » » rtl_reverse= » » content_placement= » » disable_element= » »][/vc_column][/vc_row][vc_row css= ».vc_custom_1559332639878{padding-top: 30px !important;} »][vc_column width= »1/4&Prime;][vc_column_text css= ».vc_custom_1574768583480{margin-right: 10px !important;border-right-width: 1px !important;padding-right: 10px !important;border-right-color: #e94e1b !important;border-right-style: dashed !important;} »]</p>
<h1 style="text-align: right;"><span style="color: #e94e1b;">Une pédagogie pour le développement global de l&rsquo;enfant</span></h1>
<p>[/vc_column_text][/vc_column][vc_column width= »3/4&Prime;][vc_column_text css= ».vc_custom_1574768817961{margin-bottom: 0px !important;border-bottom-width: 0px !important;padding-bottom: 0px !important;} »]</p>
<p><span style="font-weight: 400;">Dans le Mouvement des Focolari, l&rsquo;attention au « bien » de l&rsquo;enfant, pour qu&rsquo;il puisse se réaliser pleinement, se traduit par une pédagogie qui vise à développer de manière harmonieuse toutes les dimensions de la personne humaine, dans ses différentes composantes:</span></p>
<h2><span style="color: #e94e1b;">Dimension personnelle et interpersonnelle:</span></h2>
<p><span style="font-weight: 400;"><img loading="lazy" decoding="async" class="size-medium wp-image-2286 alignright" src="http://gen4.focolare.org/wp-content/uploads/2019/09/gen4-gen5-300x225.jpg" alt="" width="300" height="225" srcset="https://gen4.focolare.org/wp-content/uploads/2019/09/gen4-gen5-300x225.jpg 300w, https://gen4.focolare.org/wp-content/uploads/2019/09/gen4-gen5-768x576.jpg 768w, https://gen4.focolare.org/wp-content/uploads/2019/09/gen4-gen5-1024x768.jpg 1024w, https://gen4.focolare.org/wp-content/uploads/2019/09/gen4-gen5-600x450.jpg 600w, https://gen4.focolare.org/wp-content/uploads/2019/09/gen4-gen5.jpg 2034w" sizes="auto, (max-width: 300px) 100vw, 300px" />L&rsquo;exercice de l&rsquo;art d&rsquo;aimer favorise la croissance de l&rsquo;enfant en tant que personne et le développement de ses compétences interpersonnelles: pardonner, accueillir l&rsquo;autre, reconnaître et valoriser la diversité, aider les personnes en difficulté, etc&#8230;.</span></p>
<p><span style="font-weight: 400;">Une Gen4 raconte:</span> <i><span style="font-weight: 400;">«</span></i><i><span style="font-weight: 400;">Dans ma classe, il y a une fille qui ne partage jamais rien avec les autres, alors qu&rsquo;elle le pourrait. Un jour, elle est venue à l&rsquo;école et a sorti son livre déchiré par endroits. Elle était triste et a demandé si quelqu&rsquo;un avait du scotch parce qu&rsquo;elle voulait le réparer. Toutes les autres filles ont refusé en disant: « </span></i><span style="font-weight: 400;">C&rsquo;est bien fait pour toi, nous ne t’en donnerons pas parce que tu ne nous donnes jamais rien</span><i><span style="font-weight: 400;">“. Mais j&rsquo;ai dit à mes camarades: « </span></i><span style="font-weight: 400;">Dieu est amour, Il nous aime, alors moi aussi je dois aimer tout le monde. Je ne peux pas lui refuser mon scotch</span><i><span style="font-weight: 400;">. » Alors, non seulement je lui ai prêté mon scotch, mais je l&rsquo;ai aussi aidée à réparer son livre. J&rsquo;ai senti Jésus dans mon cœur.</span></i><i><span style="font-weight: 400;">»</span></i></p>
<p><b>Nous nous proposons donc de les aider à</b><span style="font-weight: 400;">:</span></p>
<ul>
<li style="font-weight: 400;"><span style="font-weight: 400;">promouvoir le développement émotionnel et relationnel; </span></li>
<li style="font-weight: 400;"><span style="font-weight: 400;">acquérir une plus grande estime de soi et une plus grande confiance en soi;</span></li>
<li style="font-weight: 400;"><span style="font-weight: 400;">développer les bases humaines, telles que l&rsquo;écoute, l&#8217;empathie, la gratuité, la solidarité, le respect mutuel, en donnant nous-mêmes d&rsquo;abord l&rsquo;exemple;</span></li>
<li style="font-weight: 400;"><span style="font-weight: 400;">développer en eux une culture basée sur le don et le partage;</span></li>
<li style="font-weight: 400;"><span style="font-weight: 400;">apprendre à faire face à des situations de difficulté ou de souffrance personnelle et à celles des autres, à ne pas s&rsquo;arrêter face à des difficultés;</span></li>
<li style="font-weight: 400;"><span style="font-weight: 400;">découvrir la joie d&rsquo;être ensemble, jouer et être créatif dans le respect mutuel.</span></li>
</ul>
<h2><span style="color: #e94e1b;">Dimension sociale et globale &#8211; “enfants-citoyens”</span></h2>
<p><span style="font-weight: 400;"><img loading="lazy" decoding="async" class="size-medium wp-image-2282 alignright" src="http://gen4.focolare.org/wp-content/uploads/2019/09/Ecologia-300x225.jpg" alt="" width="300" height="225" srcset="https://gen4.focolare.org/wp-content/uploads/2019/09/Ecologia-300x225.jpg 300w, https://gen4.focolare.org/wp-content/uploads/2019/09/Ecologia-768x576.jpg 768w, https://gen4.focolare.org/wp-content/uploads/2019/09/Ecologia-1024x768.jpg 1024w, https://gen4.focolare.org/wp-content/uploads/2019/09/Ecologia-600x450.jpg 600w" sizes="auto, (max-width: 300px) 100vw, 300px" />La formation Gen4 vise à les accompagner pour ouvrir leurs horizons, vivre des expériences de citoyenneté active, prendre soin de l&rsquo;environnement et de la nature : une formation à la prosocialité, devenir des « enfants-citoyens », capables de participer activement à la construction de la communauté.</span></p>
<p><b>Nous nous proposons donc de:</b></p>
<ul>
<li style="font-weight: 400;"><span style="font-weight: 400;">découvrir ensemble tout le positif présent dans le monde. Un univers qui peut être animé par la générosité, la solidarité, la paix, l&rsquo;amour: des valeurs qui génèrent la fraternité universelle; </span></li>
<li style="font-weight: 400;"><span style="font-weight: 400;">se sentir partie intégrante d&rsquo;une communauté, en apprenant à voir les besoins des individus et de la société au niveau local et mondial;</span></li>
<li style="font-weight: 400;"><span style="font-weight: 400;">promouvoir l&#8217;empathie avec les personnes dans le besoin, apprendre à partager et à vivre la culture du “donner”;</span></li>
<li style="font-weight: 400;"><span style="font-weight: 400;">développer également l&rsquo;attention à l&rsquo;environnement dans lequel nous vivons, afin d&rsquo;être en harmonie avec la création;</span></li>
<li style="font-weight: 400;"><span style="font-weight: 400;">mettre des bases solides pour la formation des « hommes nouveaux », bâtisseurs de paix et de fraternité dès le plus jeune âge, afin d&rsquo;apporter une contribution au monde uni.</span></li>
</ul>
<h2><span style="color: #e94e1b;">Dimension spirituelle:</span></h2>
<p><span style="font-weight: 400;"><img loading="lazy" decoding="async" class="size-medium wp-image-2780 alignright" src="http://gen4.focolare.org/wp-content/uploads/2019/10/WP_20180224_17_04_50_Pro-Loppiano-1-1-300x225.jpg" alt="" width="300" height="225" srcset="https://gen4.focolare.org/wp-content/uploads/2019/10/WP_20180224_17_04_50_Pro-Loppiano-1-1-300x225.jpg 300w, https://gen4.focolare.org/wp-content/uploads/2019/10/WP_20180224_17_04_50_Pro-Loppiano-1-1-768x575.jpg 768w, https://gen4.focolare.org/wp-content/uploads/2019/10/WP_20180224_17_04_50_Pro-Loppiano-1-1-600x449.jpg 600w, https://gen4.focolare.org/wp-content/uploads/2019/10/WP_20180224_17_04_50_Pro-Loppiano-1-1.jpg 777w" sizes="auto, (max-width: 300px) 100vw, 300px" />Les enfants sont les plus proches de Dieu et, en raison de leur innocence, ils sont naturellement très sensibles au divin. C&rsquo;est pourquoi, comme le soulignait déjà Chiara Lubich dans les années 1970, il est important de bien prendre soin de la dimension de l&rsquo;intériorité et de la relation avec le divin dès les premières années de la vie des enfants, afin de ne pas estomper cette capacité, mais de les aider à la développer.</span></p>
<p><b>Nous nous proposons donc:</b></p>
<ul>
<li style="font-weight: 400;"><span style="font-weight: 400;">de créer des espaces et des moments où les enfants peuvent nourrir leur soif naturelle de beauté, en les aidant à découvrir le divin qui est en eux, dans les autres, dans la nature, dans le monde, afin de faire grandir leur vie intérieure;</span></li>
<li style="font-weight: 400;"><span style="font-weight: 400;">de leur faire découvrir la possibilité de grandir dans la foi.</span></li>
</ul>
<p><span style="font-weight: 400;">Ces trois dimensions (personnelle et interpersonnelle, sociale et globale, spirituelle), qui constituent notre être, sont fortement liées les unes aux autres et il est impossible de les séparer: nous essayons donc d&rsquo;en tenir compte également dans l&rsquo;élaboration des contenus et des méthodes pour le développement des activités.</span></p>
<p>[/vc_column_text][/vc_column][/vc_row]</p>
</div>
