{"id":12188,"date":"2022-11-30T11:04:03","date_gmt":"2022-11-30T10:04:03","guid":{"rendered":"https:\/\/gen4.focolare.org\/?post_type=wpdmpro&#038;p=12188"},"modified":"2024-02-22T11:51:55","modified_gmt":"2024-02-22T10:51:55","slug":"0_hoje-descobri-o-ceu-premissa","status":"publish","type":"wpdmpro","link":"https:\/\/gen4.focolare.org\/fr\/download\/0_hoje-descobri-o-ceu-premissa\/","title":{"rendered":"0_Hoje descobri o C\u00e9u: Premissa"},"content":{"rendered":"<p style=\"text-align: center;\"><span style=\"color: #ff6600;\"><strong>Percurso em etapas para os Gen4 sobre: \u201cUni\u00e3o com Deus e ora\u00e7\u00e3o\u201d <\/strong><\/span><\/p>\n<p style=\"text-align: center;\"><span style=\"color: #ff6600;\"><strong>&#8211; ano 2022-2023 &#8211;<\/strong><\/span><\/p>\n<p><strong><span style=\"color: #ff6600;\">Premissa:<\/span><\/strong><\/p>\n<p>Para preparar o material, come\u00e7amos relendo e meditando sobre v\u00e1rios temas elaborados por Chiara<a href=\"#_ftn1\" name=\"_ftnref1\">[1]<\/a> sobre esses assuntos, destacando os aspectos que nos pareceram mais adequados para os Gen4. Para muitos desses aspectos est\u00e1 dispon\u00edvel um material espec\u00edfico preparado por Chiara para esta faixa et\u00e1ria (reflex\u00f5es da sua hist\u00f3ria e das respostas dadas por Chiara aos Gen4 ao longo dos anos).<\/p>\n<p>Escolhemos <strong><span style=\"color: #ff6600;\">7 pontos<\/span> <\/strong>a serem propostos em etapas sucessivas, com um percurso tamb\u00e9m em sintonia com a forma\u00e7\u00e3o Anil sobre a Sagrada Escritura que gostar\u00edamos que os nossos Gen4 fizessem.<\/p>\n<p>Para cada etapa indicamos:<\/p>\n<ol>\n<li><strong><span style=\"color: #ff6600;\">A)<\/span><\/strong> algumas ideias retiradas dos temas de Chiara para a <strong><span style=\"color: #ff6600;\">prepara\u00e7\u00e3o-medita\u00e7\u00e3o dos assistentes<\/span><\/strong>;<\/li>\n<li><strong><span style=\"color: #ff6600;\">B)<\/span><\/strong> quais <strong><span style=\"color: #ff6600;\">objetivos<\/span><\/strong> foram sugeridos por essas ideias para o encontro Gen4;<\/li>\n<li><span style=\"color: #ff6600;\"><strong>C)<\/strong><\/span> alguns <strong><span style=\"color: #ff6600;\">conte\u00fados<\/span><\/strong> que podem servir de aux\u00edlio para atingir esses objetivos, \u201c<em>gocce di luce<\/em> (gotas de luz)\u201d extra\u00eddas da <span style=\"color: #ff6600;\"><strong>Sagrada Escritura<\/strong><\/span> (percurso Anil para os Gen4) e da <strong><span style=\"color: #ff6600;\">Espiritualidade<\/span><\/strong> (sempre material para os Gen4). Especificamente para cada etapa destacamos: quais passagens da hist\u00f3ria de Chiara ou quais das suas respostas dadas ao longo dos anos aos Gen4 podem ser utilizadas; &#8211; qual epis\u00f3dio da Sagrada Escritura nos parece estar em sintonia com esse ponto. Cada epis\u00f3dio da Sagrada Escritura proposto \u00e9 acompanhado tamb\u00e9m de experi\u00eancias ilustradas que podem ser material \u00fatil para enriquecer o ponto.<\/li>\n<li><strong><span style=\"color: #ff6600;\">D)<\/span><\/strong> Por fim, mediante uma maravilhosa colabora\u00e7\u00e3o com uma equipe de assistentes de todo o mundo, foram tamb\u00e9m elaboradas a<strong><span style=\"color: #ff6600;\">lgumas ideias para a condu\u00e7\u00e3o do encontro e para enriquec\u00ea-lo com can\u00e7\u00f5es, jogos, desenhos e atividades diversas.<\/span><\/strong><\/li>\n<\/ol>\n<p>O tipo de proposta que podemos oferecer este ano &#8211; sendo <strong><span style=\"color: #ff6600;\">\u201cmodular\u201d<\/span> <\/strong>e ainda n\u00e3o estruturado como nos anos anteriores &#8211; pode ser ainda mais facilmente adaptado a qualquer situa\u00e7\u00e3o. Estamos certos de que a sensibilidade de cada assistente poder\u00e1 escolher, entre os propostos, os elementos mais adequados para o grupo Gen4 confiado. <strong><span style=\"color: #ff6600;\">H\u00e1 muito material justamente para dar mais possibilidade de escolha: N\u00c3O \u00e9 necess\u00e1rio fazer tudo!<\/span><\/strong><\/p>\n<p>Como ser\u00e1 visto, tamb\u00e9m na escolha dos temas de Chiara (para a prepara\u00e7\u00e3o dos assistentes) buscamos di\u00e1logos dirigidos aos mais variados p\u00fablicos, a fim de ter em mente, na medida do poss\u00edvel, tamb\u00e9m a riqueza <strong><span style=\"color: #ff6600;\">inter-religiosa e ecum\u00eanica.<\/span> <\/strong>Lembramos que a dimens\u00e3o ecum\u00eanica est\u00e1 muito presente ao longo do percurso Anil e tanto na revis\u00e3o do trecho da Sagrada Escritura adaptado para crian\u00e7as, quanto na contribui\u00e7\u00e3o das anota\u00e7\u00f5es que acompanham o texto, houve a contribui\u00e7\u00e3o de focolarinas e focolarinos de v\u00e1rias Igrejas.<\/p>\n<p>O t\u00edtulo geral do percurso que propomos para o ano 2022-2023 \u00e9: <span style=\"color: #ff0000;\"><strong><em>Hoje descobri o C\u00e9u<\/em><\/strong><\/span><\/p>\n<p>&nbsp;<\/p>\n<p><a href=\"#_ftnref1\" name=\"_ftn1\">[1]<\/a> Textos de refer\u00eancia consultados:<\/p>\n<ol>\n<li>Lubich, T\u00f3quio (Jap\u00e3o), 28 de dezembro de 1981, aos membros da Rissho Kosei Kai, <em>\u00ab\u00a0La mia esperienza spirituale\u201d.<\/em><\/li>\n<li>Lubich, Faenza, 10 de abril de 1988, \u00e0s fam\u00edlias, <em>\u201cA fam\u00edlia e a ora\u00e7\u00e3o\u201d<\/em><\/li>\n<li>Lubich, aos focolarinos, Castel Gandolfo, 23 de dezembro de 1988, <em>La \u00ab\u00a0Via Mariae\u00a0\u00bb<\/em><\/li>\n<li>Lubich, &#8211; Collegamento CH, 23 de fevereiro de 1989, \u00ab\u00a0<em>As quatro maneiras de rezar\u00a0\u00bb <\/em>(publicado em: C. Lubich, Buscar as coisas do alto, Roma 1992<sup>4<\/sup>, p. 128-130.)<\/li>\n<li>Lubich, Collegamento CH, Mari\u00e1poles Luminosa, 24 de maio de 1990, \u201c<em>Vivere il \u2018Gi\u00e0\u2019\u201d<\/em> (publicado em: C. Lubich, Santi insieme, Roma 1995<sup>3<\/sup>, (1.a ed.: 1994), p. 35-38)<\/li>\n<li>Lubich, Castel Gandolfo, 24 de dezembro de 1998, aos focolarinos, \u201c<em>V\u00b0 tema della spiritualit\u00e0 collettiva \u2013 III\u00b0 aspetto: &lsquo;L&rsquo;amore eleva'\u00a0\u00bb<\/em><\/li>\n<li>Lubich, Castel Gandolfo, 25 de outubro de 1999, encontro com os amigos mu\u00e7ulmanos, <em>\u201cLa preghiera, la meditazione e l&rsquo;unione con Dio\u201d<\/em><\/li>\n<li>Lubich, Castel Gandolfo, 4 de janeiro de 2004, aos focolarinos\/as, <em>\u00ab\u00a0L&rsquo;unione con Dio si sente, si percepisce &#8211; La cultura della Risurrezione\u00a0\u00bb<\/em><\/li>\n<li>Lubich, Castel Gandolfo, 16 de fevereiro de 2004, aos Bispos amigos do Movimento dos Focolares, <em>\u00ab\u00a0L&rsquo;unione con Dio\u00a0\u00bb<\/em><\/li>\n<li>Lubich, Castel Gandolfo, 18 de abril de 2004, no Simp\u00f3sio Hindu-Crist\u00e3o, <em>\u00ab\u00a0L&rsquo;unione con Dio\u00a0\u00bb<\/em><\/li>\n<\/ol>\n<p>&nbsp;<\/p>\n","protected":false},"excerpt":{"rendered":"<p>Percurso em etapas para os Gen4 sobre: \u201cUni\u00e3o com Deus e &#8230; <\/p>\n","protected":false},"author":3,"featured_media":12359,"comment_status":"closed","ping_status":"closed","template":"page.php","meta":{"__wpdm_changelog":[]},"wpdmcategory":[492],"wpdmtag":[],"class_list":["post-12188","wpdmpro","type-wpdmpro","status-publish","has-post-thumbnail","hentry","wpdmcategory-hoje-descobri-o-ceu-uniao-com-deus-e-oracao-2022-2023"],"_links":{"self":[{"href":"https:\/\/gen4.focolare.org\/fr\/wp-json\/wp\/v2\/wpdmpro\/12188","targetHints":{"allow":["GET"]}}],"collection":[{"href":"https:\/\/gen4.focolare.org\/fr\/wp-json\/wp\/v2\/wpdmpro"}],"about":[{"href":"https:\/\/gen4.focolare.org\/fr\/wp-json\/wp\/v2\/types\/wpdmpro"}],"author":[{"embeddable":true,"href":"https:\/\/gen4.focolare.org\/fr\/wp-json\/wp\/v2\/users\/3"}],"replies":[{"embeddable":true,"href":"https:\/\/gen4.focolare.org\/fr\/wp-json\/wp\/v2\/comments?post=12188"}],"wp:featuredmedia":[{"embeddable":true,"href":"https:\/\/gen4.focolare.org\/fr\/wp-json\/wp\/v2\/media\/12359"}],"wp:attachment":[{"href":"https:\/\/gen4.focolare.org\/fr\/wp-json\/wp\/v2\/media?parent=12188"}],"wp:term":[{"taxonomy":"wpdmcategory","embeddable":true,"href":"https:\/\/gen4.focolare.org\/fr\/wp-json\/wp\/v2\/wpdmcategory?post=12188"},{"taxonomy":"wpdmtag","embeddable":true,"href":"https:\/\/gen4.focolare.org\/fr\/wp-json\/wp\/v2\/wpdmtag?post=12188"}],"curies":[{"name":"wp","href":"https:\/\/api.w.org\/{rel}","templated":true}]}}

0_Hoje descobri o Céu: Premissa

<p style="text-align: center;"><span style="color: #ff6600;"><strong>Percurso em etapas para os Gen4 sobre: “União com Deus e oração” </strong></span></p>
<p style="text-align: center;"><span style="color: #ff6600;"><strong>&#8211; ano 2022-2023 &#8211;</strong></span></p>
<p><strong><span style="color: #ff6600;">Premissa:</span></strong></p>
<p>Para preparar o material, começamos relendo e meditando sobre vários temas elaborados por Chiara<a href="#_ftn1" name="_ftnref1">[1]</a> sobre esses assuntos, destacando os aspectos que nos pareceram mais adequados para os Gen4. Para muitos desses aspectos está disponível um material específico preparado por Chiara para esta faixa etária (reflexões da sua história e das respostas dadas por Chiara aos Gen4 ao longo dos anos).</p>
<p>Escolhemos <strong><span style="color: #ff6600;">7 pontos</span> </strong>a serem propostos em etapas sucessivas, com um percurso também em sintonia com a formação Anil sobre a Sagrada Escritura que gostaríamos que os nossos Gen4 fizessem.</p>
<p>Para cada etapa indicamos:</p>
<ol>
<li><strong><span style="color: #ff6600;">A)</span></strong> algumas ideias retiradas dos temas de Chiara para a <strong><span style="color: #ff6600;">preparação-meditação dos assistentes</span></strong>;</li>
<li><strong><span style="color: #ff6600;">B)</span></strong> quais <strong><span style="color: #ff6600;">objetivos</span></strong> foram sugeridos por essas ideias para o encontro Gen4;</li>
<li><span style="color: #ff6600;"><strong>C)</strong></span> alguns <strong><span style="color: #ff6600;">conteúdos</span></strong> que podem servir de auxílio para atingir esses objetivos, “<em>gocce di luce</em> (gotas de luz)” extraídas da <span style="color: #ff6600;"><strong>Sagrada Escritura</strong></span> (percurso Anil para os Gen4) e da <strong><span style="color: #ff6600;">Espiritualidade</span></strong> (sempre material para os Gen4). Especificamente para cada etapa destacamos: quais passagens da história de Chiara ou quais das suas respostas dadas ao longo dos anos aos Gen4 podem ser utilizadas; &#8211; qual episódio da Sagrada Escritura nos parece estar em sintonia com esse ponto. Cada episódio da Sagrada Escritura proposto é acompanhado também de experiências ilustradas que podem ser material útil para enriquecer o ponto.</li>
<li><strong><span style="color: #ff6600;">D)</span></strong> Por fim, mediante uma maravilhosa colaboração com uma equipe de assistentes de todo o mundo, foram também elaboradas a<strong><span style="color: #ff6600;">lgumas ideias para a condução do encontro e para enriquecê-lo com canções, jogos, desenhos e atividades diversas.</span></strong></li>
</ol>
<p>O tipo de proposta que podemos oferecer este ano &#8211; sendo <strong><span style="color: #ff6600;">“modular”</span> </strong>e ainda não estruturado como nos anos anteriores &#8211; pode ser ainda mais facilmente adaptado a qualquer situação. Estamos certos de que a sensibilidade de cada assistente poderá escolher, entre os propostos, os elementos mais adequados para o grupo Gen4 confiado. <strong><span style="color: #ff6600;">Há muito material justamente para dar mais possibilidade de escolha: NÃO é necessário fazer tudo!</span></strong></p>
<p>Como será visto, também na escolha dos temas de Chiara (para a preparação dos assistentes) buscamos diálogos dirigidos aos mais variados públicos, a fim de ter em mente, na medida do possível, também a riqueza <strong><span style="color: #ff6600;">inter-religiosa e ecumênica.</span> </strong>Lembramos que a dimensão ecumênica está muito presente ao longo do percurso Anil e tanto na revisão do trecho da Sagrada Escritura adaptado para crianças, quanto na contribuição das anotações que acompanham o texto, houve a contribuição de focolarinas e focolarinos de várias Igrejas.</p>
<p>O título geral do percurso que propomos para o ano 2022-2023 é: <span style="color: #ff0000;"><strong><em>Hoje descobri o Céu</em></strong></span></p>
<p>&nbsp;</p>
<p><a href="#_ftnref1" name="_ftn1">[1]</a> Textos de referência consultados:</p>
<ol>
<li>Lubich, Tóquio (Japão), 28 de dezembro de 1981, aos membros da Rissho Kosei Kai, <em>« La mia esperienza spirituale”.</em></li>
<li>Lubich, Faenza, 10 de abril de 1988, às famílias, <em>“A família e a oração”</em></li>
<li>Lubich, aos focolarinos, Castel Gandolfo, 23 de dezembro de 1988, <em>La « Via Mariae »</em></li>
<li>Lubich, &#8211; Collegamento CH, 23 de fevereiro de 1989, « <em>As quatro maneiras de rezar » </em>(publicado em: C. Lubich, Buscar as coisas do alto, Roma 1992<sup>4</sup>, p. 128-130.)</li>
<li>Lubich, Collegamento CH, Mariápoles Luminosa, 24 de maio de 1990, “<em>Vivere il ‘Già’”</em> (publicado em: C. Lubich, Santi insieme, Roma 1995<sup>3</sup>, (1.a ed.: 1994), p. 35-38)</li>
<li>Lubich, Castel Gandolfo, 24 de dezembro de 1998, aos focolarinos, “<em>V° tema della spiritualità collettiva – III° aspetto: &lsquo;L&rsquo;amore eleva' »</em></li>
<li>Lubich, Castel Gandolfo, 25 de outubro de 1999, encontro com os amigos muçulmanos, <em>“La preghiera, la meditazione e l&rsquo;unione con Dio”</em></li>
<li>Lubich, Castel Gandolfo, 4 de janeiro de 2004, aos focolarinos/as, <em>« L&rsquo;unione con Dio si sente, si percepisce &#8211; La cultura della Risurrezione »</em></li>
<li>Lubich, Castel Gandolfo, 16 de fevereiro de 2004, aos Bispos amigos do Movimento dos Focolares, <em>« L&rsquo;unione con Dio »</em></li>
<li>Lubich, Castel Gandolfo, 18 de abril de 2004, no Simpósio Hindu-Cristão, <em>« L&rsquo;unione con Dio »</em></li>
</ol>
<p>&nbsp;</p>

<p>Percurso em etapas para os Gen4 sobre: “União com Deus e &#8230; </p>
