{"id":12793,"date":"2023-05-10T16:57:46","date_gmt":"2023-05-10T15:57:46","guid":{"rendered":"https:\/\/gen4.focolare.org\/?post_type=wpdmpro&#038;p=12793"},"modified":"2024-02-22T11:49:37","modified_gmt":"2024-02-22T10:49:37","slug":"03_-hoje-descobri-o-ceu-etapa-n-3","status":"publish","type":"wpdmpro","link":"https:\/\/gen4.focolare.org\/fr\/download\/03_-hoje-descobri-o-ceu-etapa-n-3\/","title":{"rendered":"03_\u00a0Hoje descobri o C\u00e9u: Etapa n.3"},"content":{"rendered":"<p style=\"text-align: center;\"><span style=\"color: #ff6600;\"><strong><em>Maria ouve a voz de Deus e nos ajuda a falar com Jesus, Seu Filho<\/em><\/strong><\/span><\/p>\n<p><span style=\"color: #ff6600;\"><strong>\u00a0<\/strong><\/span><\/p>\n<p><span style=\"color: #ff6600;\"><strong>A) Para os assistentes. <\/strong><strong>Ideias dos temas de Chiara: <em>Maria, modelo de uni\u00e3o com Deus<\/em><\/strong><\/span><\/p>\n<ul>\n<li>Chiara falava muitas vezes de Maria, tamb\u00e9m como modelo de uni\u00e3o com Deus. A seguir vemos outro trecho do discurso, j\u00e1 citado nas etapas anteriores, feito por Chiara em 1999 aos seus amigos mu\u00e7ulmanos: <em>\u00ab\u00a0[&#8230;] <strong>A uni\u00e3o com Deus nos leva quase espontaneamente a falar de Maria de Nazar\u00e9 e do seu papel na ora\u00e7\u00e3o, no qual \u00e9 modelo para n\u00f3s; pela sua interioridade e pelo seu recolhimento adorador diante do Mist\u00e9rio de Deus que traz em si.<\/strong> De fato, como podemos imaginar Maria? Como ela nos \u00e9 descrita pelas Escrituras? Como \u00e9 pintada, cantada, esculpida por artistas de todos os tempos? Certamente n\u00e3o como uma pessoa completamente extrovertida, agitada, apressada, sempre com pressa, atenta apenas ao que acontece exteriormente; mas sim como uma criatura, impregnada de beleza m\u00edstica, que revela um imenso tesouro escondido em seu cora\u00e7\u00e3o: Deus. Foi com grande surpresa e alegria que encontrei, al\u00e9m de tantos poetas do Oriente e do Ocidente crist\u00e3os, que cantavam os louvores de Maria, mesmo poetas do Isl\u00e3 que, inspirados pelas palavras do Alcor\u00e3o, escreveram versos de grande beleza sobre Maria, sobre a sua uni\u00e3o com Deus. [\u2026]\u201d<\/em><span style=\"color: #0000ff;\"> <a style=\"color: #0000ff;\" href=\"#_ftn1\" name=\"_ftnref1\">[1]<\/a><\/span><\/li>\n<\/ul>\n<ul>\n<li>H\u00e1 muitos momentos na vida de Maria que podem nos ajudar a aprofundar os v\u00e1rios aspectos da ora\u00e7\u00e3o, do \u201cfalar com Jesus\u201d. Chiara, no Collegamento CH de 1989, havia falado: <em>\u00ab\u00a0[&#8230;] <strong>o longo per\u00edodo em que Maria viveu ao lado de Jesus em profunda intimidade,<\/strong> em uma conversa t\u00e3o excepcional que s\u00f3 \u00e9 secund\u00e1ria em rela\u00e7\u00e3o \u00e0quela que da eternidade se desenrola entre as Pessoas da Sant\u00edssima Trindade. Maria, durante aqueles longos anos, certamente falou muitas vezes com Jesus, e Jesus lhe respondeu. Jesus falou com Maria e Maria lhe respondeu. Mas o que eles ter\u00e3o dito um ao outro? Com certeza muitas coisas: a vida familiar, o trabalho, o meio ambiente, os costumes, a B\u00edblia&#8230; e quem sabe quantas outras coisas ainda desconhecidas para n\u00f3s. Certamente aquela m\u00e3e era uma m\u00e3e especial e aquele Filho um filho especial\u00edssimo. <strong>A rela\u00e7\u00e3o entre Maria e Jesus, por\u00e9m, foi sempre aquela entre uma criatura, ainda que alt\u00edssima, e o seu Criador. Isso nos faz lembrar, de alguma forma, tamb\u00e9m a nossa rela\u00e7\u00e3o com Jesus, a nossa uni\u00e3o com ele, com todas as express\u00f5es de amor, confian\u00e7a, pedido, louvor que a caracterizam e que definimos &#8211; no sentido mais amplo &#8211; \u00ab\u00a0ora\u00e7\u00e3o\u00a0\u00bb.\u201d<\/strong><\/em> <span style=\"color: #0000ff;\"><a style=\"color: #0000ff;\" href=\"#_ftn2\" name=\"_ftnref2\">[2]<\/a><\/span><\/li>\n<\/ul>\n<p><strong><span style=\"color: #ff6600;\">B) Objetivos do Encontro Gen4<\/span><\/strong><\/p>\n<p>-Descobrir a \u00ab\u00a0beleza\u00a0\u00bb de Maria, a sua capacidade de acolher Jesus e de ouvi-lo (nota: o 2\u00ba encontro foi mais centrado na rela\u00e7\u00e3o entre a uni\u00e3o com Deus e o amor ao irm\u00e3o, este \u00e9 mais centrado na figura de Maria que nos conduz a Jesus).<\/p>\n<p>-Descobrir que n\u00f3s tamb\u00e9m, como Maria, podemos \u00ab\u00a0perceber\u00a0\u00bb o quanto os outros t\u00eam necessidades e ajud\u00e1-los a pedir ajuda a Jesus.<\/p>\n<p>-Vamos descobrir como \u00ab\u00a0falar com Jesus\u00a0\u00bb<\/p>\n<p><span style=\"color: #ff6600;\"><strong>C) Conte\u00fado do encontro Gen4: gotas de luz com a Sagrada Escritura e com a Espiritualidade (respostas de Chiara)<\/strong><\/span><\/p>\n<p><span style=\"color: #ff6600;\"><strong>Sagrada Escritura: <\/strong><\/span><\/p>\n<p><strong><em>&#8211; <\/em>Refazer alguns momentos da vida de Maria com fotos:<\/strong><strong> desde a inf\u00e2ncia Maria teve uma rela\u00e7\u00e3o especial com Deus. Quando crian\u00e7a ela ia ao Templo para dizer a Deus: sou toda sua. Ela ouve e responde ao que Deus lhe pede quando o anjo chega. Acompanha Jesus em seu crescimento, com eventos especiais que n\u00e3o compreende imediatamente&#8230; mas guarda tudo em seu cora\u00e7\u00e3o.<\/strong><\/p>\n<p>&#8211; <strong>Analisar de forma mais ampla o epis\u00f3dio das<\/strong> <strong>bodas de Can\u00e1:<\/strong> Maria percebe o que est\u00e1 faltando e ajuda os servos a pedir a Jesus <strong><span style=\"color: #008000;\">(Anexo C1)<\/span><\/strong><\/p>\n<p><span style=\"color: #ff6600;\"><strong>Espiritualidade:<\/strong><\/span><\/p>\n<p><strong>&#8211; <\/strong><strong>Respostas de Chiara: <\/strong>como falar com Jesus <strong><span style=\"color: #008000;\">(Anexo C2)<\/span><\/strong><\/p>\n<p><strong>[\u2026] Como \u00e9 que voc\u00ea conversa com Jesus? \u00a0<\/strong><span style=\"color: #0000ff;\"><a style=\"color: #0000ff;\" href=\"#_ftn3\" name=\"_ftnref3\">[3]<\/a> <\/span><\/p>\n<p><strong>\u00a0<\/strong>Chiara: [\u2026] e mi perguntou: \u00ab\u00a0como voc\u00ea\u00a0reza, ou seja, como voc\u00ea\u00a0fala com Jesus?\u00a0\u00bb Eu procuro compreender as palavras que digo nas ora\u00e7\u00f5es, por exemplo, no pai-nosso, na ave-maria, no gl\u00f3ria e fazer com que sejam minhas, minhas, aquelas ora\u00e7\u00f5es. Depois as digo a Jesus como se fossem minhas. Outras vezes, sobretudo depois da comunh\u00e3o, procuro adorar Jesus, porque Ele \u00e9 Deus, Ele \u00e9 o Criador. Procuro agradecer-lhe por todo o bem e dons que Ele me concedeu: por me ter dado muitos gen 4 no Movimento e no mundo inteiro. Agrade\u00e7o-lhe tamb\u00e9m todas as gra\u00e7as. Ou pe\u00e7o-lhe gra\u00e7as: \u00ab\u00a0D\u00e1-nos a gra\u00e7a de que muitos gen 4 se tornem santos [\u2026]\u00a0\u00bb. \u00c9 assim que rezo. (aplausos)<\/p>\n<p><strong>[\u2026] Como posso conversar com Jesus? <\/strong><span style=\"color: #0000ff;\"><a style=\"color: #0000ff;\" href=\"#_ftn4\" name=\"_ftnref4\"><em>[4]<\/em><\/a><\/span><\/p>\n<p>Chiara: Para conversar com Jesus voc\u00eas devem fazer assim: Jesus est\u00e1 dentro do nosso cora\u00e7\u00e3o, porque \u00e9 esp\u00edrito. Ent\u00e3o \u00e9 preciso fechar os olhos assim e entrar bem no fundo da nossa alma, rezar e dizer: \u00ab\u00a0Jesus eu te amo; Jesus ajuda-me a fazer muitos atos de amor; Jesus multiplica na terra os gen 4; Jesus ajuda os meus pais; ajuda o meu av\u00f4; ajuda todos os meus amigos da escola e a professora\u00a0\u00bb, assim. Se estiverem numa igreja, voc\u00eas sabem que Jesus est\u00e1 no tabern\u00e1culo, por isso olhem para o tabern\u00e1culo e digam muitas coisas belas: \u00ab\u00a0Eu quero ser a tua consola\u00e7\u00e3o; ajuda-me a ser boa; me d\u00e1 uma bela voca\u00e7\u00e3o; que eu conquiste muitas gen 4 e muitos gen 4\u00a0\u00bb. \u00c9 assim que conversamos com Jesus. (aplausos)<\/p>\n<p>&nbsp;<\/p>\n<p><strong><span style=\"color: #ff6600;\">D) Ideias e outros materiais para a condu\u00e7\u00e3o do encontro<\/span> <span style=\"color: #008000;\">(Anexos D)<\/span><\/strong><\/p>\n<p>__________________________________________________________________________________________<\/p>\n<p><span style=\"font-size: 14px;\"><span style=\"color: #0000ff;\"><a style=\"color: #0000ff;\" href=\"#_ftnref1\" name=\"_ftn1\">[1]<\/a> <\/span>C. Lubich, Castel Gandolfo, 25 de outubro de 1999, encontro com amigos mu\u00e7ulmanos, <em>\u201cLa preghiera, la meditazione e l&rsquo;unione con Dio\u201d<\/em><\/span><\/p>\n<p><span style=\"font-size: 14px;\"><span style=\"color: #0000ff;\"><a style=\"color: #0000ff;\" href=\"#_ftnref2\" name=\"_ftn2\">[2]<\/a><\/span> C. Lubich, Collegamento CH de 23 de fevereiro de 1989, \u201c<em>I quattro modi di pregare\u201d <\/em>(publicado em: C. Lubich, <em>Buscar as coisas do alto<\/em><em>,<\/em> Roma 1992, p. 128-130.)<\/span><\/p>\n<p><span style=\"font-size: 14px;\"><span style=\"color: #0000ff;\"><a style=\"color: #0000ff;\" href=\"#_ftnref3\" name=\"_ftn3\">[3]<\/a> <\/span>C. Lubich, Castelgandolfo, 8.6.1996, Congresso gen4, 4.a risposta<\/span><\/p>\n<p><span style=\"font-size: 14px;\"><span style=\"color: #0000ff;\"><a style=\"color: #0000ff;\" href=\"#_ftnref4\" name=\"_ftn4\">[4]<\/a><\/span> C. Lubich, Argentina, 11.4.1998, ai gen4, 1.a risposta<\/span><\/p>\n","protected":false},"excerpt":{"rendered":"<p>Maria ouve a voz de Deus e nos ajuda a falar &#8230; <\/p>\n","protected":false},"author":486,"featured_media":12951,"comment_status":"closed","ping_status":"closed","template":"page.php","meta":{"__wpdm_changelog":[]},"wpdmcategory":[492],"wpdmtag":[],"class_list":["post-12793","wpdmpro","type-wpdmpro","status-publish","has-post-thumbnail","hentry","wpdmcategory-hoje-descobri-o-ceu-uniao-com-deus-e-oracao-2022-2023"],"_links":{"self":[{"href":"https:\/\/gen4.focolare.org\/fr\/wp-json\/wp\/v2\/wpdmpro\/12793","targetHints":{"allow":["GET"]}}],"collection":[{"href":"https:\/\/gen4.focolare.org\/fr\/wp-json\/wp\/v2\/wpdmpro"}],"about":[{"href":"https:\/\/gen4.focolare.org\/fr\/wp-json\/wp\/v2\/types\/wpdmpro"}],"author":[{"embeddable":true,"href":"https:\/\/gen4.focolare.org\/fr\/wp-json\/wp\/v2\/users\/486"}],"replies":[{"embeddable":true,"href":"https:\/\/gen4.focolare.org\/fr\/wp-json\/wp\/v2\/comments?post=12793"}],"wp:featuredmedia":[{"embeddable":true,"href":"https:\/\/gen4.focolare.org\/fr\/wp-json\/wp\/v2\/media\/12951"}],"wp:attachment":[{"href":"https:\/\/gen4.focolare.org\/fr\/wp-json\/wp\/v2\/media?parent=12793"}],"wp:term":[{"taxonomy":"wpdmcategory","embeddable":true,"href":"https:\/\/gen4.focolare.org\/fr\/wp-json\/wp\/v2\/wpdmcategory?post=12793"},{"taxonomy":"wpdmtag","embeddable":true,"href":"https:\/\/gen4.focolare.org\/fr\/wp-json\/wp\/v2\/wpdmtag?post=12793"}],"curies":[{"name":"wp","href":"https:\/\/api.w.org\/{rel}","templated":true}]}}

03_ Hoje descobri o Céu: Etapa n.3

<p style="text-align: center;"><span style="color: #ff6600;"><strong><em>Maria ouve a voz de Deus e nos ajuda a falar com Jesus, Seu Filho</em></strong></span></p>
<p><span style="color: #ff6600;"><strong> </strong></span></p>
<p><span style="color: #ff6600;"><strong>A) Para os assistentes. </strong><strong>Ideias dos temas de Chiara: <em>Maria, modelo de união com Deus</em></strong></span></p>
<ul>
<li>Chiara falava muitas vezes de Maria, também como modelo de união com Deus. A seguir vemos outro trecho do discurso, já citado nas etapas anteriores, feito por Chiara em 1999 aos seus amigos muçulmanos: <em>« [&#8230;] <strong>A união com Deus nos leva quase espontaneamente a falar de Maria de Nazaré e do seu papel na oração, no qual é modelo para nós; pela sua interioridade e pelo seu recolhimento adorador diante do Mistério de Deus que traz em si.</strong> De fato, como podemos imaginar Maria? Como ela nos é descrita pelas Escrituras? Como é pintada, cantada, esculpida por artistas de todos os tempos? Certamente não como uma pessoa completamente extrovertida, agitada, apressada, sempre com pressa, atenta apenas ao que acontece exteriormente; mas sim como uma criatura, impregnada de beleza mística, que revela um imenso tesouro escondido em seu coração: Deus. Foi com grande surpresa e alegria que encontrei, além de tantos poetas do Oriente e do Ocidente cristãos, que cantavam os louvores de Maria, mesmo poetas do Islã que, inspirados pelas palavras do Alcorão, escreveram versos de grande beleza sobre Maria, sobre a sua união com Deus. […]”</em><span style="color: #0000ff;"> <a style="color: #0000ff;" href="#_ftn1" name="_ftnref1">[1]</a></span></li>
</ul>
<ul>
<li>Há muitos momentos na vida de Maria que podem nos ajudar a aprofundar os vários aspectos da oração, do “falar com Jesus”. Chiara, no Collegamento CH de 1989, havia falado: <em>« [&#8230;] <strong>o longo período em que Maria viveu ao lado de Jesus em profunda intimidade,</strong> em uma conversa tão excepcional que só é secundária em relação àquela que da eternidade se desenrola entre as Pessoas da Santíssima Trindade. Maria, durante aqueles longos anos, certamente falou muitas vezes com Jesus, e Jesus lhe respondeu. Jesus falou com Maria e Maria lhe respondeu. Mas o que eles terão dito um ao outro? Com certeza muitas coisas: a vida familiar, o trabalho, o meio ambiente, os costumes, a Bíblia&#8230; e quem sabe quantas outras coisas ainda desconhecidas para nós. Certamente aquela mãe era uma mãe especial e aquele Filho um filho especialíssimo. <strong>A relação entre Maria e Jesus, porém, foi sempre aquela entre uma criatura, ainda que altíssima, e o seu Criador. Isso nos faz lembrar, de alguma forma, também a nossa relação com Jesus, a nossa união com ele, com todas as expressões de amor, confiança, pedido, louvor que a caracterizam e que definimos &#8211; no sentido mais amplo &#8211; « oração ».”</strong></em> <span style="color: #0000ff;"><a style="color: #0000ff;" href="#_ftn2" name="_ftnref2">[2]</a></span></li>
</ul>
<p><strong><span style="color: #ff6600;">B) Objetivos do Encontro Gen4</span></strong></p>
<p>-Descobrir a « beleza » de Maria, a sua capacidade de acolher Jesus e de ouvi-lo (nota: o 2º encontro foi mais centrado na relação entre a união com Deus e o amor ao irmão, este é mais centrado na figura de Maria que nos conduz a Jesus).</p>
<p>-Descobrir que nós também, como Maria, podemos « perceber » o quanto os outros têm necessidades e ajudá-los a pedir ajuda a Jesus.</p>
<p>-Vamos descobrir como « falar com Jesus »</p>
<p><span style="color: #ff6600;"><strong>C) Conteúdo do encontro Gen4: gotas de luz com a Sagrada Escritura e com a Espiritualidade (respostas de Chiara)</strong></span></p>
<p><span style="color: #ff6600;"><strong>Sagrada Escritura: </strong></span></p>
<p><strong><em>&#8211; </em>Refazer alguns momentos da vida de Maria com fotos:</strong><strong> desde a infância Maria teve uma relação especial com Deus. Quando criança ela ia ao Templo para dizer a Deus: sou toda sua. Ela ouve e responde ao que Deus lhe pede quando o anjo chega. Acompanha Jesus em seu crescimento, com eventos especiais que não compreende imediatamente&#8230; mas guarda tudo em seu coração.</strong></p>
<p>&#8211; <strong>Analisar de forma mais ampla o episódio das</strong> <strong>bodas de Caná:</strong> Maria percebe o que está faltando e ajuda os servos a pedir a Jesus <strong><span style="color: #008000;">(Anexo C1)</span></strong></p>
<p><span style="color: #ff6600;"><strong>Espiritualidade:</strong></span></p>
<p><strong>&#8211; </strong><strong>Respostas de Chiara: </strong>como falar com Jesus <strong><span style="color: #008000;">(Anexo C2)</span></strong></p>
<p><strong>[…] Como é que você conversa com Jesus?  </strong><span style="color: #0000ff;"><a style="color: #0000ff;" href="#_ftn3" name="_ftnref3">[3]</a> </span></p>
<p><strong> </strong>Chiara: […] e mi perguntou: « como você reza, ou seja, como você fala com Jesus? » Eu procuro compreender as palavras que digo nas orações, por exemplo, no pai-nosso, na ave-maria, no glória e fazer com que sejam minhas, minhas, aquelas orações. Depois as digo a Jesus como se fossem minhas. Outras vezes, sobretudo depois da comunhão, procuro adorar Jesus, porque Ele é Deus, Ele é o Criador. Procuro agradecer-lhe por todo o bem e dons que Ele me concedeu: por me ter dado muitos gen 4 no Movimento e no mundo inteiro. Agradeço-lhe também todas as graças. Ou peço-lhe graças: « Dá-nos a graça de que muitos gen 4 se tornem santos […] ». É assim que rezo. (aplausos)</p>
<p><strong>[…] Como posso conversar com Jesus? </strong><span style="color: #0000ff;"><a style="color: #0000ff;" href="#_ftn4" name="_ftnref4"><em>[4]</em></a></span></p>
<p>Chiara: Para conversar com Jesus vocês devem fazer assim: Jesus está dentro do nosso coração, porque é espírito. Então é preciso fechar os olhos assim e entrar bem no fundo da nossa alma, rezar e dizer: « Jesus eu te amo; Jesus ajuda-me a fazer muitos atos de amor; Jesus multiplica na terra os gen 4; Jesus ajuda os meus pais; ajuda o meu avô; ajuda todos os meus amigos da escola e a professora », assim. Se estiverem numa igreja, vocês sabem que Jesus está no tabernáculo, por isso olhem para o tabernáculo e digam muitas coisas belas: « Eu quero ser a tua consolação; ajuda-me a ser boa; me dá uma bela vocação; que eu conquiste muitas gen 4 e muitos gen 4 ». É assim que conversamos com Jesus. (aplausos)</p>
<p>&nbsp;</p>
<p><strong><span style="color: #ff6600;">D) Ideias e outros materiais para a condução do encontro</span> <span style="color: #008000;">(Anexos D)</span></strong></p>
<p>__________________________________________________________________________________________</p>
<p><span style="font-size: 14px;"><span style="color: #0000ff;"><a style="color: #0000ff;" href="#_ftnref1" name="_ftn1">[1]</a> </span>C. Lubich, Castel Gandolfo, 25 de outubro de 1999, encontro com amigos muçulmanos, <em>“La preghiera, la meditazione e l&rsquo;unione con Dio”</em></span></p>
<p><span style="font-size: 14px;"><span style="color: #0000ff;"><a style="color: #0000ff;" href="#_ftnref2" name="_ftn2">[2]</a></span> C. Lubich, Collegamento CH de 23 de fevereiro de 1989, “<em>I quattro modi di pregare” </em>(publicado em: C. Lubich, <em>Buscar as coisas do alto</em><em>,</em> Roma 1992, p. 128-130.)</span></p>
<p><span style="font-size: 14px;"><span style="color: #0000ff;"><a style="color: #0000ff;" href="#_ftnref3" name="_ftn3">[3]</a> </span>C. Lubich, Castelgandolfo, 8.6.1996, Congresso gen4, 4.a risposta</span></p>
<p><span style="font-size: 14px;"><span style="color: #0000ff;"><a style="color: #0000ff;" href="#_ftnref4" name="_ftn4">[4]</a></span> C. Lubich, Argentina, 11.4.1998, ai gen4, 1.a risposta</span></p>
