{"id":12798,"date":"2023-01-27T16:01:32","date_gmt":"2023-01-27T15:01:32","guid":{"rendered":"https:\/\/gen4.focolare.org\/?post_type=wpdmpro&#038;p=12798"},"modified":"2024-01-21T15:54:38","modified_gmt":"2024-01-21T14:54:38","slug":"03_oggi-ho-scoperto-il-cielo-tappa-n-3","status":"publish","type":"wpdmpro","link":"https:\/\/gen4.focolare.org\/fr\/download\/03_oggi-ho-scoperto-il-cielo-tappa-n-3\/","title":{"rendered":"03_Oggi ho scoperto il cielo: Tappa n. 3"},"content":{"rendered":"<p>&nbsp;<\/p>\n<p style=\"text-align: center;\"><span style=\"color: #000080;\"><strong>\u00a0<\/strong><\/span><span style=\"color: #000080;\"><strong><em>Maria ascolta la voce di Dio e ci aiuta a parlare con Ges\u00f9, Suo Figlio<\/em><\/strong><\/span><\/p>\n<p style=\"text-align: center;\"><span style=\"color: #ff6600;\"><strong>A) Per gli assistenti. <\/strong><strong>Spunti dai temi di Chiara: <em>Maria modello di unione con Dio<\/em><\/strong><\/span><\/p>\n<ul>\n<li>Chiara ha parlato spesso di Maria, anche come modello di unione con Dio. Ecco ancora un brano dal discorso, gi\u00e0 citato nelle tappe precedenti, fatto da Chiara nel 1999 agli amici Mussulmani: <em>\u201c[\u2026] <strong>L&rsquo;unione con Dio ci porta poi quasi spontaneamente a parlare di Maria di Nazareth e del suo ruolo nella preghiera, in cui ci \u00e8 di modello; per la sua interiorit\u00e0, e il suo raccoglimento adorante di fronte al mistero di Dio che porta in s\u00e9<\/strong>. Infatti, come si pu\u00f2 immaginare Maria, come ci viene descritta dalla Scrittura? Come viene dipinta, cantata, scolpita dagli artisti di tutti i tempi? Non certo come una persona tutta estroversa, agitata, precipitosa, sempre di corsa, attenta unicamente a ci\u00f2 che avviene al di fuori. Ma come una creatura, soffusa di mistica bellezza, che rivela un immenso tesoro nascosto nel suo cuore: Dio. E&rsquo; stato con grande sorpresa e gioia che ho trovato, oltre a tanti poeti dell&rsquo;Oriente e dell&rsquo;Occidente cristiano, che hanno cantato le lodi di Maria, anche poeti dell&rsquo;Islam che, ispirati dalle parole del Corano, hanno scritto versi di grande bellezza su Maria, sulla sua unione con Dio. [\u2026] \u201c<\/em> <span style=\"color: #0000ff;\"><a style=\"color: #0000ff;\" href=\"#_ftn1\" name=\"_ftnref1\">[1]<\/a><\/span><\/li>\n<li>Sono molti i momenti della vita di Maria che ci possono aiutare ad approfondire i tanti aspetti della preghiera, del \u201cparlare con Ges\u00f9\u201d. Chiara, nel collegamento CH del 1989, aveva parlato del: <em>\u201c[\u2026] <strong>lungo periodo in cui Maria visse accanto a Ges\u00f9 in un\u2019intimit\u00e0 profonda<\/strong>, in un colloquio cos\u00ec eccezionale da essere secondo soltanto a quello che dall&rsquo;eternit\u00e0 si snoda fra le Persone della SS. Trinit\u00e0. Maria, in quei lunghi anni, ha certamente parlato spesso con Ges\u00f9, e Ges\u00f9 le ha risposto. Ges\u00f9 ha parlato con Maria e Maria gli ha risposto. Ma che cosa si saranno detti fra loro? Senz&rsquo;altro molte cose: della vita di famiglia, del lavoro, dell&rsquo;ambiente, delle usanze, della Bibbia&#8230; e chiss\u00e0 quante altre cose ancora a noi ignote. Certamente quella madre era una madre speciale e quel Figlio un figlio specialissimo. <strong>Il rapporto fra Maria e Ges\u00f9 era comunque sempre quello tra una creatura, seppur altissima, e il suo Creatore. Esso ci fa ricordare, in qualche modo, anche il nostro rapporto con Ges\u00f9, la nostra unione con lui, con tutte le espressioni di amore, di confidenza, di richiesta, di lode che lo caratterizzano e che noi definiamo \u2013 prendendo la cosa nel senso pi\u00f9 vasto \u2013 \u00ab\u00a0preghiera\u00a0\u00bb<\/strong>.\u201d<\/em> <span style=\"color: #0000ff;\"><a style=\"color: #0000ff;\" href=\"#_ftn2\" name=\"_ftnref2\">[2]<\/a><\/span><\/li>\n<\/ul>\n<p><strong><span style=\"color: #ff6600;\">B) Obiettivi dell\u2019Incontro GEN4<\/span><\/strong><\/p>\n<p>-Scoprire la \u201cbellezza\u201d di Maria, la sua capacit\u00e0 di accogliere Ges\u00f9 e di ascoltarlo (nota: il 2\u00b0 incontro era pi\u00f9 incentrato sul rapporto tra unione con Dio e amore al fratello, questo pi\u00f9 sulla figura di Maria che ci porta a Ges\u00f9).<\/p>\n<p>-Scoprire che anche noi, come ha fatto Maria, possiamo \u201caccorgerci\u201d di quanto gli altri hanno bisogno e aiutarli a chiedere aiuto a Ges\u00f9.<\/p>\n<p>-Scopriamo come \u201cparlare con Ges\u00f9\u201d<\/p>\n<p><strong><span style=\"color: #ff6600;\">C) Contenuti dell\u2019incontro GEN4: gocce di luce con la Sacra Scrittura <\/span><\/strong><strong><span style=\"color: #ff6600;\">e con la Spiritualit\u00e0 (risposte di Chiara)<\/span><\/strong><\/p>\n<p><span style=\"color: #ff6600;\"><strong>Sacra Scrittura: <\/strong><\/span><\/p>\n<p><strong><em>&#8211;<\/em>Ripercorrere con immagini qualche momento della vita di Maria:<\/strong><strong> Maria fin da bambina aveva un rapporto particolare con Dio. Da piccola va al Tempio per dire a Dio: sono tutta tua. Ascolta e risponde a quello che Dio le chiede quando arriva l\u2019angelo. Accompagna Ges\u00f9 nella crescita, con eventi speciali che subito non pu\u00f2 capire\u2026ma custodisce ogni cosa nel cuore.<\/strong><\/p>\n<p>&#8211;<strong>Fermarsi in modo pi\u00f9 ampio sull\u2019episodio delle<\/strong> <strong>nozze di Cana:<\/strong> Maria si accorge di quanto manca e aiuta i servitori a chiedere a Ges\u00f9 <strong><span style=\"color: #008000;\">(Allegato C1)<\/span><\/strong><\/p>\n<p><span style=\"color: #ff6600;\"><strong>Spiritualit\u00e0:<\/strong><\/span><\/p>\n<p><strong>&#8211;<\/strong><strong>Risposte di Chiara: <\/strong>come parlare con Ges\u00f9 <strong><span style=\"color: #008000;\">(Allegato C2)<\/span><\/strong><\/p>\n<p><strong>\u00abCome fai a parlare con Ges\u00f9?\u00bb<\/strong><span style=\"color: #0000ff;\"><a style=\"color: #0000ff;\" href=\"#_ftn3\" name=\"_ftnref3\">[3]<\/a> <\/span><\/p>\n<p><strong>Chiara:<\/strong>\u00a0 <em>[\u2026] mi ha chiesto: \u201cCome fai a pregare, in pratica, a parlare con Ges\u00f9?\u201d Io cerco di capire le parole che dico nelle preghiere, per esempio nel Padre nostro o nell\u2019Ave Maria o nel Gloria, e farle mie, mie, mie, mie proprio quelle preghiere. E poi le dico a Ges\u00f9, come fossero mie. Altre volte invece, specie dopo la Comunione, io cerco di adorare Ges\u00f9, perch\u00e9 Lui \u00e8 Dio, \u00e8 Creatore; cerco di ringraziarlo di tutti i beni che Lui mi ha fatto, di tutti i doni, come di avermi dato tantissimi Gen4 nel Movimento, tantissimi in tutto il mondo. Oppure cerco di dirgli grazie di tutte queste grazie. Oppure cerco anche di chiedergli grazie: \u201cDacci la grazia che tanti Gen4 diventino santi [\u2026]\u201d. Ecco, queste le mie preghiere.<\/em> (APPLAUSI)<\/p>\n<p><strong>\u00a0<\/strong><strong><em>\u201cCome si parla con Ges\u00f9?\u201d<\/em><\/strong><em><span style=\"color: #0000ff;\"><a style=\"color: #0000ff;\" href=\"#_ftn4\" name=\"_ftnref4\">[4]<\/a><\/span><\/em><\/p>\n<p><strong>Chiara:<\/strong>\u00a0 \u201c<em>Per parlare con Ges\u00f9 dovete fare cos\u00ec: Ges\u00f9 \u00e8 dentro nel cuore e ci sta perch\u00e9 \u00e8 spirito e allora bisogna chiudere gli occhi cos\u00ec e andar dentro con l\u2019anima e pregare e dire: \u201cGes\u00f9 ti amo, Ges\u00f9 fammi fare tanti atti d\u2019amore, Ges\u00f9 moltiplica sulla terra i Gen4, Ges\u00f9 aiuta i miei genitori, aiuta il mio nonno, aiuta tutti i miei compagni di scuola e la maestra\u201d, ecco. Se invece siete in Chiesa, Ges\u00f9 \u00e8 l\u00ec nel tabernacolo, allora dovete guardare il tabernacolo e dovete dire tante cose belle: \u201cIo voglio essere la tua consolazione, fammi crescere brava, dammi una bella vocazione, fammi conquistare tante Gen4 e tanti Gen4.\u201d Ecco si fa cos\u00ec a parlare a Ges\u00f9.<\/em> (APPLAUSI)<\/p>\n<p><strong>\u00a0<\/strong><\/p>\n<p><span style=\"color: #ff6600;\"><strong>D) Spunti e altro materiale per la conduzione dell\u2019incontro<\/strong> <\/span><span style=\"color: #008000;\"><strong>(Allegati D)<\/strong><\/span><\/p>\n<p><strong>_______________________________________________________________________________________<\/strong><\/p>\n<p>&nbsp;<\/p>\n<p><span style=\"font-size: 14px;\"><span style=\"color: #0000ff;\"><a style=\"color: #0000ff;\" href=\"#_ftnref1\" name=\"_ftn1\">[1]<\/a> <\/span>C. Lubich, Castel Gandolfo, 25 ottobre 1999, incontro amici mussulmani, <em>\u201cLa preghiera, la meditazione e l&rsquo;unione con Dio\u201d<\/em><\/span><\/p>\n<p><span style=\"font-size: 14px;\"><span style=\"color: #0000ff;\"><a style=\"color: #0000ff;\" href=\"#_ftnref2\" name=\"_ftn2\">[2]<\/a> <\/span>C. Lubich, Collegamento CH del 23 febbraio 1989, \u201c<em>I quattro modi di pregare\u201d<\/em> (pubblicato in: C. Lubich, <em>Cercando le cose di lass\u00f9<\/em>, Roma 1992, p. 128-130.)<\/span><\/p>\n<p><span style=\"font-size: 14px;\"><span style=\"color: #0000ff;\"><a style=\"color: #0000ff;\" href=\"#_ftnref3\" name=\"_ftn3\">[3]<\/a><\/span> C. Lubich, Castelgandolfo, 8.6.1996, Congresso gen4, 4.a risposta<\/span><\/p>\n<p><span style=\"font-size: 14px;\"><span style=\"color: #0000ff;\"><a style=\"color: #0000ff;\" href=\"#_ftnref4\" name=\"_ftn4\">[4]<\/a> <\/span>C. Lubich, Argentina, 11.4.1998, ai gen4, 1.a risposta<\/span><\/p>\n","protected":false},"excerpt":{"rendered":"<p>&nbsp; \u00a0Maria ascolta la voce di Dio e ci aiuta a &#8230; <\/p>\n","protected":false},"author":486,"featured_media":12939,"comment_status":"closed","ping_status":"closed","template":"page.php","meta":{"__wpdm_changelog":[]},"wpdmcategory":[489],"wpdmtag":[],"class_list":["post-12798","wpdmpro","type-wpdmpro","status-publish","has-post-thumbnail","hentry","wpdmcategory-oggi-ho-scoperto-il-cielo-unione-con-dio-e-preghiera_2022-2023"],"_links":{"self":[{"href":"https:\/\/gen4.focolare.org\/fr\/wp-json\/wp\/v2\/wpdmpro\/12798","targetHints":{"allow":["GET"]}}],"collection":[{"href":"https:\/\/gen4.focolare.org\/fr\/wp-json\/wp\/v2\/wpdmpro"}],"about":[{"href":"https:\/\/gen4.focolare.org\/fr\/wp-json\/wp\/v2\/types\/wpdmpro"}],"author":[{"embeddable":true,"href":"https:\/\/gen4.focolare.org\/fr\/wp-json\/wp\/v2\/users\/486"}],"replies":[{"embeddable":true,"href":"https:\/\/gen4.focolare.org\/fr\/wp-json\/wp\/v2\/comments?post=12798"}],"wp:featuredmedia":[{"embeddable":true,"href":"https:\/\/gen4.focolare.org\/fr\/wp-json\/wp\/v2\/media\/12939"}],"wp:attachment":[{"href":"https:\/\/gen4.focolare.org\/fr\/wp-json\/wp\/v2\/media?parent=12798"}],"wp:term":[{"taxonomy":"wpdmcategory","embeddable":true,"href":"https:\/\/gen4.focolare.org\/fr\/wp-json\/wp\/v2\/wpdmcategory?post=12798"},{"taxonomy":"wpdmtag","embeddable":true,"href":"https:\/\/gen4.focolare.org\/fr\/wp-json\/wp\/v2\/wpdmtag?post=12798"}],"curies":[{"name":"wp","href":"https:\/\/api.w.org\/{rel}","templated":true}]}}

<p>&nbsp;</p>
<p style="text-align: center;"><span style="color: #000080;"><strong> </strong></span><span style="color: #000080;"><strong><em>Maria ascolta la voce di Dio e ci aiuta a parlare con Gesù, Suo Figlio</em></strong></span></p>
<p style="text-align: center;"><span style="color: #ff6600;"><strong>A) Per gli assistenti. </strong><strong>Spunti dai temi di Chiara: <em>Maria modello di unione con Dio</em></strong></span></p>
<ul>
<li>Chiara ha parlato spesso di Maria, anche come modello di unione con Dio. Ecco ancora un brano dal discorso, già citato nelle tappe precedenti, fatto da Chiara nel 1999 agli amici Mussulmani: <em>“[…] <strong>L&rsquo;unione con Dio ci porta poi quasi spontaneamente a parlare di Maria di Nazareth e del suo ruolo nella preghiera, in cui ci è di modello; per la sua interiorità, e il suo raccoglimento adorante di fronte al mistero di Dio che porta in sé</strong>. Infatti, come si può immaginare Maria, come ci viene descritta dalla Scrittura? Come viene dipinta, cantata, scolpita dagli artisti di tutti i tempi? Non certo come una persona tutta estroversa, agitata, precipitosa, sempre di corsa, attenta unicamente a ciò che avviene al di fuori. Ma come una creatura, soffusa di mistica bellezza, che rivela un immenso tesoro nascosto nel suo cuore: Dio. E&rsquo; stato con grande sorpresa e gioia che ho trovato, oltre a tanti poeti dell&rsquo;Oriente e dell&rsquo;Occidente cristiano, che hanno cantato le lodi di Maria, anche poeti dell&rsquo;Islam che, ispirati dalle parole del Corano, hanno scritto versi di grande bellezza su Maria, sulla sua unione con Dio. […] “</em> <span style="color: #0000ff;"><a style="color: #0000ff;" href="#_ftn1" name="_ftnref1">[1]</a></span></li>
<li>Sono molti i momenti della vita di Maria che ci possono aiutare ad approfondire i tanti aspetti della preghiera, del “parlare con Gesù”. Chiara, nel collegamento CH del 1989, aveva parlato del: <em>“[…] <strong>lungo periodo in cui Maria visse accanto a Gesù in un’intimità profonda</strong>, in un colloquio così eccezionale da essere secondo soltanto a quello che dall&rsquo;eternità si snoda fra le Persone della SS. Trinità. Maria, in quei lunghi anni, ha certamente parlato spesso con Gesù, e Gesù le ha risposto. Gesù ha parlato con Maria e Maria gli ha risposto. Ma che cosa si saranno detti fra loro? Senz&rsquo;altro molte cose: della vita di famiglia, del lavoro, dell&rsquo;ambiente, delle usanze, della Bibbia&#8230; e chissà quante altre cose ancora a noi ignote. Certamente quella madre era una madre speciale e quel Figlio un figlio specialissimo. <strong>Il rapporto fra Maria e Gesù era comunque sempre quello tra una creatura, seppur altissima, e il suo Creatore. Esso ci fa ricordare, in qualche modo, anche il nostro rapporto con Gesù, la nostra unione con lui, con tutte le espressioni di amore, di confidenza, di richiesta, di lode che lo caratterizzano e che noi definiamo – prendendo la cosa nel senso più vasto – « preghiera »</strong>.”</em> <span style="color: #0000ff;"><a style="color: #0000ff;" href="#_ftn2" name="_ftnref2">[2]</a></span></li>
</ul>
<p><strong><span style="color: #ff6600;">B) Obiettivi dell’Incontro GEN4</span></strong></p>
<p>-Scoprire la “bellezza” di Maria, la sua capacità di accogliere Gesù e di ascoltarlo (nota: il 2° incontro era più incentrato sul rapporto tra unione con Dio e amore al fratello, questo più sulla figura di Maria che ci porta a Gesù).</p>
<p>-Scoprire che anche noi, come ha fatto Maria, possiamo “accorgerci” di quanto gli altri hanno bisogno e aiutarli a chiedere aiuto a Gesù.</p>
<p>-Scopriamo come “parlare con Gesù”</p>
<p><strong><span style="color: #ff6600;">C) Contenuti dell’incontro GEN4: gocce di luce con la Sacra Scrittura </span></strong><strong><span style="color: #ff6600;">e con la Spiritualità (risposte di Chiara)</span></strong></p>
<p><span style="color: #ff6600;"><strong>Sacra Scrittura: </strong></span></p>
<p><strong><em>&#8211;</em>Ripercorrere con immagini qualche momento della vita di Maria:</strong><strong> Maria fin da bambina aveva un rapporto particolare con Dio. Da piccola va al Tempio per dire a Dio: sono tutta tua. Ascolta e risponde a quello che Dio le chiede quando arriva l’angelo. Accompagna Gesù nella crescita, con eventi speciali che subito non può capire…ma custodisce ogni cosa nel cuore.</strong></p>
<p>&#8211;<strong>Fermarsi in modo più ampio sull’episodio delle</strong> <strong>nozze di Cana:</strong> Maria si accorge di quanto manca e aiuta i servitori a chiedere a Gesù <strong><span style="color: #008000;">(Allegato C1)</span></strong></p>
<p><span style="color: #ff6600;"><strong>Spiritualità:</strong></span></p>
<p><strong>&#8211;</strong><strong>Risposte di Chiara: </strong>come parlare con Gesù <strong><span style="color: #008000;">(Allegato C2)</span></strong></p>
<p><strong>«Come fai a parlare con Gesù?»</strong><span style="color: #0000ff;"><a style="color: #0000ff;" href="#_ftn3" name="_ftnref3">[3]</a> </span></p>
<p><strong>Chiara:</strong>  <em>[…] mi ha chiesto: “Come fai a pregare, in pratica, a parlare con Gesù?” Io cerco di capire le parole che dico nelle preghiere, per esempio nel Padre nostro o nell’Ave Maria o nel Gloria, e farle mie, mie, mie, mie proprio quelle preghiere. E poi le dico a Gesù, come fossero mie. Altre volte invece, specie dopo la Comunione, io cerco di adorare Gesù, perché Lui è Dio, è Creatore; cerco di ringraziarlo di tutti i beni che Lui mi ha fatto, di tutti i doni, come di avermi dato tantissimi Gen4 nel Movimento, tantissimi in tutto il mondo. Oppure cerco di dirgli grazie di tutte queste grazie. Oppure cerco anche di chiedergli grazie: “Dacci la grazia che tanti Gen4 diventino santi […]”. Ecco, queste le mie preghiere.</em> (APPLAUSI)</p>
<p><strong> </strong><strong><em>“Come si parla con Gesù?”</em></strong><em><span style="color: #0000ff;"><a style="color: #0000ff;" href="#_ftn4" name="_ftnref4">[4]</a></span></em></p>
<p><strong>Chiara:</strong>  “<em>Per parlare con Gesù dovete fare così: Gesù è dentro nel cuore e ci sta perché è spirito e allora bisogna chiudere gli occhi così e andar dentro con l’anima e pregare e dire: “Gesù ti amo, Gesù fammi fare tanti atti d’amore, Gesù moltiplica sulla terra i Gen4, Gesù aiuta i miei genitori, aiuta il mio nonno, aiuta tutti i miei compagni di scuola e la maestra”, ecco. Se invece siete in Chiesa, Gesù è lì nel tabernacolo, allora dovete guardare il tabernacolo e dovete dire tante cose belle: “Io voglio essere la tua consolazione, fammi crescere brava, dammi una bella vocazione, fammi conquistare tante Gen4 e tanti Gen4.” Ecco si fa così a parlare a Gesù.</em> (APPLAUSI)</p>
<p><strong> </strong></p>
<p><span style="color: #ff6600;"><strong>D) Spunti e altro materiale per la conduzione dell’incontro</strong> </span><span style="color: #008000;"><strong>(Allegati D)</strong></span></p>
<p><strong>_______________________________________________________________________________________</strong></p>
<p>&nbsp;</p>
<p><span style="font-size: 14px;"><span style="color: #0000ff;"><a style="color: #0000ff;" href="#_ftnref1" name="_ftn1">[1]</a> </span>C. Lubich, Castel Gandolfo, 25 ottobre 1999, incontro amici mussulmani, <em>“La preghiera, la meditazione e l&rsquo;unione con Dio”</em></span></p>
<p><span style="font-size: 14px;"><span style="color: #0000ff;"><a style="color: #0000ff;" href="#_ftnref2" name="_ftn2">[2]</a> </span>C. Lubich, Collegamento CH del 23 febbraio 1989, “<em>I quattro modi di pregare”</em> (pubblicato in: C. Lubich, <em>Cercando le cose di lassù</em>, Roma 1992, p. 128-130.)</span></p>
<p><span style="font-size: 14px;"><span style="color: #0000ff;"><a style="color: #0000ff;" href="#_ftnref3" name="_ftn3">[3]</a></span> C. Lubich, Castelgandolfo, 8.6.1996, Congresso gen4, 4.a risposta</span></p>
<p><span style="font-size: 14px;"><span style="color: #0000ff;"><a style="color: #0000ff;" href="#_ftnref4" name="_ftn4">[4]</a> </span>C. Lubich, Argentina, 11.4.1998, ai gen4, 1.a risposta</span></p>
