{"id":12929,"date":"2023-01-21T18:17:48","date_gmt":"2023-01-21T17:17:48","guid":{"rendered":"https:\/\/gen4.focolare.org\/?post_type=wpdmpro&#038;p=12929"},"modified":"2023-01-23T12:09:40","modified_gmt":"2023-01-23T11:09:40","slug":"kidsaction4peace-veux-tu-nous-donner-un-coup-de-main-toi-aussi","status":"publish","type":"wpdmpro","link":"https:\/\/gen4.focolare.org\/fr\/download\/kidsaction4peace-veux-tu-nous-donner-un-coup-de-main-toi-aussi\/","title":{"rendered":"KidsAction4Peace-Veux-tu nous donner un coup de main toi aussi?"},"content":{"rendered":"<p><img loading=\"lazy\" decoding=\"async\" class=\"alignnone  wp-image-12914\" src=\"https:\/\/gen4.focolare.org\/wp-content\/uploads\/2023\/01\/Kids4PLogo-300x128.png\" alt=\"\" width=\"630\" height=\"269\" srcset=\"https:\/\/gen4.focolare.org\/wp-content\/uploads\/2023\/01\/Kids4PLogo-300x128.png 300w, https:\/\/gen4.focolare.org\/wp-content\/uploads\/2023\/01\/Kids4PLogo-1024x436.png 1024w, https:\/\/gen4.focolare.org\/wp-content\/uploads\/2023\/01\/Kids4PLogo-768x327.png 768w, https:\/\/gen4.focolare.org\/wp-content\/uploads\/2023\/01\/Kids4PLogo-1536x654.png 1536w, https:\/\/gen4.focolare.org\/wp-content\/uploads\/2023\/01\/Kids4PLogo-2048x872.png 2048w, https:\/\/gen4.focolare.org\/wp-content\/uploads\/2023\/01\/Kids4PLogo-600x256.png 600w, https:\/\/gen4.focolare.org\/wp-content\/uploads\/2023\/01\/Kids4PLogo-1320x562.png 1320w\" sizes=\"auto, (max-width: 630px) 100vw, 630px\" \/><\/p>\n<p>Sur une id\u00e9e de 18 enfants et jeunes europ\u00e9ens se demandant comment aider leurs amis au c\u0153ur de la guerre en Ukraine, une campagne de sensibilisation pour demander la paix a commenc\u00e9 ces jours-ci, afin \u00ab\u00a0d&rsquo;atteindre les c\u0153urs\u00a0\u00bb des chefs d&rsquo;\u00e9tat et de gouvernement des diff\u00e9rents pays europ\u00e9ens. L&rsquo;id\u00e9e est de faire un dessin, d&rsquo;\u00e9crire un po\u00e8me ou une lettre sur la paix, de noter dessus #KidsAction4Peace, de demander \u00e0 cinq autres enfants minimum de faire de m\u00eame, de partager le message sur les r\u00e9seaux sociaux au moyen d&rsquo;une photo, et d&rsquo;envoyer le tout entre le 25 et le 30 janvier \u00e0 l&rsquo;adresse postale de ton chef d&rsquo;\u00c9tat ou de gouvernement ou m\u00eame celui d&rsquo;un autre pays de ton choix parmi la liste publi\u00e9e. Sofia, Agnese, Matteo, Costanza, Nicola, Mattia, Teresa, Cristina, Anastasia, Leonor, Margarida, Leonor, Joao, Leonor, Thim\u00e9o, Mathilde, Ad\u00e9line et Aur\u00e9lien sont les 18 enfants de 7 \u00e0 12 ans, d&rsquo;Italie, du Portugal et de Belgique, organisateurs de ce projet qui se terminera le 30 janvier, journ\u00e9e scolaire de la non-violence et de la paix, quelques jours avant le Conseil europ\u00e9en extraordinaire pr\u00e9vu les 9 et 10 f\u00e9vrier \u00e0 Bruxelles.<\/p>\n<p>&nbsp;<\/p>\n","protected":false},"excerpt":{"rendered":"<p>Sur une id\u00e9e de 18 enfants et jeunes europ\u00e9ens se demandant &#8230; <\/p>\n","protected":false},"author":3,"featured_media":12909,"comment_status":"closed","ping_status":"closed","template":"page.php","meta":{"__wpdm_changelog":[]},"wpdmcategory":[241],"wpdmtag":[],"class_list":["post-12929","wpdmpro","type-wpdmpro","status-publish","has-post-thumbnail","hentry","wpdmcategory-autres-activites"],"_links":{"self":[{"href":"https:\/\/gen4.focolare.org\/fr\/wp-json\/wp\/v2\/wpdmpro\/12929","targetHints":{"allow":["GET"]}}],"collection":[{"href":"https:\/\/gen4.focolare.org\/fr\/wp-json\/wp\/v2\/wpdmpro"}],"about":[{"href":"https:\/\/gen4.focolare.org\/fr\/wp-json\/wp\/v2\/types\/wpdmpro"}],"author":[{"embeddable":true,"href":"https:\/\/gen4.focolare.org\/fr\/wp-json\/wp\/v2\/users\/3"}],"replies":[{"embeddable":true,"href":"https:\/\/gen4.focolare.org\/fr\/wp-json\/wp\/v2\/comments?post=12929"}],"wp:featuredmedia":[{"embeddable":true,"href":"https:\/\/gen4.focolare.org\/fr\/wp-json\/wp\/v2\/media\/12909"}],"wp:attachment":[{"href":"https:\/\/gen4.focolare.org\/fr\/wp-json\/wp\/v2\/media?parent=12929"}],"wp:term":[{"taxonomy":"wpdmcategory","embeddable":true,"href":"https:\/\/gen4.focolare.org\/fr\/wp-json\/wp\/v2\/wpdmcategory?post=12929"},{"taxonomy":"wpdmtag","embeddable":true,"href":"https:\/\/gen4.focolare.org\/fr\/wp-json\/wp\/v2\/wpdmtag?post=12929"}],"curies":[{"name":"wp","href":"https:\/\/api.w.org\/{rel}","templated":true}]}}

<p><img loading="lazy" decoding="async" class="alignnone  wp-image-12914" src="https://gen4.focolare.org/wp-content/uploads/2023/01/Kids4PLogo-300x128.png" alt="" width="630" height="269" srcset="https://gen4.focolare.org/wp-content/uploads/2023/01/Kids4PLogo-300x128.png 300w, https://gen4.focolare.org/wp-content/uploads/2023/01/Kids4PLogo-1024x436.png 1024w, https://gen4.focolare.org/wp-content/uploads/2023/01/Kids4PLogo-768x327.png 768w, https://gen4.focolare.org/wp-content/uploads/2023/01/Kids4PLogo-1536x654.png 1536w, https://gen4.focolare.org/wp-content/uploads/2023/01/Kids4PLogo-2048x872.png 2048w, https://gen4.focolare.org/wp-content/uploads/2023/01/Kids4PLogo-600x256.png 600w, https://gen4.focolare.org/wp-content/uploads/2023/01/Kids4PLogo-1320x562.png 1320w" sizes="auto, (max-width: 630px) 100vw, 630px" /></p>
<p>Sur une idée de 18 enfants et jeunes européens se demandant comment aider leurs amis au cœur de la guerre en Ukraine, une campagne de sensibilisation pour demander la paix a commencé ces jours-ci, afin « d&rsquo;atteindre les cœurs » des chefs d&rsquo;état et de gouvernement des différents pays européens. L&rsquo;idée est de faire un dessin, d&rsquo;écrire un poème ou une lettre sur la paix, de noter dessus #KidsAction4Peace, de demander à cinq autres enfants minimum de faire de même, de partager le message sur les réseaux sociaux au moyen d&rsquo;une photo, et d&rsquo;envoyer le tout entre le 25 et le 30 janvier à l&rsquo;adresse postale de ton chef d&rsquo;État ou de gouvernement ou même celui d&rsquo;un autre pays de ton choix parmi la liste publiée. Sofia, Agnese, Matteo, Costanza, Nicola, Mattia, Teresa, Cristina, Anastasia, Leonor, Margarida, Leonor, Joao, Leonor, Thiméo, Mathilde, Adéline et Aurélien sont les 18 enfants de 7 à 12 ans, d&rsquo;Italie, du Portugal et de Belgique, organisateurs de ce projet qui se terminera le 30 janvier, journée scolaire de la non-violence et de la paix, quelques jours avant le Conseil européen extraordinaire prévu les 9 et 10 février à Bruxelles.</p>
<p>&nbsp;</p>

<p>Sur une idée de 18 enfants et jeunes européens se demandant &#8230; </p>
