{"id":23537,"date":"2026-02-10T17:02:25","date_gmt":"2026-02-10T16:02:25","guid":{"rendered":"https:\/\/gen4.focolare.org\/?post_type=wpdmpro&#038;p=23537"},"modified":"2026-02-22T16:02:42","modified_gmt":"2026-02-22T15:02:42","slug":"un-nuovo-video-su-l-arte-damare-e-il-dado-dellamore","status":"publish","type":"wpdmpro","link":"https:\/\/gen4.focolare.org\/fr\/download\/un-nuovo-video-su-l-arte-damare-e-il-dado-dellamore\/","title":{"rendered":"Un nuovo video su l\u2019 \u201cArte d\u2019amare\u201d e il \u201cdado dell\u2019amore\u201d"},"content":{"rendered":"<p>L\u2019 <strong>\u201carte d\u2019amare\u201d<\/strong> \u00e8 stata chiamata cos\u00ec da Chiara nel 1997 a Taipei<sup> 1<\/sup> ed \u00e8 articolata in 6 punti che Ges\u00f9 stesso ha fatto scoprire a Chiara nei primi tempi del Movimento, portando lei e le prime focolarine a scoprire una novit\u00e0 di vita evangelica da mettere in pratica. \u00c8 stata una scuola, un \u201cpercorso\u201d che le ha portate in modo vitale ad entrare nel cuore della Buona Novella. Sono punti che Chiara ha riportato in tantissimi discorsi prima e dopo il 1997 e che ha condiviso con i pubblici pi\u00f9 vari. Nel 1998, Chiara li ha spiegati anche ai pi\u00f9 piccoli, rispondendo alla difficile domanda: <strong><em>\u201cChiara, io voglio diventare come Ges\u00f9, come posso fare?\u201d<\/em><\/strong> e dando loro un \u201cdado\u201d speciale, nato dall\u2019intuizione della focolarina-pedagogista Roseli Weber, che riporta sulle facce i 6 punti. Il dado dell\u2019amore, come sappiamo,\u200b \u00e8 un dado che riporta sulle 6 facce \u200b\u200b6 caratteristiche \u200bdell\u2019amore evangelico \u200bvissute \u200bfin dall\u2019inizio del Movimento\u200b<\/p>\n<p>-L\u2019asse portante del video<strong> \u201c<\/strong><strong>Il dado dell\u2019amore: un \u201ctesoro\u201d da scoprire! 6 \u201csegreti\u201d per \u201caver amore verso chi vive accanto a noi\u201d, <\/strong>\u00e8 la risposta di Chiara che spiega ai gen4 l\u2019Arte d\u2019Amare, illustrata con animazioni ed esperienze.<\/p>\n<p>-Ma il video parte dall\u2019 \u201cindignazione\u201d che bambini e bambine di varie parti del mondo hanno manifestato di fronte al continuo \u201cassistere\u201d ai drammi visti direttamente o in televisione. Il loro \u201cBasta!\u201d come sappiamo si \u00e8 tramutato in appelli a chi poteva fare qualcosa (come il manifesto scritto dai gen4 del Portogallo nel 2021 portato da loro ad un incontro molto importante, il Summit dell\u2019Unione Europea <sup>2<\/sup>), in poesie (come quella scritta qualche anno fa da una gen4 dell\u2019Uruguay di 7 anni), in azioni concrete (come nel 2023: \u201cKidsAction4Peace\u201d<sup>3<\/sup>). E\u2019 un \u201cbasta\u201d che mette in moto l\u2019amore, un amore che non ha confini, capace di uno \u201csguardo\u201d nuovo verso l\u2019altro, guardando \u201cogni fratello amando\u201d.<\/p>\n<p>-Vi proponiamo il video in due versioni:<\/p>\n<p>-Un video unico.<\/p>\n<p>-Diviso in 3 parti. Ogni parte inizia con titolo e breve riepilogo.<\/p>\n<p>-1) <strong>Basta! Dobbiamo fare qualcosa:<\/strong> introduzione e primo punto dell\u2019Arte d\u2019Amare, seguendo la risposta di Chiara (Amare tutti)<\/p>\n<p>-2) <strong>Amare in modo \u201cnuovo\u201d:<\/strong> 2\u00b0 e 3\u00b0 punto dell\u2019Arte d\u2019Amare (Amare per primi \u2013 Amare Ges\u00f9 nell\u2019altro)<\/p>\n<p>-3) <strong>L\u2019amore che ci fa fratelli e sorelle:<\/strong> 4\u00b0-5\u00b0-6\u00b0 punto dell\u2019Arte d\u2019Amare (Amare l\u2019altro come s\u00e9 \u2013 Amarsi a vicenda \u2013 Amare il nemico ) e conclusione.<\/p>\n<p><span style=\"color: #ff0000;\">-E\u2019 anche disponibile una proposta di <strong>\u201cpercorso\u201d per \u201cimparare\u201d l\u2019arte di amare<\/strong>, con materiale vario, da svolgere con gruppi di bambini, coinvolgendo anche, volendo i genitori <sup>4<\/sup>.<\/span><\/p>\n<p>_______________<\/p>\n<p><sup>1 <\/sup>\u201c[\u2026] Ma, dice un pensatore: \u00ab\u00a0Amare, \u00e8 bene. Saper amare \u00e8 tutto\u00a0\u00bb. Vogliono, quindi, saper amare. S\u00ec, perch\u00e9 l&rsquo;amore cristiano \u00e8 un&rsquo;arte: e occorre conoscere quest&rsquo;arte di amare.[\u2026]\u201d (C.Lubich, Giornata con la comunit\u00e0 ecclesiale di Taipei (Taiwan), 26.1.1997)<\/p>\n<p><sup>\u00a0<\/sup><sup>2 <\/sup>Vedi: https:\/\/gen4.focolare.org\/download\/se-vi-prenderete-cura-di-noi-noi-ci-prenderemo-cura-del-mondo\/<\/p>\n<p><sup>3 <\/sup>Vedi: <a href=\"https:\/\/gen4.focolare.org\/download\/kidsaction4peace-vuoi-darci-una-mano-anche-tu\/\">https:\/\/gen4.focolare.org\/download\/kidsaction4peace-vuoi-darci-una-mano-anche-tu\/<\/a><\/p>\n<p><span style=\"color: #ff0000;\"><sup>4 <\/sup>Vedi: https:\/\/gen4.focolare.org\/download\/2025_2026_il-dado-dellamore_un-tesoro-da-scoprire\/<\/span><\/p>\n","protected":false},"excerpt":{"rendered":"<p>L\u2019 \u201carte d\u2019amare\u201d \u00e8 stata chiamata cos\u00ec da Chiara nel 1997 &#8230; <\/p>\n","protected":false},"author":3,"featured_media":23357,"comment_status":"closed","ping_status":"closed","template":"page.php","meta":{"__wpdm_changelog":[]},"wpdmcategory":[86],"wpdmtag":[],"class_list":["post-23537","wpdmpro","type-wpdmpro","status-publish","has-post-thumbnail","hentry","wpdmcategory-materiale-dado"],"_links":{"self":[{"href":"https:\/\/gen4.focolare.org\/fr\/wp-json\/wp\/v2\/wpdmpro\/23537","targetHints":{"allow":["GET"]}}],"collection":[{"href":"https:\/\/gen4.focolare.org\/fr\/wp-json\/wp\/v2\/wpdmpro"}],"about":[{"href":"https:\/\/gen4.focolare.org\/fr\/wp-json\/wp\/v2\/types\/wpdmpro"}],"author":[{"embeddable":true,"href":"https:\/\/gen4.focolare.org\/fr\/wp-json\/wp\/v2\/users\/3"}],"replies":[{"embeddable":true,"href":"https:\/\/gen4.focolare.org\/fr\/wp-json\/wp\/v2\/comments?post=23537"}],"wp:featuredmedia":[{"embeddable":true,"href":"https:\/\/gen4.focolare.org\/fr\/wp-json\/wp\/v2\/media\/23357"}],"wp:attachment":[{"href":"https:\/\/gen4.focolare.org\/fr\/wp-json\/wp\/v2\/media?parent=23537"}],"wp:term":[{"taxonomy":"wpdmcategory","embeddable":true,"href":"https:\/\/gen4.focolare.org\/fr\/wp-json\/wp\/v2\/wpdmcategory?post=23537"},{"taxonomy":"wpdmtag","embeddable":true,"href":"https:\/\/gen4.focolare.org\/fr\/wp-json\/wp\/v2\/wpdmtag?post=23537"}],"curies":[{"name":"wp","href":"https:\/\/api.w.org\/{rel}","templated":true}]}}

<p>L’ <strong>“arte d’amare”</strong> è stata chiamata così da Chiara nel 1997 a Taipei<sup> 1</sup> ed è articolata in 6 punti che Gesù stesso ha fatto scoprire a Chiara nei primi tempi del Movimento, portando lei e le prime focolarine a scoprire una novità di vita evangelica da mettere in pratica. È stata una scuola, un “percorso” che le ha portate in modo vitale ad entrare nel cuore della Buona Novella. Sono punti che Chiara ha riportato in tantissimi discorsi prima e dopo il 1997 e che ha condiviso con i pubblici più vari. Nel 1998, Chiara li ha spiegati anche ai più piccoli, rispondendo alla difficile domanda: <strong><em>“Chiara, io voglio diventare come Gesù, come posso fare?”</em></strong> e dando loro un “dado” speciale, nato dall’intuizione della focolarina-pedagogista Roseli Weber, che riporta sulle facce i 6 punti. Il dado dell’amore, come sappiamo,​ è un dado che riporta sulle 6 facce ​​6 caratteristiche ​dell’amore evangelico ​vissute ​fin dall’inizio del Movimento​</p>
<p>-L’asse portante del video<strong> “</strong><strong>Il dado dell’amore: un “tesoro” da scoprire! 6 “segreti” per “aver amore verso chi vive accanto a noi”, </strong>è la risposta di Chiara che spiega ai gen4 l’Arte d’Amare, illustrata con animazioni ed esperienze.</p>
<p>-Ma il video parte dall’ “indignazione” che bambini e bambine di varie parti del mondo hanno manifestato di fronte al continuo “assistere” ai drammi visti direttamente o in televisione. Il loro “Basta!” come sappiamo si è tramutato in appelli a chi poteva fare qualcosa (come il manifesto scritto dai gen4 del Portogallo nel 2021 portato da loro ad un incontro molto importante, il Summit dell’Unione Europea <sup>2</sup>), in poesie (come quella scritta qualche anno fa da una gen4 dell’Uruguay di 7 anni), in azioni concrete (come nel 2023: “KidsAction4Peace”<sup>3</sup>). E’ un “basta” che mette in moto l’amore, un amore che non ha confini, capace di uno “sguardo” nuovo verso l’altro, guardando “ogni fratello amando”.</p>
<p>-Vi proponiamo il video in due versioni:</p>
<p>-Un video unico.</p>
<p>-Diviso in 3 parti. Ogni parte inizia con titolo e breve riepilogo.</p>
<p>-1) <strong>Basta! Dobbiamo fare qualcosa:</strong> introduzione e primo punto dell’Arte d’Amare, seguendo la risposta di Chiara (Amare tutti)</p>
<p>-2) <strong>Amare in modo “nuovo”:</strong> 2° e 3° punto dell’Arte d’Amare (Amare per primi – Amare Gesù nell’altro)</p>
<p>-3) <strong>L’amore che ci fa fratelli e sorelle:</strong> 4°-5°-6° punto dell’Arte d’Amare (Amare l’altro come sé – Amarsi a vicenda – Amare il nemico ) e conclusione.</p>
<p><span style="color: #ff0000;">-E’ anche disponibile una proposta di <strong>“percorso” per “imparare” l’arte di amare</strong>, con materiale vario, da svolgere con gruppi di bambini, coinvolgendo anche, volendo i genitori <sup>4</sup>.</span></p>
<p>_______________</p>
<p><sup>1 </sup>“[…] Ma, dice un pensatore: « Amare, è bene. Saper amare è tutto ». Vogliono, quindi, saper amare. Sì, perché l&rsquo;amore cristiano è un&rsquo;arte: e occorre conoscere quest&rsquo;arte di amare.[…]” (C.Lubich, Giornata con la comunità ecclesiale di Taipei (Taiwan), 26.1.1997)</p>
<p><sup> </sup><sup>2 </sup>Vedi: https://gen4.focolare.org/download/se-vi-prenderete-cura-di-noi-noi-ci-prenderemo-cura-del-mondo/</p>
<p><sup>3 </sup>Vedi: <a href="https://gen4.focolare.org/download/kidsaction4peace-vuoi-darci-una-mano-anche-tu/">https://gen4.focolare.org/download/kidsaction4peace-vuoi-darci-una-mano-anche-tu/</a></p>
<p><span style="color: #ff0000;"><sup>4 </sup>Vedi: https://gen4.focolare.org/download/2025_2026_il-dado-dellamore_un-tesoro-da-scoprire/</span></p>

<p>L’ “arte d’amare” è stata chiamata così da Chiara nel 1997 &#8230; </p>
