{"id":23562,"date":"2026-02-19T17:36:52","date_gmt":"2026-02-19T16:36:52","guid":{"rendered":"https:\/\/gen4.focolare.org\/?post_type=wpdmpro&#038;p=23562"},"modified":"2026-02-22T16:01:10","modified_gmt":"2026-02-22T15:01:10","slug":"une-nouvelle-video-sur-lart-daimer-et-le-de-de-lamour","status":"publish","type":"wpdmpro","link":"https:\/\/gen4.focolare.org\/fr\/download\/une-nouvelle-video-sur-lart-daimer-et-le-de-de-lamour\/","title":{"rendered":"Une nouvelle vid\u00e9o sur \u00ab L&rsquo;art d&rsquo;aimer \u00bb et le \u00ab d\u00e9 de l&rsquo;amour \u00bb"},"content":{"rendered":"<p><strong><em>\u00ab\u00a0L\u2019art d\u2019aimer\u00a0\u00bb<\/em><\/strong> a \u00e9t\u00e9 appel\u00e9 ainsi par Chiara en 1997 \u00e0 Taipei<sup>1<\/sup> et s\u2019articule en six points que J\u00e9sus lui-m\u00eame a fait d\u00e9couvrir \u00e0 Chiara aux premiers temps du Mouvement, ainsi qu\u2019aux premi\u00e8res focolarines, une nouveaut\u00e9 de vie \u00e9vang\u00e9lique \u00e0 mettre en pratique. Ce fut une \u00e9cole, un \u00ab\u00a0<em>parcours\u00a0\u00bb<\/em> qui les a men\u00e9es \u00e0 entrer par la vie dans le c\u0153ur de la Bonne Nouvelle. Ce sont des points que Chiara a rappel\u00e9s dans de nombreux discours, avant et apr\u00e8s 1997, et qu\u2019elle a partag\u00e9s avec les publics les plus diff\u00e9rents. En 1998, Chiara les a aussi expliqu\u00e9s aux enfants, en r\u00e9pondant \u00e0 cette question difficile\u00a0: <strong><em>\u00ab\u00a0Chiara, j\u2019aimerais devenir comme J\u00e9sus, qu\u2019est-ce que je peux faire\u00a0?\u00a0\u00bb <\/em><\/strong>Elle leur a alors remis un <em>\u00ab\u00a0d\u00e9\u00a0\u00bb<\/em>, un d\u00e9 sp\u00e9cial, n\u00e9 de l\u2019intuition de la focolarine p\u00e9dagogue Roseli Weber, un d\u00e9 qui pr\u00e9sente sur ses faces les 6 points.<\/p>\n<p>&#8211; La base de cette vid\u00e9o <strong><em>\u00ab\u00a0<\/em><\/strong><strong><em>Le d\u00e9 de l\u2019amour\u00a0: un \u00ab\u00a0tr\u00e9sor\u00a0\u00bb \u00e0 d\u00e9couvrir\u00a0! 6 \u00ab\u00a0secrets\u00a0\u00bb pour\u00a0aimer celui qui se trouve \u00e0 c\u00f4t\u00e9 de nous\u00a0\u00bb,<\/em><\/strong><strong>\u00a0<\/strong>est la r\u00e9ponse de Chiara qui explique aux Gen4 l\u2019art d\u2019aimer, illustr\u00e9 avec des animations et des exp\u00e9riences.<\/p>\n<p>&#8211; Mais la vid\u00e9o commence par l\u2019\u00a0\u00bb<em>indignation<\/em>\u00a0\u00bb que des enfants de diff\u00e9rentes parties du monde ont manifest\u00e9e face au fait d\u2019assister continuellement \u00e0 des drames, que ce soit directement ou \u00e0 la t\u00e9l\u00e9vision. Leur\u00a0: <em>\u00ab\u00a0\u00c7a suffit !\u00a0\u00bb<\/em> s\u2019est transform\u00e9, comme nous le savons, en appels \u00e0 ceux qui pouvaient faire quelque chose, comme le manifeste \u00e9crit par les Gen4 du Portugal en 2021 et qu\u2019ils ont eux-m\u00eames apport\u00e9 \u00e0 une r\u00e9union tr\u00e8s importante, le <em>Sommet <\/em>de l\u2019Union Europ\u00e9enne2)\u00a0; ou sous forme de po\u00e9sies (comme celle qui a \u00e9t\u00e9 \u00e9crite il y a quelques ann\u00e9es par un Gen4 de 7 ans de l\u2019Uruguay)\u00a0; ou encore par des actions concr\u00e8tes (comme en 2023\u00a0: \u00ab\u00a0<em>KidsAction4Peace<\/em>3\u00a0\u00bb). C\u2019est un \u00ab\u00a0<em>\u00c7a suffit\u00a0!<\/em>\u00a0\u00bb qui met en marche l\u2019amour, un amour sans limites, capable d\u2019un \u00ab\u00a0<em>regard<\/em>\u00a0\u00bb nouveau sur l\u2019autre, de regarder \u00ab\u00a0<em>chaque fr\u00e8re en aimant\u00a0\u00bb.<\/em><\/p>\n<p>Nous vous proposons la vid\u00e9o en deux versions\u00a0:<\/p>\n<p>&#8211; Une vid\u00e9o compl\u00e8te,<\/p>\n<p>&#8211; Une vid\u00e9o divis\u00e9e en trois parties. Chaque partie avec un titre et un bref r\u00e9sum\u00e9.<\/p>\n<ol>\n<li><strong>\u00c7<\/strong><strong>a suffit\u00a0! Nous devons faire quelque chose\u00a0: <\/strong>introduction et premier point de l\u2019art d\u2019aimer, suivant la r\u00e9ponse de Chiara (<em>Aimer tout le monde<\/em>).<\/li>\n<li><strong>Aimer de mani\u00e8re \u00ab\u00a0<em>nouvelle<\/em>\u00a0\u00bb\u00a0: <\/strong>2<sup>e<\/sup> et 3<sup>e<\/sup> points de l\u2019art d\u2019aimer (Aimer en premier \u2013 Aimer J\u00e9sus dans l\u2019autre).<\/li>\n<li><strong>L\u2019amour qui fait de nous des fr\u00e8res et des s\u0153urs\u00a0: <\/strong>4<sup>e<\/sup>, 5<sup>e<\/sup> et 6<sup>e<\/sup> points de l\u2019Art d\u2019aimer (Aimer l\u2019autre comme soi-m\u00eame\u2013 S\u2019aimer les uns les autres\u2013 Aimer son ennemi) et conclusion.<\/li>\n<\/ol>\n<p><span style=\"color: #ff0000;\">-Une proposition de <strong>\u00ab parcours \u00bb <\/strong>pour <strong>\u00ab apprendre \u00bb l&rsquo;art d&rsquo;aimer<\/strong> est \u00e9galement disponible, avec du mat\u00e9riel vari\u00e9, \u00e0 r\u00e9aliser avec des groupes d&rsquo;enfants, en impliquant \u00e9galement les parents si vous le souhaitez. <sup>4<\/sup>.<\/span><\/p>\n<p>___________________<\/p>\n<p><sup>1<\/sup> \u00ab [\u2026] un penseur a dit : \u00ab\u00a0Aimer c\u2019est bien. Savoir aimer c\u2019est tout\u00a0\u00bb Ils d\u00e9sirent donc savoir aimer. Oui, car l\u2019amour chr\u00e9tien est un art : et il faut connaitre cet art d\u2019aimer. [\u2026] \u00bb (C. Lubich, Journ\u00e9e avec la communaut\u00e9 eccl\u00e9siale de Taipei (Taiwan), 26.01.1997).<\/p>\n<p>2 Voir\u00a0: <a href=\"https:\/\/gen4.focolare.org\/fr\/download\/si-vous-prenez-soin-de-nous-nous-nous-prendrons-soin-du-monde\/\">https:\/\/gen4.focolare.org\/fr\/download\/si-vous-prenez-soin-de-nous-nous-nous-prendrons-soin-du-monde\/<\/a><\/p>\n<p>3 Voir\u00a0:<a href=\"https:\/\/gen4.focolare.org\/fr\/download\/kidsaction4peace-veux-tu-nous-donner-un-coup-de-main-toi-aussi\/\">https:\/\/gen4.focolare.org\/fr\/download\/kidsaction4peace-veux-tu-nous-donner-un-coup-de-main-toi-aussi\/<\/a><\/p>\n<p><span style=\"color: #ff0000;\"><sup><span style=\"font-size: 16px;\">4 Voir:\u00a0<\/span> <span style=\"font-size: 16px;\">https:\/\/gen4.focolare.org\/download\/2025_2026_le-de-de-lamour_un-tresor-a-decouvrir\/<\/span><\/sup><\/span><\/p>\n","protected":false},"excerpt":{"rendered":"<p>\u00ab\u00a0L\u2019art d\u2019aimer\u00a0\u00bb a \u00e9t\u00e9 appel\u00e9 ainsi par Chiara en 1997 \u00e0 &#8230; <\/p>\n","protected":false},"author":3,"featured_media":23559,"comment_status":"closed","ping_status":"closed","template":"page.php","meta":{"__wpdm_changelog":[]},"wpdmcategory":[150],"wpdmtag":[],"class_list":["post-23562","wpdmpro","type-wpdmpro","status-publish","has-post-thumbnail","hentry","wpdmcategory-le-de-materiel"],"_links":{"self":[{"href":"https:\/\/gen4.focolare.org\/fr\/wp-json\/wp\/v2\/wpdmpro\/23562","targetHints":{"allow":["GET"]}}],"collection":[{"href":"https:\/\/gen4.focolare.org\/fr\/wp-json\/wp\/v2\/wpdmpro"}],"about":[{"href":"https:\/\/gen4.focolare.org\/fr\/wp-json\/wp\/v2\/types\/wpdmpro"}],"author":[{"embeddable":true,"href":"https:\/\/gen4.focolare.org\/fr\/wp-json\/wp\/v2\/users\/3"}],"replies":[{"embeddable":true,"href":"https:\/\/gen4.focolare.org\/fr\/wp-json\/wp\/v2\/comments?post=23562"}],"wp:featuredmedia":[{"embeddable":true,"href":"https:\/\/gen4.focolare.org\/fr\/wp-json\/wp\/v2\/media\/23559"}],"wp:attachment":[{"href":"https:\/\/gen4.focolare.org\/fr\/wp-json\/wp\/v2\/media?parent=23562"}],"wp:term":[{"taxonomy":"wpdmcategory","embeddable":true,"href":"https:\/\/gen4.focolare.org\/fr\/wp-json\/wp\/v2\/wpdmcategory?post=23562"},{"taxonomy":"wpdmtag","embeddable":true,"href":"https:\/\/gen4.focolare.org\/fr\/wp-json\/wp\/v2\/wpdmtag?post=23562"}],"curies":[{"name":"wp","href":"https:\/\/api.w.org\/{rel}","templated":true}]}}

Une nouvelle vidéo sur « L&rsquo;art d&rsquo;aimer » et le « dé de l&rsquo;amour »

<p><strong><em>« L’art d’aimer »</em></strong> a été appelé ainsi par Chiara en 1997 à Taipei<sup>1</sup> et s’articule en six points que Jésus lui-même a fait découvrir à Chiara aux premiers temps du Mouvement, ainsi qu’aux premières focolarines, une nouveauté de vie évangélique à mettre en pratique. Ce fut une école, un « <em>parcours »</em> qui les a menées à entrer par la vie dans le cœur de la Bonne Nouvelle. Ce sont des points que Chiara a rappelés dans de nombreux discours, avant et après 1997, et qu’elle a partagés avec les publics les plus différents. En 1998, Chiara les a aussi expliqués aux enfants, en répondant à cette question difficile : <strong><em>« Chiara, j’aimerais devenir comme Jésus, qu’est-ce que je peux faire ? » </em></strong>Elle leur a alors remis un <em>« dé »</em>, un dé spécial, né de l’intuition de la focolarine pédagogue Roseli Weber, un dé qui présente sur ses faces les 6 points.</p>
<p>&#8211; La base de cette vidéo <strong><em>« </em></strong><strong><em>Le dé de l’amour : un « trésor » à découvrir ! 6 « secrets » pour aimer celui qui se trouve à côté de nous »,</em></strong><strong> </strong>est la réponse de Chiara qui explique aux Gen4 l’art d’aimer, illustré avec des animations et des expériences.</p>
<p>&#8211; Mais la vidéo commence par l’ »<em>indignation</em> » que des enfants de différentes parties du monde ont manifestée face au fait d’assister continuellement à des drames, que ce soit directement ou à la télévision. Leur : <em>« Ça suffit ! »</em> s’est transformé, comme nous le savons, en appels à ceux qui pouvaient faire quelque chose, comme le manifeste écrit par les Gen4 du Portugal en 2021 et qu’ils ont eux-mêmes apporté à une réunion très importante, le <em>Sommet </em>de l’Union Européenne2) ; ou sous forme de poésies (comme celle qui a été écrite il y a quelques années par un Gen4 de 7 ans de l’Uruguay) ; ou encore par des actions concrètes (comme en 2023 : « <em>KidsAction4Peace</em>3 »). C’est un « <em>Ça suffit !</em> » qui met en marche l’amour, un amour sans limites, capable d’un « <em>regard</em> » nouveau sur l’autre, de regarder « <em>chaque frère en aimant ».</em></p>
<p>Nous vous proposons la vidéo en deux versions :</p>
<p>&#8211; Une vidéo complète,</p>
<p>&#8211; Une vidéo divisée en trois parties. Chaque partie avec un titre et un bref résumé.</p>
<ol>
<li><strong>Ç</strong><strong>a suffit ! Nous devons faire quelque chose : </strong>introduction et premier point de l’art d’aimer, suivant la réponse de Chiara (<em>Aimer tout le monde</em>).</li>
<li><strong>Aimer de manière « <em>nouvelle</em> » : </strong>2<sup>e</sup> et 3<sup>e</sup> points de l’art d’aimer (Aimer en premier – Aimer Jésus dans l’autre).</li>
<li><strong>L’amour qui fait de nous des frères et des sœurs : </strong>4<sup>e</sup>, 5<sup>e</sup> et 6<sup>e</sup> points de l’Art d’aimer (Aimer l’autre comme soi-même– S’aimer les uns les autres– Aimer son ennemi) et conclusion.</li>
</ol>
<p><span style="color: #ff0000;">-Une proposition de <strong>« parcours » </strong>pour <strong>« apprendre » l&rsquo;art d&rsquo;aimer</strong> est également disponible, avec du matériel varié, à réaliser avec des groupes d&rsquo;enfants, en impliquant également les parents si vous le souhaitez. <sup>4</sup>.</span></p>
<p>___________________</p>
<p><sup>1</sup> « […] un penseur a dit : « Aimer c’est bien. Savoir aimer c’est tout » Ils désirent donc savoir aimer. Oui, car l’amour chrétien est un art : et il faut connaitre cet art d’aimer. […] » (C. Lubich, Journée avec la communauté ecclésiale de Taipei (Taiwan), 26.01.1997).</p>
<p>2 Voir : <a href="https://gen4.focolare.org/fr/download/si-vous-prenez-soin-de-nous-nous-nous-prendrons-soin-du-monde/">https://gen4.focolare.org/fr/download/si-vous-prenez-soin-de-nous-nous-nous-prendrons-soin-du-monde/</a></p>
<p>3 Voir :<a href="https://gen4.focolare.org/fr/download/kidsaction4peace-veux-tu-nous-donner-un-coup-de-main-toi-aussi/">https://gen4.focolare.org/fr/download/kidsaction4peace-veux-tu-nous-donner-un-coup-de-main-toi-aussi/</a></p>
<p><span style="color: #ff0000;"><sup><span style="font-size: 16px;">4 Voir: </span> <span style="font-size: 16px;">https://gen4.focolare.org/download/2025_2026_le-de-de-lamour_un-tresor-a-decouvrir/</span></sup></span></p>

<p>« L’art d’aimer » a été appelé ainsi par Chiara en 1997 à &#8230; </p>
