{"id":5699,"date":"2020-04-07T10:11:38","date_gmt":"2020-04-07T08:11:38","guid":{"rendered":"https:\/\/gen4.focolare.org\/?post_type=wpdmpro&#038;p=5699"},"modified":"2020-04-16T10:42:27","modified_gmt":"2020-04-16T08:42:27","slug":"linhas-formacao-gen4","status":"publish","type":"wpdmpro","link":"https:\/\/gen4.focolare.org\/fr\/download\/linhas-formacao-gen4\/","title":{"rendered":"Linhas forma\u00e7\u00e3o gen4"},"content":{"rendered":"<ol>\n<li><strong>Itiner\u00e1rio de forma\u00e7\u00e3o integral para crian\u00e7as do Movimento dos Focolares\u00a0<\/strong><\/li>\n<\/ol>\n<p>Em 2018, para atender \u00e0 necessidade de ampliar cada vez mais a rede de pessoas dispon\u00edveis para acompanhar e incentivar o percurso de forma\u00e7\u00e3o das novas gera\u00e7\u00f5es e, em especial das crian\u00e7as, preparamos uma primeira ferramenta que pode ajudar a apresentar o:\u00a0<strong>\u201cPercurso de forma\u00e7\u00e3o integral para crian\u00e7as do Movimento dos Focolares\u201d<\/strong>:<\/p>\n<ul>\n<li>1) texto em Word;<\/li>\n<li>1\/a) apresenta\u00e7\u00e3o interativa, que pode ser usada para que essa realidade seja conhecida por grupos de pessoas ou comunidades locais, acompanhando-a com uma explica\u00e7\u00e3o que siga os conceitos do texto<\/li>\n<\/ul>\n<p>Em <strong>2020<\/strong>, na inaugura\u00e7\u00e3o do novo site Gen4, republicamos este texto, com alguns retoques, com a alegria de poder disponibilizar gradualmente no pr\u00f3prio site o material citado.<\/p>\n<p>&nbsp;<\/p>\n","protected":false},"excerpt":{"rendered":"<p>Itiner\u00e1rio de forma\u00e7\u00e3o integral para crian\u00e7as do Movimento dos Focolares\u00a0 Em &#8230; <\/p>\n","protected":false},"author":3,"featured_media":0,"comment_status":"closed","ping_status":"closed","template":"","meta":{"__wpdm_changelog":[]},"wpdmcategory":[254],"wpdmtag":[],"class_list":["post-5699","wpdmpro","type-wpdmpro","status-publish","hentry","wpdmcategory-portugue"],"_links":{"self":[{"href":"https:\/\/gen4.focolare.org\/fr\/wp-json\/wp\/v2\/wpdmpro\/5699","targetHints":{"allow":["GET"]}}],"collection":[{"href":"https:\/\/gen4.focolare.org\/fr\/wp-json\/wp\/v2\/wpdmpro"}],"about":[{"href":"https:\/\/gen4.focolare.org\/fr\/wp-json\/wp\/v2\/types\/wpdmpro"}],"author":[{"embeddable":true,"href":"https:\/\/gen4.focolare.org\/fr\/wp-json\/wp\/v2\/users\/3"}],"replies":[{"embeddable":true,"href":"https:\/\/gen4.focolare.org\/fr\/wp-json\/wp\/v2\/comments?post=5699"}],"wp:attachment":[{"href":"https:\/\/gen4.focolare.org\/fr\/wp-json\/wp\/v2\/media?parent=5699"}],"wp:term":[{"taxonomy":"wpdmcategory","embeddable":true,"href":"https:\/\/gen4.focolare.org\/fr\/wp-json\/wp\/v2\/wpdmcategory?post=5699"},{"taxonomy":"wpdmtag","embeddable":true,"href":"https:\/\/gen4.focolare.org\/fr\/wp-json\/wp\/v2\/wpdmtag?post=5699"}],"curies":[{"name":"wp","href":"https:\/\/api.w.org\/{rel}","templated":true}]}}

Linhas formação gen4

<ol>
<li><strong>Itinerário de formação integral para crianças do Movimento dos Focolares </strong></li>
</ol>
<p>Em 2018, para atender à necessidade de ampliar cada vez mais a rede de pessoas disponíveis para acompanhar e incentivar o percurso de formação das novas gerações e, em especial das crianças, preparamos uma primeira ferramenta que pode ajudar a apresentar o: <strong>“Percurso de formação integral para crianças do Movimento dos Focolares”</strong>:</p>
<ul>
<li>1) texto em Word;</li>
<li>1/a) apresentação interativa, que pode ser usada para que essa realidade seja conhecida por grupos de pessoas ou comunidades locais, acompanhando-a com uma explicação que siga os conceitos do texto</li>
</ul>
<p>Em <strong>2020</strong>, na inauguração do novo site Gen4, republicamos este texto, com alguns retoques, com a alegria de poder disponibilizar gradualmente no próprio site o material citado.</p>
<p>&nbsp;</p>

<p>Itinerário de formação integral para crianças do Movimento dos Focolares  Em &#8230; </p>
