{"id":6165,"date":"2020-05-01T08:09:59","date_gmt":"2020-05-01T06:09:59","guid":{"rendered":"https:\/\/gen4.focolare.org\/?post_type=wpdmpro&#038;p=6165"},"modified":"2022-11-17T17:12:36","modified_gmt":"2022-11-17T16:12:36","slug":"semaine-monde-uni-2020-master-peace-pour-devenir-des-super-heros-de-la-paix","status":"publish","type":"wpdmpro","link":"https:\/\/gen4.focolare.org\/fr\/download\/semaine-monde-uni-2020-master-peace-pour-devenir-des-super-heros-de-la-paix\/","title":{"rendered":"Semaine Monde Uni 2020\/Master Peace pour devenir des Super-h\u00e9ros de la paix"},"content":{"rendered":"<p><strong><em>\u00ab\u00a0In Time for Peace\u00a0\u00bb<\/em><\/strong><strong> [\u00ab\u00a0<em>A temps pour la Paix<\/em>\u00a0\u00bb]<\/strong><\/p>\n<p>Dans le cadre de <em>l\u2019<\/em><strong><em>United World Project<\/em><\/strong> <strong>[<em>Projet Monde Uni<\/em>], <\/strong>comme point culminant du <strong><em>Pathway [Parcours] Droits humains, Paix, L\u00e9galit\u00e9 et Justice<\/em><\/strong><strong><em>, <\/em><\/strong>s\u2019est d\u00e9roul\u00e9e du 1<sup>er<\/sup> au 7\u00a0mai 2020 la Semaine Monde Uni 2020 intitul\u00e9e \u00ab\u00a0<strong><em>In Time for Peace\u00a0\u00bb.<\/em><\/strong><\/p>\n<p>(<a href=\"http:\/\/www.unitedworldproject.org\/eventi\/settimana-mondo-unito-2020-intimeforpeace\/\"><em>http:\/\/www.unitedworldproject.org\/eventi\/settimana-mondo-unito-2020-intimeforpeace\/<\/em><\/a>).<\/p>\n<p>Nombreux ont \u00e9t\u00e9 \u00e9v\u00e9nements et initiatives organis\u00e9s, y compris par les plus jeunes du Mouvement des Focolari pour sensibiliser eux-m\u00eames, leurs camarades du m\u00eame \u00e2ge et d\u2019autres encore aux valeurs de la paix, de la solidarit\u00e9, de la justice, de la fraternit\u00e9\u2026<\/p>\n<p>Voici quelques exemples.<\/p>\n<p>En <strong>Irlande,<\/strong> les enfants ont pris un engagement \u00e0 vivre chaque jour de la semaine\u00a0: 1) d\u00e9couvrir 5 choses pour lesquelles ils sont reconnaissants\u00a0; 2) aider quelqu&rsquo;un dans la famille\u00a0; 3) faire une surprise \u00e0 un voisin\u00a0; 4) t\u00e9l\u00e9phoner \u00e0 quelqu&rsquo;un qui souffre de solitude\u00a0; 5) \u00e9conomiser la lumi\u00e8re et l&rsquo;eau\u00a0; 6) offrir un sourire \u00e0 quelqu&rsquo;un\u00a0; 7) s&rsquo;engager \u00e0 poursuivre des actions concr\u00e8tes d&rsquo;esp\u00e9rance et de paix (<em>voir annexe\u00a01).<\/em><\/p>\n<p>Aux <strong>PAYS-BAS<\/strong>, au cours d\u2019une grande f\u00eate de la paix <em>via Zoom<\/em>, les enfants et leurs parents ont partag\u00e9 des dessins de colombes o\u00f9 chacun a \u00e9crit ce qu\u2019est la paix pour lui (<em>voir annexe\u00a02).<\/em><\/p>\n<p>Au <strong>BR\u00c9SIL,<\/strong> une autre t\u00e9l\u00e9conf\u00e9rence <em>via zoom<\/em> avec 74 points d\u2019\u00e9coute. Tout le monde a \u00e9t\u00e9 invit\u00e9 \u00e0 se souvenir que chaque jour \u00e0 midi il y a le <strong><em>Time-out pour la Paix<a href=\"#_ftn1\" name=\"_ftnref1\">[1]<\/a><\/em><\/strong>, en construisant une horloge qui indique midi (<em>voir annexe\u00a03)<\/em> et un thermom\u00e8tre qui mesure la <em>\u00ab\u00a0temp\u00e9rature de l&rsquo;amour\u00a0\u00bb,<\/em> o\u00f9 mettre les actes d\u2019amour pour construire la paix.<\/p>\n<p><em>Autres propositions pour chaque jour de la Semaine Monde Uni en fran\u00e7ais (<\/em><strong>BURUNDI-FRANCE<\/strong><em>) et en anglais (<\/em><strong>NIGERIA<\/strong><em>) (voir annexes\u00a04-5)\u00a0:<\/em><\/p>\n<p>En <strong>ALBANIE<\/strong>, de nombreuses id\u00e9es pour apporter la paix dans tous les milieux\u00a0: avoir de l&rsquo;amour et du respect pour tous les amis, sans distinction\u00a0; sourire non seulement aux amis mais aussi \u00e0 toute la classe et au monde entier\u00a0; ne pas insulter mais respecter. <em>\u00ab\u00a0Un jour par exemple &#8211;<\/em> raconte Alida, 8 ans &#8211; <em>j&rsquo;ai eu une petite querelle avec un ami et, en signe d&rsquo;amour et de respect, je lui ai donn\u00e9 un livre, m\u00eame si je ne pense pas que cela ait \u00e9t\u00e9 de ma faute\u00a0\u00bb.<\/em><\/p>\n<p><strong><em>MASTER\u00a0PEACE<\/em><\/strong><strong>\u00a0<\/strong>: et \u00e0 pr\u00e9sent, l&rsquo;engagement continue pour devenir des experts de ces valeurs qui sont \u00e0 la base d&rsquo;un monde plus humain, fraternel et en paix, avec une \u00ab\u00a0<em>\u00e9cole sp\u00e9ciale\u00a0\u00bb<\/em> pour d\u00e9crocher le dipl\u00f4me de <em>Master Peace <\/em>et devenir des <strong>Super-h\u00e9ros de la paix<\/strong> . C&rsquo;est un petit parcours qui peut se faire ensemble en famille.<\/p>\n<p>Pourquoi <strong>Master Peace\u00a0<\/strong>? Parce que nous pensons qu&rsquo;un v\u00e9ritable avenir de paix se construit \u00e0 partir des plus jeunes, qui peuvent \u00eatre de vrais acteurs du changement. (<em>voir pi\u00e8ce jointe 6)<\/em><\/p>\n<p><a href=\"#_ftnref1\" name=\"_ftn1\">[1]<\/a>\u00a0\u00a0\u00a0\u00a0 Moment de recueillement et de pri\u00e8re pour demander la paix en soi et dans le monde.<\/p>\n","protected":false},"excerpt":{"rendered":"<p>\u00ab\u00a0In Time for Peace\u00a0\u00bb [\u00ab\u00a0A temps pour la Paix\u00a0\u00bb] Dans le &#8230; <\/p>\n","protected":false},"author":3,"featured_media":6128,"comment_status":"closed","ping_status":"closed","template":"","meta":{"__wpdm_changelog":[]},"wpdmcategory":[241],"wpdmtag":[],"class_list":["post-6165","wpdmpro","type-wpdmpro","status-publish","has-post-thumbnail","hentry","wpdmcategory-autres-activites"],"_links":{"self":[{"href":"https:\/\/gen4.focolare.org\/fr\/wp-json\/wp\/v2\/wpdmpro\/6165","targetHints":{"allow":["GET"]}}],"collection":[{"href":"https:\/\/gen4.focolare.org\/fr\/wp-json\/wp\/v2\/wpdmpro"}],"about":[{"href":"https:\/\/gen4.focolare.org\/fr\/wp-json\/wp\/v2\/types\/wpdmpro"}],"author":[{"embeddable":true,"href":"https:\/\/gen4.focolare.org\/fr\/wp-json\/wp\/v2\/users\/3"}],"replies":[{"embeddable":true,"href":"https:\/\/gen4.focolare.org\/fr\/wp-json\/wp\/v2\/comments?post=6165"}],"wp:featuredmedia":[{"embeddable":true,"href":"https:\/\/gen4.focolare.org\/fr\/wp-json\/wp\/v2\/media\/6128"}],"wp:attachment":[{"href":"https:\/\/gen4.focolare.org\/fr\/wp-json\/wp\/v2\/media?parent=6165"}],"wp:term":[{"taxonomy":"wpdmcategory","embeddable":true,"href":"https:\/\/gen4.focolare.org\/fr\/wp-json\/wp\/v2\/wpdmcategory?post=6165"},{"taxonomy":"wpdmtag","embeddable":true,"href":"https:\/\/gen4.focolare.org\/fr\/wp-json\/wp\/v2\/wpdmtag?post=6165"}],"curies":[{"name":"wp","href":"https:\/\/api.w.org\/{rel}","templated":true}]}}

Semaine Monde Uni 2020/Master Peace pour devenir des Super-héros de la paix

<p><strong><em>« In Time for Peace »</em></strong><strong> [« <em>A temps pour la Paix</em> »]</strong></p>
<p>Dans le cadre de <em>l’</em><strong><em>United World Project</em></strong> <strong>[<em>Projet Monde Uni</em>], </strong>comme point culminant du <strong><em>Pathway [Parcours] Droits humains, Paix, Légalité et Justice</em></strong><strong><em>, </em></strong>s’est déroulée du 1<sup>er</sup> au 7 mai 2020 la Semaine Monde Uni 2020 intitulée « <strong><em>In Time for Peace ».</em></strong></p>
<p>(<a href="http://www.unitedworldproject.org/eventi/settimana-mondo-unito-2020-intimeforpeace/"><em>http://www.unitedworldproject.org/eventi/settimana-mondo-unito-2020-intimeforpeace/</em></a>).</p>
<p>Nombreux ont été événements et initiatives organisés, y compris par les plus jeunes du Mouvement des Focolari pour sensibiliser eux-mêmes, leurs camarades du même âge et d’autres encore aux valeurs de la paix, de la solidarité, de la justice, de la fraternité…</p>
<p>Voici quelques exemples.</p>
<p>En <strong>Irlande,</strong> les enfants ont pris un engagement à vivre chaque jour de la semaine : 1) découvrir 5 choses pour lesquelles ils sont reconnaissants ; 2) aider quelqu&rsquo;un dans la famille ; 3) faire une surprise à un voisin ; 4) téléphoner à quelqu&rsquo;un qui souffre de solitude ; 5) économiser la lumière et l&rsquo;eau ; 6) offrir un sourire à quelqu&rsquo;un ; 7) s&rsquo;engager à poursuivre des actions concrètes d&rsquo;espérance et de paix (<em>voir annexe 1).</em></p>
<p>Aux <strong>PAYS-BAS</strong>, au cours d’une grande fête de la paix <em>via Zoom</em>, les enfants et leurs parents ont partagé des dessins de colombes où chacun a écrit ce qu’est la paix pour lui (<em>voir annexe 2).</em></p>
<p>Au <strong>BRÉSIL,</strong> une autre téléconférence <em>via zoom</em> avec 74 points d’écoute. Tout le monde a été invité à se souvenir que chaque jour à midi il y a le <strong><em>Time-out pour la Paix<a href="#_ftn1" name="_ftnref1">[1]</a></em></strong>, en construisant une horloge qui indique midi (<em>voir annexe 3)</em> et un thermomètre qui mesure la <em>« température de l&rsquo;amour »,</em> où mettre les actes d’amour pour construire la paix.</p>
<p><em>Autres propositions pour chaque jour de la Semaine Monde Uni en français (</em><strong>BURUNDI-FRANCE</strong><em>) et en anglais (</em><strong>NIGERIA</strong><em>) (voir annexes 4-5) :</em></p>
<p>En <strong>ALBANIE</strong>, de nombreuses idées pour apporter la paix dans tous les milieux : avoir de l&rsquo;amour et du respect pour tous les amis, sans distinction ; sourire non seulement aux amis mais aussi à toute la classe et au monde entier ; ne pas insulter mais respecter. <em>« Un jour par exemple &#8211;</em> raconte Alida, 8 ans &#8211; <em>j&rsquo;ai eu une petite querelle avec un ami et, en signe d&rsquo;amour et de respect, je lui ai donné un livre, même si je ne pense pas que cela ait été de ma faute ».</em></p>
<p><strong><em>MASTER PEACE</em></strong><strong> </strong>: et à présent, l&rsquo;engagement continue pour devenir des experts de ces valeurs qui sont à la base d&rsquo;un monde plus humain, fraternel et en paix, avec une « <em>école spéciale »</em> pour décrocher le diplôme de <em>Master Peace </em>et devenir des <strong>Super-héros de la paix</strong> . C&rsquo;est un petit parcours qui peut se faire ensemble en famille.</p>
<p>Pourquoi <strong>Master Peace </strong>? Parce que nous pensons qu&rsquo;un véritable avenir de paix se construit à partir des plus jeunes, qui peuvent être de vrais acteurs du changement. (<em>voir pièce jointe 6)</em></p>
<p><a href="#_ftnref1" name="_ftn1">[1]</a>     Moment de recueillement et de prière pour demander la paix en soi et dans le monde.</p>
