{"id":6607,"date":"2020-07-02T22:52:34","date_gmt":"2020-07-02T20:52:34","guid":{"rendered":"https:\/\/gen4.focolare.org\/?post_type=wpdmpro&#038;p=6607"},"modified":"2020-07-02T22:52:34","modified_gmt":"2020-07-02T20:52:34","slug":"pdv-2020-07-hu","status":"publish","type":"wpdmpro","link":"https:\/\/gen4.focolare.org\/fr\/download\/pdv-2020-07-hu\/","title":{"rendered":"PdV 2020 07 | HU"},"content":{"rendered":"<h4>\u00c9letige, 2020. j\u00falius<\/h4>\n<h3>Legy\u00fcnk J\u00e9zus testv\u00e9rei, n\u00f5v\u00e9rei \u00e9s anyja<\/h3>\n<p>\u201eAki teljes\u00edti mennyei Aty\u00e1m akarat\u00e1t, az nekem mind testv\u00e9rem, n\u00f5v\u00e9rem \u00e9s any\u00e1m.\u201d (Mt 12,50)<\/p>\n","protected":false},"excerpt":{"rendered":"<p>\u00c9letige, 2020. j\u00falius Legy\u00fcnk J\u00e9zus testv\u00e9rei, n\u00f5v\u00e9rei \u00e9s anyja \u201eAki teljes\u00edti &#8230; <\/p>\n","protected":false},"author":4,"featured_media":6614,"comment_status":"closed","ping_status":"closed","template":"","meta":{"__wpdm_changelog":[]},"wpdmcategory":[122],"wpdmtag":[],"class_list":["post-6607","wpdmpro","type-wpdmpro","status-publish","has-post-thumbnail","hentry","wpdmcategory-magyar"],"_links":{"self":[{"href":"https:\/\/gen4.focolare.org\/fr\/wp-json\/wp\/v2\/wpdmpro\/6607","targetHints":{"allow":["GET"]}}],"collection":[{"href":"https:\/\/gen4.focolare.org\/fr\/wp-json\/wp\/v2\/wpdmpro"}],"about":[{"href":"https:\/\/gen4.focolare.org\/fr\/wp-json\/wp\/v2\/types\/wpdmpro"}],"author":[{"embeddable":true,"href":"https:\/\/gen4.focolare.org\/fr\/wp-json\/wp\/v2\/users\/4"}],"replies":[{"embeddable":true,"href":"https:\/\/gen4.focolare.org\/fr\/wp-json\/wp\/v2\/comments?post=6607"}],"wp:featuredmedia":[{"embeddable":true,"href":"https:\/\/gen4.focolare.org\/fr\/wp-json\/wp\/v2\/media\/6614"}],"wp:attachment":[{"href":"https:\/\/gen4.focolare.org\/fr\/wp-json\/wp\/v2\/media?parent=6607"}],"wp:term":[{"taxonomy":"wpdmcategory","embeddable":true,"href":"https:\/\/gen4.focolare.org\/fr\/wp-json\/wp\/v2\/wpdmcategory?post=6607"},{"taxonomy":"wpdmtag","embeddable":true,"href":"https:\/\/gen4.focolare.org\/fr\/wp-json\/wp\/v2\/wpdmtag?post=6607"}],"curies":[{"name":"wp","href":"https:\/\/api.w.org\/{rel}","templated":true}]}}

<h4>Életige, 2020. július</h4>
<h3>Legyünk Jézus testvérei, nõvérei és anyja</h3>
<p>„Aki teljesíti mennyei Atyám akaratát, az nekem mind testvérem, nõvérem és anyám.” (Mt 12,50)</p>

<p>Életige, 2020. július Legyünk Jézus testvérei, nõvérei és anyja „Aki teljesíti &#8230; </p>
