{"id":12988,"date":"2022-11-23T18:40:04","date_gmt":"2022-11-23T17:40:04","guid":{"rendered":"https:\/\/gen4.focolare.org\/?page_id=12988"},"modified":"2023-02-15T19:12:20","modified_gmt":"2023-02-15T18:12:20","slug":"janela-para-o-mundo","status":"publish","type":"page","link":"https:\/\/gen4.focolare.org\/pt-br\/material\/janela-para-o-mundo\/","title":{"rendered":"Janela para o mundo"},"content":{"rendered":"<div class=\"wpb-content-wrapper\"><p>[vc_row full_width=&#8221;stretch_row&#8221; content_placement=&#8221;middle&#8221; css=&#8221;.vc_custom_1559340186711{background-image: url(http:\/\/gen4.focolare.org\/wp-content\/uploads\/2019\/05\/background_gen4_geen.png?id=1751) !important;}&#8221;][vc_column width=&#8221;1\/3&#8243;][vc_column_text css=&#8221;.vc_custom_1675181538223{background-color: #1d70b8 !important;}&#8221;]<\/p>\n<h1 style=\"text-align: center;\"><span style=\"color: #ffffff;\">Janela para o mundo<\/span><\/h1>\n<p>[\/vc_column_text][\/vc_column][vc_column width=&#8221;2\/3&#8243; full_width=&#8221;&#8221; gap=&#8221;0&#8243; full_height=&#8221;&#8221; columns_placement=&#8221;middle&#8221; equal_height=&#8221;&#8221; rtl_reverse=&#8221;&#8221; content_placement=&#8221;&#8221; disable_element=&#8221;&#8221;][\/vc_column][\/vc_row][vc_row gap=&#8221;20&#8243; css=&#8221;.vc_custom_1559384587831{padding-top: 30px !important;}&#8221;][vc_column width=&#8221;1\/2&#8243;][vc_column_text]Um espa\u00e7o para receber contribui\u00e7\u00f5es internacionais: dan\u00e7as, can\u00e7\u00f5es na l\u00edngua original, contos de fadas, lendas, curiosidades\u2026 jogos musicais ou m\u00e1gicos! Uma chance de viver aquela dimens\u00e3o de fam\u00edlia planet\u00e1ria que sempre caracterizou a vida do Movimento dos Focolares e que \u00e9 tamb\u00e9m um ponto fundamental para as novas gera\u00e7\u00f5es.<\/p>\n<p>H\u00e1 v\u00e1rios anos \u00e9 poss\u00edvel que as crian\u00e7as tenham uma experi\u00eancia concreta de internacionalidade: de 1988 a 2014, foram realizados Congressos Internacionais em Castel Gandolfo, que reuniram v\u00e1rias centenas de meninos e meninas de pa\u00edses dos 5 continentes.[\/vc_column_text][\/vc_column][vc_column width=&#8221;1\/2&#8243;][vc_column_text]S\u00e3o muitas as formas que, ao longo dos anos, permitiram os gen4 conhecer e experimentar a beleza de ser uma fam\u00edlia espalhada pelo mundo: gemina\u00e7\u00e3o, encontros via zoom, troca de not\u00edcias, experi\u00eancias, partilha de necessidades.<\/p>\n<p>O primeiro evento online global (Global Meeting Kids Gen4) tamb\u00e9m foi realizado em junho de 2022, e contou com a participa\u00e7\u00e3o de muitas crian\u00e7as de todo o mundo. As primeiras contribui\u00e7\u00f5es que voc\u00ea vai encontrar nesta p\u00e1gina foram produzidas justamente para esta ocasi\u00e3o![\/vc_column_text][\/vc_column][\/vc_row][vc_row][vc_column][vc_basic_grid post_type=&#8221;wpdmpro&#8221; max_items=&#8221;10&#8243; item=&#8221;1674&#8243; grid_id=&#8221;vc_gid:1676485007108-689a8525-1c0c-2&#8243; taxonomies=&#8221;480&#8243;][\/vc_column][\/vc_row]<\/p>\n<\/div>","protected":false},"excerpt":{"rendered":"<p>[vc_row full_width=&#8221;stretch_row&#8221; content_placement=&#8221;middle&#8221; css=&#8221;.vc_custom_1559340186711{background-image: url(http:\/\/gen4.focolare.org\/wp-content\/uploads\/2019\/05\/background_gen4_geen.png?id=1751) !important;}&#8221;][vc_column width=&#8221;1\/3&#8243;][vc_column_text css=&#8221;.vc_custom_1675181538223{background-color: #1d70b8 !important;}&#8221;] Janela &#8230; <\/p>\n","protected":false},"author":1,"featured_media":0,"parent":3834,"menu_order":0,"comment_status":"closed","ping_status":"closed","template":"","meta":{"footnotes":""},"class_list":["post-12988","page","type-page","status-publish","hentry"],"_links":{"self":[{"href":"https:\/\/gen4.focolare.org\/pt-br\/wp-json\/wp\/v2\/pages\/12988","targetHints":{"allow":["GET"]}}],"collection":[{"href":"https:\/\/gen4.focolare.org\/pt-br\/wp-json\/wp\/v2\/pages"}],"about":[{"href":"https:\/\/gen4.focolare.org\/pt-br\/wp-json\/wp\/v2\/types\/page"}],"author":[{"embeddable":true,"href":"https:\/\/gen4.focolare.org\/pt-br\/wp-json\/wp\/v2\/users\/1"}],"replies":[{"embeddable":true,"href":"https:\/\/gen4.focolare.org\/pt-br\/wp-json\/wp\/v2\/comments?post=12988"}],"version-history":[{"count":4,"href":"https:\/\/gen4.focolare.org\/pt-br\/wp-json\/wp\/v2\/pages\/12988\/revisions"}],"predecessor-version":[{"id":16957,"href":"https:\/\/gen4.focolare.org\/pt-br\/wp-json\/wp\/v2\/pages\/12988\/revisions\/16957"}],"up":[{"embeddable":true,"href":"https:\/\/gen4.focolare.org\/pt-br\/wp-json\/wp\/v2\/pages\/3834"}],"wp:attachment":[{"href":"https:\/\/gen4.focolare.org\/pt-br\/wp-json\/wp\/v2\/media?parent=12988"}],"curies":[{"name":"wp","href":"https:\/\/api.w.org\/{rel}","templated":true}]}}

<div class="wpb-content-wrapper"><p>[vc_row full_width=&#8221;stretch_row&#8221; content_placement=&#8221;middle&#8221; css=&#8221;.vc_custom_1559340186711{background-image: url(http://gen4.focolare.org/wp-content/uploads/2019/05/background_gen4_geen.png?id=1751) !important;}&#8221;][vc_column width=&#8221;1/3&#8243;][vc_column_text css=&#8221;.vc_custom_1675181538223{background-color: #1d70b8 !important;}&#8221;]</p>
<h1 style="text-align: center;"><span style="color: #ffffff;">Janela para o mundo</span></h1>
<p>[/vc_column_text][/vc_column][vc_column width=&#8221;2/3&#8243; full_width=&#8221;&#8221; gap=&#8221;0&#8243; full_height=&#8221;&#8221; columns_placement=&#8221;middle&#8221; equal_height=&#8221;&#8221; rtl_reverse=&#8221;&#8221; content_placement=&#8221;&#8221; disable_element=&#8221;&#8221;][/vc_column][/vc_row][vc_row gap=&#8221;20&#8243; css=&#8221;.vc_custom_1559384587831{padding-top: 30px !important;}&#8221;][vc_column width=&#8221;1/2&#8243;][vc_column_text]Um espaço para receber contribuições internacionais: danças, canções na língua original, contos de fadas, lendas, curiosidades… jogos musicais ou mágicos! Uma chance de viver aquela dimensão de família planetária que sempre caracterizou a vida do Movimento dos Focolares e que é também um ponto fundamental para as novas gerações.</p>
<p>Há vários anos é possível que as crianças tenham uma experiência concreta de internacionalidade: de 1988 a 2014, foram realizados Congressos Internacionais em Castel Gandolfo, que reuniram várias centenas de meninos e meninas de países dos 5 continentes.[/vc_column_text][/vc_column][vc_column width=&#8221;1/2&#8243;][vc_column_text]São muitas as formas que, ao longo dos anos, permitiram os gen4 conhecer e experimentar a beleza de ser uma família espalhada pelo mundo: geminação, encontros via zoom, troca de notícias, experiências, partilha de necessidades.</p>
<p>O primeiro evento online global (Global Meeting Kids Gen4) também foi realizado em junho de 2022, e contou com a participação de muitas crianças de todo o mundo. As primeiras contribuições que você vai encontrar nesta página foram produzidas justamente para esta ocasião![/vc_column_text][/vc_column][/vc_row][vc_row][vc_column][vc_basic_grid post_type=&#8221;wpdmpro&#8221; max_items=&#8221;10&#8243; item=&#8221;1674&#8243; grid_id=&#8221;vc_gid:1676485007108-689a8525-1c0c-2&#8243; taxonomies=&#8221;480&#8243;][/vc_column][/vc_row]</p>
</div>
