{"id":3893,"date":"2019-07-02T10:55:17","date_gmt":"2019-07-02T08:55:17","guid":{"rendered":"http:\/\/gen4.focolare.org\/?page_id=3893"},"modified":"2020-02-03T13:11:56","modified_gmt":"2020-02-03T12:11:56","slug":"a-cultura-do-dar-e-da-partilha","status":"publish","type":"page","link":"https:\/\/gen4.focolare.org\/pt-br\/como-vivemos\/a-cultura-do-dar-e-da-partilha\/","title":{"rendered":"A \u201ccultura do dar e da partilha\u201d"},"content":{"rendered":"<div class=\"wpb-content-wrapper\"><p>[vc_row full_width=&#8221;stretch_row&#8221; content_placement=&#8221;middle&#8221; css=&#8221;.vc_custom_1559339648223{background-image: url(http:\/\/gen4.focolare.org\/wp-content\/uploads\/2019\/05\/background_gen4_yellow.png?id=1748) !important;}&#8221;][vc_column width=&#8221;1\/2&#8243;][vc_column_text css=&#8221;.vc_custom_1578841908893{background-color: #1d70b8 !important;}&#8221;]<\/p>\n<h1 style=\"text-align: center;\"><span style=\"color: #ffffff;\">a \u201ccultura do dar e da partilha\u201d<\/span><\/h1>\n<p>[\/vc_column_text][\/vc_column][vc_column width=&#8221;1\/2&#8243; full_width=&#8221;&#8221; gap=&#8221;0&#8243; full_height=&#8221;&#8221; columns_placement=&#8221;middle&#8221; equal_height=&#8221;&#8221; rtl_reverse=&#8221;&#8221; content_placement=&#8221;&#8221; disable_element=&#8221;&#8221;][\/vc_column][\/vc_row][vc_row full_width=&#8221;stretch_row_content&#8221; css=&#8221;.vc_custom_1559343721436{padding-top: 30px !important;}&#8221;][vc_column][vc_single_image image=&#8221;2191&#8243; img_size=&#8221;full&#8221;][\/vc_column][\/vc_row][vc_row][vc_column width=&#8221;1\/3&#8243; css=&#8221;.vc_custom_1559343880508{padding-bottom: 20px !important;}&#8221;][vc_column_text]<\/p>\n<p><span style=\"color: #1d70b8;\"><b><i>\u201cA gratuidade \u00e9 fundamental na vida. Pode at\u00e9 se tornar uma verdadeira arte. Quando se aprende a arte da gratuidade na inf\u00e2ncia, \u00e9 mais f\u00e1cil que depois se torne cultura, cultura do dar portanto, \u00e9 realmente poss\u00edvel come\u00e7ar a ter esperan\u00e7a em um mundo mais justo, de paz e de comunh\u00e3o.\u201d<\/i><\/b><\/span><span style=\"font-weight: 400;\"> (L. Bruni, in C.Heinsdorff \u2013 M.Bolkart, <\/span><i><span style=\"font-weight: 400;\">La felicit\u00e0 di dare<\/span><\/i><span style=\"font-weight: 400;\">, Citt\u00e0 Nuova, Roma, 2005, quarta di copertina)<\/span><\/p>\n<p><span style=\"font-weight: 400;\">O percurso de forma\u00e7\u00e3o gen4, nas comunidades do Movimento dos Focolares, cont\u00e9m elementos que podem facilitar a aprendizagem desses valores.<\/span><\/p>\n<p><span style=\"font-weight: 400;\">Sentir-se parte de uma fam\u00edlia numerosa, de dimens\u00e3o planet\u00e1ria, ajuda a crian\u00e7a a perceber o outro, que n\u00e3o ser\u00e1 mais um \u201cdesconhecido\u201d, mas um irm\u00e3o.<\/span><\/p>\n<p><span style=\"font-weight: 400;\">Na medida em que o gen4 experimenta pessoalmente a beleza de <\/span><span style=\"color: #1d70b8;\"><b>ser amado de modo \u201cgratuito\u201d, desinteressadamente, ele descobre a alegria e a possibilidade de compartilhar aquilo que possui com os amigos e n\u00e3o apenas com eles<\/b><span style=\"font-weight: 400;\">.<\/span><\/span><\/p>\n<p>[\/vc_column_text][\/vc_column][vc_column width=&#8221;1\/3&#8243;][vc_column_text]<\/p>\n<p><span style=\"font-weight: 400;\">\u00c9 a experi\u00eancia de Chiara Lubich desde o in\u00edcio do Movimento: da descoberta de Deus Amor \u00e0 viv\u00eancia da comunh\u00e3o dos bens, como os primeiros crist\u00e3os entre os quais pelo amor rec\u00edproco vivido n\u00e3o existia nenhum necessitado.<\/span><\/p>\n<p><span style=\"color: #1d70b8;\"><b>Mas o que e com quem compartilhar?<\/b><\/span><\/p>\n<p><span style=\"font-weight: 400;\">Respondendo \u00e0 pergunta de uma gen4 da Corea<\/span><i><span style=\"font-weight: 400;\"> (\u00abChiara, voc\u00ea nos ensina a dar sempre, sem guardar nada para n\u00f3s. Por\u00e9m eu n\u00e3o tenho muitas coisas para dar. O que posso fazer?) <\/span><\/i><span style=\"font-weight: 400;\">Chiara amplia muito o horizonte do \u201cdar\u201d.<\/span><span style=\"color: #1d70b8;\"><b><i> N\u00e3o h\u00e1 ningu\u00e9m que n\u00e3o tenha algo para dar: uma ajuda, um sorriso, alegria, escutar algu\u00e9m, compartilhar a merenda&#8230;<\/i><\/b><\/span><\/p>\n<p><span style=\"font-weight: 400;\">A \u201ccultura do dar e da partilha\u201d, que quer ser o estilo de vida gen4, n\u00e3o\u00a0 \u00e9 somente uma aten\u00e7\u00e3o material para com os mais necessitados, <\/span><span style=\"color: #1d70b8;\"><b>mas a valoriza\u00e7\u00e3o de tudo aquilo que temos como um \u201cdom\u201d, uma \u201criqueza pessoal\u201d em termos de talentos, conhecimentos, capacidade para ajudar qualquer pessoa que passe ao nosso lado.<\/b><\/span><\/p>\n<p>[\/vc_column_text][\/vc_column][vc_column width=&#8221;1\/3&#8243;][vc_column_text]<\/p>\n<p><span style=\"font-weight: 400;\">Chiara escreveu assim:<\/span><\/p>\n<h3><span style=\"color: #1d70b8;\"><b><i>\u201cSe algu\u00e9m ama, ele d\u00e1.\u00a0 Se o outro tamb\u00e9m ama, ele d\u00e1.\u00a0 Se todos n\u00f3s amamos, tudo se torna comum a todos.\u00a0<\/i><\/b><b><i>Assim vivem os gen 4.\u201d<\/i><\/b><\/span><\/h3>\n<p><i><span style=\"font-weight: 400;\">(<\/span><\/i><span style=\"font-weight: 400;\"> C.Lubich, in <\/span><i><span style=\"font-weight: 400;\">Gen4,<\/span><\/i><span style=\"font-weight: 400;\"> n. 5-6 maggio-giugno 1985, p.4)<\/span><\/p>\n<h3><span style=\"color: #1d70b8;\"><b>\u201c<\/b><b><i>Tente dar algo a Jesus em seus irm\u00e3os, e voc\u00ea receber\u00e1\u201d.<\/i><\/b><\/span><\/h3>\n<p><i><span style=\"font-weight: 400;\">(<\/span><\/i><span style=\"font-weight: 400;\"> C.Lubich, in <\/span><i><span style=\"font-weight: 400;\">Gen4,<\/span><\/i><span style=\"font-weight: 400;\"> n. 1 gennaio 1981, p.5<\/span><i><span style=\"font-weight: 400;\">)<\/span><\/i><\/p>\n<p>[\/vc_column_text][\/vc_column][\/vc_row][vc_row][vc_column][vc_column_text]<\/p>\n<h2><span style=\"color: #e94e1b;\">MATERIAL<\/span><\/h2>\n<p>[\/vc_column_text][vc_column_text]<\/p>\n<div class='w3eden wpdm_packages_shortcode'>\n    <div class=''>\n\n        \n        <div id=\"content_wpdm_package_1\">\n            <div class='row'><div class='col-lg-6 col-md-6 col-6'><div class=\"well c2a2\">\n<div class=\"media\">\n<div class=\"pull-left\" style=\"margin-right: 10px;\" align=\"left\">&nbsp;<\/div>\n<div class=\"media-body\">\n<h4 class=\"media-heading\" style=\"padding-top: 0px; border: 0px; margin: 0 0 5px 0; font-size: 15px;\"><span style=\"color: #1D70B8;\"><a style=\"font-weight: bold; color: #1D70B8;\" href=\"https:\/\/gen4.focolare.org\/pt-br\/download\/a-cultura-do-dar-da-partilha-desenho\/\">A cultura do dar, da partilha [DESENHO]<\/a> <\/span><span style=\"margin-left: 30px; font-size: 8pt; font-weight: 300;\"> 66.08 MB<\/span><\/h4>\n<\/div>\n<\/div>\n<\/div><\/br><\/div><div class='col-lg-6 col-md-6 col-6'><div class=\"well c2a2\">\n<div class=\"media\">\n<div class=\"pull-left\" style=\"margin-right: 10px;\" align=\"left\">&nbsp;<\/div>\n<div class=\"media-body\">\n<h4 class=\"media-heading\" style=\"padding-top: 0px; border: 0px; margin: 0 0 5px 0; font-size: 15px;\"><span style=\"color: #1D70B8;\"><a style=\"font-weight: bold; color: #1D70B8;\" href=\"https:\/\/gen4.focolare.org\/pt-br\/download\/dar-cancao\/\">Dar [CAN\u00c7\u00c3O]<\/a> <\/span><span style=\"margin-left: 30px; font-size: 8pt; font-weight: 300;\"> 5.05 MB<\/span><\/h4>\n<\/div>\n<\/div>\n<\/div><\/br><\/div><\/div>            <div style='clear:both'><\/div><div class='text-center'><ul class='pagination wpdm-pagination pagination-centered text-center'><\/ul><\/div><div style='clear:both'><\/div>        <\/div>\n\n        <div style='clear:both'><\/div>\n    <\/div>\n<\/div>\n\n<p>[\/vc_column_text][vc_column_text]<\/p>\n<h2><span style=\"color: #e94e1b;\">EXPERI\u00caNCIAS<\/span><\/h2>\n<p>[\/vc_column_text][vc_basic_grid post_type=&#8221;wpdmpro&#8221; max_items=&#8221;10&#8243; item=&#8221;1674&#8243; grid_id=&#8221;vc_gid:1580732272222-023119e7-10a6-7&#8243; taxonomies=&#8221;221&#8243;][\/vc_column][\/vc_row]<\/p>\n<\/div>","protected":false},"excerpt":{"rendered":"<p>[vc_row full_width=&#8221;stretch_row&#8221; content_placement=&#8221;middle&#8221; css=&#8221;.vc_custom_1559339648223{background-image: url(http:\/\/gen4.focolare.org\/wp-content\/uploads\/2019\/05\/background_gen4_yellow.png?id=1748) !important;}&#8221;][vc_column width=&#8221;1\/2&#8243;][vc_column_text css=&#8221;.vc_custom_1578841908893{background-color: #1d70b8 !important;}&#8221;] a &#8230; <\/p>\n","protected":false},"author":1,"featured_media":0,"parent":3915,"menu_order":0,"comment_status":"closed","ping_status":"closed","template":"","meta":{"footnotes":""},"class_list":["post-3893","page","type-page","status-publish","hentry"],"_links":{"self":[{"href":"https:\/\/gen4.focolare.org\/pt-br\/wp-json\/wp\/v2\/pages\/3893","targetHints":{"allow":["GET"]}}],"collection":[{"href":"https:\/\/gen4.focolare.org\/pt-br\/wp-json\/wp\/v2\/pages"}],"about":[{"href":"https:\/\/gen4.focolare.org\/pt-br\/wp-json\/wp\/v2\/types\/page"}],"author":[{"embeddable":true,"href":"https:\/\/gen4.focolare.org\/pt-br\/wp-json\/wp\/v2\/users\/1"}],"replies":[{"embeddable":true,"href":"https:\/\/gen4.focolare.org\/pt-br\/wp-json\/wp\/v2\/comments?post=3893"}],"version-history":[{"count":7,"href":"https:\/\/gen4.focolare.org\/pt-br\/wp-json\/wp\/v2\/pages\/3893\/revisions"}],"predecessor-version":[{"id":5015,"href":"https:\/\/gen4.focolare.org\/pt-br\/wp-json\/wp\/v2\/pages\/3893\/revisions\/5015"}],"up":[{"embeddable":true,"href":"https:\/\/gen4.focolare.org\/pt-br\/wp-json\/wp\/v2\/pages\/3915"}],"wp:attachment":[{"href":"https:\/\/gen4.focolare.org\/pt-br\/wp-json\/wp\/v2\/media?parent=3893"}],"curies":[{"name":"wp","href":"https:\/\/api.w.org\/{rel}","templated":true}]}}

<div class="wpb-content-wrapper"><p>[vc_row full_width=&#8221;stretch_row&#8221; content_placement=&#8221;middle&#8221; css=&#8221;.vc_custom_1559339648223{background-image: url(http://gen4.focolare.org/wp-content/uploads/2019/05/background_gen4_yellow.png?id=1748) !important;}&#8221;][vc_column width=&#8221;1/2&#8243;][vc_column_text css=&#8221;.vc_custom_1578841908893{background-color: #1d70b8 !important;}&#8221;]</p>
<h1 style="text-align: center;"><span style="color: #ffffff;">a “cultura do dar e da partilha”</span></h1>
<p>[/vc_column_text][/vc_column][vc_column width=&#8221;1/2&#8243; full_width=&#8221;&#8221; gap=&#8221;0&#8243; full_height=&#8221;&#8221; columns_placement=&#8221;middle&#8221; equal_height=&#8221;&#8221; rtl_reverse=&#8221;&#8221; content_placement=&#8221;&#8221; disable_element=&#8221;&#8221;][/vc_column][/vc_row][vc_row full_width=&#8221;stretch_row_content&#8221; css=&#8221;.vc_custom_1559343721436{padding-top: 30px !important;}&#8221;][vc_column][vc_single_image image=&#8221;2191&#8243; img_size=&#8221;full&#8221;][/vc_column][/vc_row][vc_row][vc_column width=&#8221;1/3&#8243; css=&#8221;.vc_custom_1559343880508{padding-bottom: 20px !important;}&#8221;][vc_column_text]</p>
<p><span style="color: #1d70b8;"><b><i>“A gratuidade é fundamental na vida. Pode até se tornar uma verdadeira arte. Quando se aprende a arte da gratuidade na infância, é mais fácil que depois se torne cultura, cultura do dar portanto, é realmente possível começar a ter esperança em um mundo mais justo, de paz e de comunhão.”</i></b></span><span style="font-weight: 400;"> (L. Bruni, in C.Heinsdorff – M.Bolkart, </span><i><span style="font-weight: 400;">La felicità di dare</span></i><span style="font-weight: 400;">, Città Nuova, Roma, 2005, quarta di copertina)</span></p>
<p><span style="font-weight: 400;">O percurso de formação gen4, nas comunidades do Movimento dos Focolares, contém elementos que podem facilitar a aprendizagem desses valores.</span></p>
<p><span style="font-weight: 400;">Sentir-se parte de uma família numerosa, de dimensão planetária, ajuda a criança a perceber o outro, que não será mais um “desconhecido”, mas um irmão.</span></p>
<p><span style="font-weight: 400;">Na medida em que o gen4 experimenta pessoalmente a beleza de </span><span style="color: #1d70b8;"><b>ser amado de modo “gratuito”, desinteressadamente, ele descobre a alegria e a possibilidade de compartilhar aquilo que possui com os amigos e não apenas com eles</b><span style="font-weight: 400;">.</span></span></p>
<p>[/vc_column_text][/vc_column][vc_column width=&#8221;1/3&#8243;][vc_column_text]</p>
<p><span style="font-weight: 400;">É a experiência de Chiara Lubich desde o início do Movimento: da descoberta de Deus Amor à vivência da comunhão dos bens, como os primeiros cristãos entre os quais pelo amor recíproco vivido não existia nenhum necessitado.</span></p>
<p><span style="color: #1d70b8;"><b>Mas o que e com quem compartilhar?</b></span></p>
<p><span style="font-weight: 400;">Respondendo à pergunta de uma gen4 da Corea</span><i><span style="font-weight: 400;"> («Chiara, você nos ensina a dar sempre, sem guardar nada para nós. Porém eu não tenho muitas coisas para dar. O que posso fazer?) </span></i><span style="font-weight: 400;">Chiara amplia muito o horizonte do “dar”.</span><span style="color: #1d70b8;"><b><i> Não há ninguém que não tenha algo para dar: uma ajuda, um sorriso, alegria, escutar alguém, compartilhar a merenda&#8230;</i></b></span></p>
<p><span style="font-weight: 400;">A “cultura do dar e da partilha”, que quer ser o estilo de vida gen4, não  é somente uma atenção material para com os mais necessitados, </span><span style="color: #1d70b8;"><b>mas a valorização de tudo aquilo que temos como um “dom”, uma “riqueza pessoal” em termos de talentos, conhecimentos, capacidade para ajudar qualquer pessoa que passe ao nosso lado.</b></span></p>
<p>[/vc_column_text][/vc_column][vc_column width=&#8221;1/3&#8243;][vc_column_text]</p>
<p><span style="font-weight: 400;">Chiara escreveu assim:</span></p>
<h3><span style="color: #1d70b8;"><b><i>“Se alguém ama, ele dá.  Se o outro também ama, ele dá.  Se todos nós amamos, tudo se torna comum a todos. </i></b><b><i>Assim vivem os gen 4.”</i></b></span></h3>
<p><i><span style="font-weight: 400;">(</span></i><span style="font-weight: 400;"> C.Lubich, in </span><i><span style="font-weight: 400;">Gen4,</span></i><span style="font-weight: 400;"> n. 5-6 maggio-giugno 1985, p.4)</span></p>
<h3><span style="color: #1d70b8;"><b>“</b><b><i>Tente dar algo a Jesus em seus irmãos, e você receberá”.</i></b></span></h3>
<p><i><span style="font-weight: 400;">(</span></i><span style="font-weight: 400;"> C.Lubich, in </span><i><span style="font-weight: 400;">Gen4,</span></i><span style="font-weight: 400;"> n. 1 gennaio 1981, p.5</span><i><span style="font-weight: 400;">)</span></i></p>
<p>[/vc_column_text][/vc_column][/vc_row][vc_row][vc_column][vc_column_text]</p>
<h2><span style="color: #e94e1b;">MATERIAL</span></h2>
<p>[/vc_column_text][vc_column_text]</p>
<div class='w3eden wpdm_packages_shortcode'>
    <div class=''>

        
        <div id="content_wpdm_package_1">
            <div class='row'><div class='col-lg-6 col-md-6 col-6'><div class="well c2a2">
<div class="media">
<div class="pull-left" style="margin-right: 10px;" align="left">&nbsp;</div>
<div class="media-body">
<h4 class="media-heading" style="padding-top: 0px; border: 0px; margin: 0 0 5px 0; font-size: 15px;"><span style="color: #1D70B8;"><a style="font-weight: bold; color: #1D70B8;" href="https://gen4.focolare.org/pt-br/download/a-cultura-do-dar-da-partilha-desenho/">A cultura do dar, da partilha [DESENHO]</a> </span><span style="margin-left: 30px; font-size: 8pt; font-weight: 300;"> 66.08 MB</span></h4>
</div>
</div>
</div></br></div><div class='col-lg-6 col-md-6 col-6'><div class="well c2a2">
<div class="media">
<div class="pull-left" style="margin-right: 10px;" align="left">&nbsp;</div>
<div class="media-body">
<h4 class="media-heading" style="padding-top: 0px; border: 0px; margin: 0 0 5px 0; font-size: 15px;"><span style="color: #1D70B8;"><a style="font-weight: bold; color: #1D70B8;" href="https://gen4.focolare.org/pt-br/download/dar-cancao/">Dar [CANÇÃO]</a> </span><span style="margin-left: 30px; font-size: 8pt; font-weight: 300;"> 5.05 MB</span></h4>
</div>
</div>
</div></br></div></div>            <div style='clear:both'></div><div class='text-center'><ul class='pagination wpdm-pagination pagination-centered text-center'></ul></div><div style='clear:both'></div>        </div>

        <div style='clear:both'></div>
    </div>
</div>

<p>[/vc_column_text][vc_column_text]</p>
<h2><span style="color: #e94e1b;">EXPERIÊNCIAS</span></h2>
<p>[/vc_column_text][vc_basic_grid post_type=&#8221;wpdmpro&#8221; max_items=&#8221;10&#8243; item=&#8221;1674&#8243; grid_id=&#8221;vc_gid:1580732272222-023119e7-10a6-7&#8243; taxonomies=&#8221;221&#8243;][/vc_column][/vc_row]</p>
</div>
