{"id":3915,"date":"2019-05-06T08:30:44","date_gmt":"2019-05-06T06:30:44","guid":{"rendered":"http:\/\/gen4.focolare.org\/?page_id=3915"},"modified":"2020-04-03T20:43:24","modified_gmt":"2020-04-03T18:43:24","slug":"como-vivemos","status":"publish","type":"page","link":"https:\/\/gen4.focolare.org\/pt-br\/como-vivemos\/","title":{"rendered":"Como vivemos"},"content":{"rendered":"<div class=\"wpb-content-wrapper\"><p>[vc_row full_width=&#8221;stretch_row&#8221; content_placement=&#8221;middle&#8221; css=&#8221;.vc_custom_1559339648223{background-image: url(http:\/\/gen4.focolare.org\/wp-content\/uploads\/2019\/05\/background_gen4_yellow.png?id=1748) !important;}&#8221;][vc_column width=&#8221;1\/4&#8243;][vc_column_text css=&#8221;.vc_custom_1578847079650{background-color: #1d70b8 !important;}&#8221;]<\/p>\n<h1 style=\"text-align: center;\"><span style=\"color: #ffffff;\">como vivemos<\/span><\/h1>\n<p>[\/vc_column_text][\/vc_column][vc_column width=&#8221;3\/4&#8243; full_width=&#8221;&#8221; gap=&#8221;0&#8243; full_height=&#8221;&#8221; columns_placement=&#8221;middle&#8221; equal_height=&#8221;&#8221; rtl_reverse=&#8221;&#8221; content_placement=&#8221;&#8221; disable_element=&#8221;&#8221;][\/vc_column][\/vc_row][vc_row css=&#8221;.vc_custom_1562056718848{padding-top: 30px !important;}&#8221;][vc_column width=&#8221;1\/2&#8243;][vc_column_text]<\/p>\n<p><span style=\"font-weight: 400;\">\u201c<\/span><span style=\"font-weight: 400;\">Um gen4 \u00e9 algu\u00e9m que sente no cora\u00e7\u00e3o que deve cuidar dos outros, algu\u00e9m que considera os outros\u201d; \u201c\u00e9 algu\u00e9m que ajuda as pessoas\u201d; \u201cque ama Jesus e quer sempre amar\u201d&#8230; estas s\u00e3o apenas algumas das defini\u00e7\u00f5es com as quais as crian\u00e7as, meninos e meninas dos Focolares de v\u00e1rios pa\u00edses do mundo, explicam o que significa ser gen4. <\/span><\/p>\n<p><span style=\"font-weight: 400;\">Nas crian\u00e7as, devido \u00e0 imediatez caracter\u00edstica da idade, o relacionamento com Deus \u00e9 expresso com as a\u00e7\u00f5es: as experi\u00eancias que eles vivem e compartilham s\u00e3o precisamente a maneira de se comunicar e tornar conhecida a sua realidade espiritual. <\/span><\/p>\n<p>[\/vc_column_text][\/vc_column][vc_column width=&#8221;1\/2&#8243;][vc_column_text]<\/p>\n<h4><span style=\"color: #1d70b8;\"><span style=\"font-weight: 400;\">Aqui est\u00e3o alguns exemplos da vida que surgiu em crian\u00e7as do mundo inteiro que acolheram o \u201ccora\u00e7\u00e3o\u201d da espiritualidade de Chiara Lubich, que assim resumiu para elas:<\/span><\/span><\/h4>\n<h4><span style=\"color: #1d70b8;\"><span style=\"font-weight: 400;\"><strong>\u201cAmem, Amem de modo que no final de cada dia voc\u00eas possam dizer: Eu sempre amei\u201d.<\/strong> (C.Lubich, in Gen4, n.3 ottobre 1978, prima di copertina)<\/span><\/span><\/h4>\n<p>[\/vc_column_text][\/vc_column][\/vc_row][vc_row][vc_column][vc_separator][vc_basic_grid post_type=&#8221;wpdmpro&#8221; max_items=&#8221;-1&#8243; element_width=&#8221;3&#8243; item=&#8221;1674&#8243; grid_id=&#8221;vc_gid:1585939432328-8cc5f674-4060-9&#8243; taxonomies=&#8221;221, 223, 225, 244&#8243;][\/vc_column][\/vc_row]<\/p>\n<\/div>","protected":false},"excerpt":{"rendered":"<p>[vc_row full_width=&#8221;stretch_row&#8221; content_placement=&#8221;middle&#8221; css=&#8221;.vc_custom_1559339648223{background-image: url(http:\/\/gen4.focolare.org\/wp-content\/uploads\/2019\/05\/background_gen4_yellow.png?id=1748) !important;}&#8221;][vc_column width=&#8221;1\/4&#8243;][vc_column_text css=&#8221;.vc_custom_1578847079650{background-color: #1d70b8 !important;}&#8221;] como &#8230; <\/p>\n","protected":false},"author":1,"featured_media":0,"parent":0,"menu_order":0,"comment_status":"closed","ping_status":"closed","template":"","meta":{"footnotes":""},"class_list":["post-3915","page","type-page","status-publish","hentry"],"_links":{"self":[{"href":"https:\/\/gen4.focolare.org\/pt-br\/wp-json\/wp\/v2\/pages\/3915","targetHints":{"allow":["GET"]}}],"collection":[{"href":"https:\/\/gen4.focolare.org\/pt-br\/wp-json\/wp\/v2\/pages"}],"about":[{"href":"https:\/\/gen4.focolare.org\/pt-br\/wp-json\/wp\/v2\/types\/page"}],"author":[{"embeddable":true,"href":"https:\/\/gen4.focolare.org\/pt-br\/wp-json\/wp\/v2\/users\/1"}],"replies":[{"embeddable":true,"href":"https:\/\/gen4.focolare.org\/pt-br\/wp-json\/wp\/v2\/comments?post=3915"}],"version-history":[{"count":8,"href":"https:\/\/gen4.focolare.org\/pt-br\/wp-json\/wp\/v2\/pages\/3915\/revisions"}],"predecessor-version":[{"id":5652,"href":"https:\/\/gen4.focolare.org\/pt-br\/wp-json\/wp\/v2\/pages\/3915\/revisions\/5652"}],"wp:attachment":[{"href":"https:\/\/gen4.focolare.org\/pt-br\/wp-json\/wp\/v2\/media?parent=3915"}],"curies":[{"name":"wp","href":"https:\/\/api.w.org\/{rel}","templated":true}]}}

<div class="wpb-content-wrapper"><p>[vc_row full_width=&#8221;stretch_row&#8221; content_placement=&#8221;middle&#8221; css=&#8221;.vc_custom_1559339648223{background-image: url(http://gen4.focolare.org/wp-content/uploads/2019/05/background_gen4_yellow.png?id=1748) !important;}&#8221;][vc_column width=&#8221;1/4&#8243;][vc_column_text css=&#8221;.vc_custom_1578847079650{background-color: #1d70b8 !important;}&#8221;]</p>
<h1 style="text-align: center;"><span style="color: #ffffff;">como vivemos</span></h1>
<p>[/vc_column_text][/vc_column][vc_column width=&#8221;3/4&#8243; full_width=&#8221;&#8221; gap=&#8221;0&#8243; full_height=&#8221;&#8221; columns_placement=&#8221;middle&#8221; equal_height=&#8221;&#8221; rtl_reverse=&#8221;&#8221; content_placement=&#8221;&#8221; disable_element=&#8221;&#8221;][/vc_column][/vc_row][vc_row css=&#8221;.vc_custom_1562056718848{padding-top: 30px !important;}&#8221;][vc_column width=&#8221;1/2&#8243;][vc_column_text]</p>
<p><span style="font-weight: 400;">“</span><span style="font-weight: 400;">Um gen4 é alguém que sente no coração que deve cuidar dos outros, alguém que considera os outros”; “é alguém que ajuda as pessoas”; “que ama Jesus e quer sempre amar”&#8230; estas são apenas algumas das definições com as quais as crianças, meninos e meninas dos Focolares de vários países do mundo, explicam o que significa ser gen4. </span></p>
<p><span style="font-weight: 400;">Nas crianças, devido à imediatez característica da idade, o relacionamento com Deus é expresso com as ações: as experiências que eles vivem e compartilham são precisamente a maneira de se comunicar e tornar conhecida a sua realidade espiritual. </span></p>
<p>[/vc_column_text][/vc_column][vc_column width=&#8221;1/2&#8243;][vc_column_text]</p>
<h4><span style="color: #1d70b8;"><span style="font-weight: 400;">Aqui estão alguns exemplos da vida que surgiu em crianças do mundo inteiro que acolheram o “coração” da espiritualidade de Chiara Lubich, que assim resumiu para elas:</span></span></h4>
<h4><span style="color: #1d70b8;"><span style="font-weight: 400;"><strong>“Amem, Amem de modo que no final de cada dia vocês possam dizer: Eu sempre amei”.</strong> (C.Lubich, in Gen4, n.3 ottobre 1978, prima di copertina)</span></span></h4>
<p>[/vc_column_text][/vc_column][/vc_row][vc_row][vc_column][vc_separator][vc_basic_grid post_type=&#8221;wpdmpro&#8221; max_items=&#8221;-1&#8243; element_width=&#8221;3&#8243; item=&#8221;1674&#8243; grid_id=&#8221;vc_gid:1585939432328-8cc5f674-4060-9&#8243; taxonomies=&#8221;221, 223, 225, 244&#8243;][/vc_column][/vc_row]</p>
</div>
