{"id":11695,"date":"2022-09-01T17:46:55","date_gmt":"2022-09-01T15:46:55","guid":{"rendered":"https:\/\/gen4.focolare.org\/?post_type=wpdmpro&#038;p=11695"},"modified":"2022-09-01T17:46:55","modified_gmt":"2022-09-01T15:46:55","slug":"pdv-09-2022-hu","status":"publish","type":"wpdmpro","link":"https:\/\/gen4.focolare.org\/pt-br\/download\/pdv-09-2022-hu\/","title":{"rendered":"PdV 09 2022 | HU"},"content":{"rendered":"<h4>\u00c9letige, 2022 Szeptember<\/h4>\n<h3>Szabadon szeretni<\/h3>\n<p>\u201eB\u00e1r mindenkit\u0151l f\u00fcggetlen voltam, mindenki szolg\u00e1j\u00e1v\u00e1 tettem magam, hogy min\u00e9l t\u00f6bbeket nyerjek meg\u201d (1Kor 9,19)<\/p>\n","protected":false},"excerpt":{"rendered":"<p>\u00c9letige, 2022 Szeptember Szabadon szeretni \u201eB\u00e1r mindenkit\u0151l f\u00fcggetlen voltam, mindenki szolg\u00e1j\u00e1v\u00e1 &#8230; <\/p>\n","protected":false},"author":4,"featured_media":11696,"comment_status":"closed","ping_status":"closed","template":"","meta":{"__wpdm_changelog":[]},"wpdmcategory":[122],"wpdmtag":[],"class_list":["post-11695","wpdmpro","type-wpdmpro","status-publish","has-post-thumbnail","hentry","wpdmcategory-magyar"],"_links":{"self":[{"href":"https:\/\/gen4.focolare.org\/pt-br\/wp-json\/wp\/v2\/wpdmpro\/11695","targetHints":{"allow":["GET"]}}],"collection":[{"href":"https:\/\/gen4.focolare.org\/pt-br\/wp-json\/wp\/v2\/wpdmpro"}],"about":[{"href":"https:\/\/gen4.focolare.org\/pt-br\/wp-json\/wp\/v2\/types\/wpdmpro"}],"author":[{"embeddable":true,"href":"https:\/\/gen4.focolare.org\/pt-br\/wp-json\/wp\/v2\/users\/4"}],"replies":[{"embeddable":true,"href":"https:\/\/gen4.focolare.org\/pt-br\/wp-json\/wp\/v2\/comments?post=11695"}],"wp:featuredmedia":[{"embeddable":true,"href":"https:\/\/gen4.focolare.org\/pt-br\/wp-json\/wp\/v2\/media\/11696"}],"wp:attachment":[{"href":"https:\/\/gen4.focolare.org\/pt-br\/wp-json\/wp\/v2\/media?parent=11695"}],"wp:term":[{"taxonomy":"wpdmcategory","embeddable":true,"href":"https:\/\/gen4.focolare.org\/pt-br\/wp-json\/wp\/v2\/wpdmcategory?post=11695"},{"taxonomy":"wpdmtag","embeddable":true,"href":"https:\/\/gen4.focolare.org\/pt-br\/wp-json\/wp\/v2\/wpdmtag?post=11695"}],"curies":[{"name":"wp","href":"https:\/\/api.w.org\/{rel}","templated":true}]}}

<h4>Életige, 2022 Szeptember</h4>
<h3>Szabadon szeretni</h3>
<p>„Bár mindenkitől független voltam, mindenki szolgájává tettem magam, hogy minél többeket nyerjek meg” (1Kor 9,19)</p>

<p>Életige, 2022 Szeptember Szabadon szeretni „Bár mindenkitől független voltam, mindenki szolgájává &#8230; </p>
