{"id":12064,"date":"2022-11-03T10:50:56","date_gmt":"2022-11-03T08:50:56","guid":{"rendered":"https:\/\/gen4.focolare.org\/?post_type=wpdmpro&#038;p=12064"},"modified":"2024-01-21T15:57:16","modified_gmt":"2024-01-21T14:57:16","slug":"0_oggi-ho-scoperto-il-cielo-premessa","status":"publish","type":"wpdmpro","link":"https:\/\/gen4.focolare.org\/pt-br\/download\/0_oggi-ho-scoperto-il-cielo-premessa\/","title":{"rendered":"0_Oggi ho scoperto il cielo: Premessa"},"content":{"rendered":"<p>Per preparare il materiale siamo partiti rileggendo e meditando vari dei temi fatti da Chiara<a href=\"#_ftn1\" name=\"_ftnref1\">[1]<\/a> su questi argomenti, evidenziando quegli aspetti che ci sembravano pi\u00f9 adatti per i gen4. \u00a0Per molti di questi aspetti c\u2019\u00e8 anche materiale specifico preparato proprio da Chiara per questa et\u00e0 (spunti dalla sua storia e dalle risposte date da Chiara negli anni ai gen4).<\/p>\n<p>Abbiamo scelto <strong><span style=\"color: #ff6600;\">7 punti<\/span> <\/strong>da proporre in tappe successive, con un percorso in sintonia anche con la formazione Indaco sulla Sacra Scrittura che vorremmo far fare ai nostri gen4.<\/p>\n<p>Per ogni tappa abbiamo indicato:<\/p>\n<ol>\n<li><span style=\"color: #ff6600;\"><strong>A)<\/strong><\/span> alcuni <strong><span style=\"color: #ff6600;\">spunti presi dai temi di Chiara per la preparazione-meditazione degli assistent<\/span><span style=\"color: #ff6600;\">i;<\/span><\/strong><\/li>\n<li><strong><span style=\"color: #ff6600;\">B)<\/span><\/strong> quali <span style=\"color: #ff6600;\"><strong>obiettivi<\/strong><\/span> questi spunti ci hanno suggerito per l\u2019incontro gen4;<\/li>\n<li><strong><span style=\"color: #ff6600;\">C)<\/span><\/strong> alcuni <strong><span style=\"color: #ff6600;\">contenuti<\/span><\/strong> che si possono utilizzare come aiuto per raggiungere questi obiettivi, \u201cgocce di luce\u201d prese dalla <span style=\"color: #ff6600;\"><strong>Sacra Scrittura<\/strong><\/span> (percorso Indaco per i Gen4) e dalla <strong><span style=\"color: #ff6600;\">Spiritualit\u00e0<\/span><\/strong> (sempre materiale per Gen4). Nel concreto per ogni tappa segnaliamo: quali brani della storia di Chiara o quali sue risposte date negli anni ai gen4 si possono usare; -quale episodio della Sacra Scrittura ci sembra in sintonia con quel punto. Ogni episodio della S. Scrittura proposto \u00e8 anche corredato da esperienze illustrate che possono essere materiale utile per arricchire il punto.<\/li>\n<li><strong><span style=\"color: #ff6600;\">D)<\/span><\/strong> Infine, attraverso una bellissima collaborazione con un\u2019equipe di assistenti di tutto il mondo, sono stati preparati anche alcuni <strong><span style=\"color: #ff6600;\">spunti per la conduzione dell\u2019incontro e per arricchirlo con canti, giochi, disegni, attivit\u00e0 varie.<\/span><\/strong><\/li>\n<\/ol>\n<p>Il tipo di proposta che possiamo offrire quest\u2019anno, essendo \u201cmodulare\u201d e non gi\u00e0 strutturato come gli scorsi anni, pu\u00f2 essere ancora pi\u00f9 facilmente adattato ad ogni situazione. Siamo sicuri che la sensibilit\u00e0 di ogni assistente sapr\u00e0 <span style=\"color: #ff6600;\"><strong>scegliere, tra quelli proposti, gli elementi pi\u00f9 adeguati al gruppo di gen4 affidato. C\u2019\u00e8 tanto materiale proprio per poter scegliere: NON \u00e8 necessario fare tutto!<\/strong><\/span><\/p>\n<p>Come vedrete poi anche nella scelta dei temi di Chiara (per la preparazione degli assistenti) si sono cercate conversazioni fatte al pubblico pi\u00f9 vario, in modo da aver presente, per quanto possibile, anche la ricchezza <span style=\"color: #ff6600;\"><strong>interreligiosa ed ecumenica.<\/strong><\/span> Vi ricordiamo che in tutto il percorso indaco \u00e8 molto presente la dimensione ecumenica e sia nella revisione del brano della Sacra Scrittura adattato ai bambini, sia nell\u2019apporto delle note che corredano il testo, c\u2019\u00e8 stato il contributo di focolarine e focolarini di varie Chiese.<\/p>\n<p>Il titolo generale del percorso che proponiamo per l\u2019anno 2022-2023 \u00e8: <span style=\"color: #ff0000; font-size: 18px;\"><strong><em>Oggi ho scoperto il Cielo<\/em><\/strong><\/span><\/p>\n<p>______________________________________________<\/p>\n<p><a href=\"#_ftnref1\" name=\"_ftn1\">[1]<\/a> Testi di riferimento consultati:<\/p>\n<ol>\n<li>Lubich, Tokyo (Giappone), 28 dicembre 1981, ai membri della Rissho Kosei Kai, <em>&#8220;La mia esperienza spirituale&#8221;<\/em><\/li>\n<li>Lubich, Faenza, 10 aprile 1988, alle famiglie, <em>\u201cLa preghiera in famiglia\u201d<\/em><\/li>\n<li>Lubich, ai focolarini, Castel Gandolfo, 23 dicembre 1988, <em>La &#8220;Via Mariae&#8221;<\/em><\/li>\n<li>Lubich, \u2013 Collegamento CH, 23 febbraio 1989, \u201c<em>I quattro modi di pregare\u201d<\/em> (pubblicato in: C.Lubich, Cercando le cose di lass\u00f9, Roma 19924 , p. 128-130.)<\/li>\n<li>Lubich, Collegamento CH, Mariapoli Luminosa, 24 maggio 1990, \u201c<em>Vivere il \u2018Gi\u00e0\u2019\u201d<\/em> (pubblicato in: C. Lubich, Santi insieme, Roma 19953 , (Ia ed.: 1994), p. 35-38)<\/li>\n<li>Lubich, Castel Gandolfo, 24 dicembre 1998, ai focolarini, \u201c<em>V\u00b0 tema della spiritualit\u00e0 collettiva \u2013 III\u00b0 aspetto: &#8216;L&#8217;amore eleva'&#8221;<\/em><\/li>\n<li>Lubich, Castel Gandolfo, 25 ottobre 1999, incontro amici mussulmani, <em>\u201cLa preghiera, la meditazione e l&#8217;unione con Dio\u201d<\/em><\/li>\n<li>Lubich, Castel Gandolfo, 4 gennaio 2004, ai focolarini\/e, <em>&#8220;L&#8217;unione con Dio si sente, si percepisce &#8211; La cultura della Risurrezione&#8221;<\/em><\/li>\n<li>Lubich, Castel Gandolfo, 16 febbraio 2004, ai Vescovi amici del Movimento dei Focolari, <em>&#8220;L&#8217;unione con Dio&#8221;<\/em><\/li>\n<li>Lubich, Castel Gandolfo, 18 aprile 2004, al Simposio ind\u00f9-cristiano, <em>&#8220;L&#8217;unione con Dio&#8221;<\/em><\/li>\n<\/ol>\n<p>&nbsp;<\/p>\n","protected":false},"excerpt":{"rendered":"<p>Per preparare il materiale siamo partiti rileggendo e meditando vari dei &#8230; <\/p>\n","protected":false},"author":3,"featured_media":12217,"comment_status":"closed","ping_status":"closed","template":"page.php","meta":{"__wpdm_changelog":[]},"wpdmcategory":[489],"wpdmtag":[],"class_list":["post-12064","wpdmpro","type-wpdmpro","status-publish","has-post-thumbnail","hentry","wpdmcategory-oggi-ho-scoperto-il-cielo-unione-con-dio-e-preghiera_2022-2023"],"_links":{"self":[{"href":"https:\/\/gen4.focolare.org\/pt-br\/wp-json\/wp\/v2\/wpdmpro\/12064","targetHints":{"allow":["GET"]}}],"collection":[{"href":"https:\/\/gen4.focolare.org\/pt-br\/wp-json\/wp\/v2\/wpdmpro"}],"about":[{"href":"https:\/\/gen4.focolare.org\/pt-br\/wp-json\/wp\/v2\/types\/wpdmpro"}],"author":[{"embeddable":true,"href":"https:\/\/gen4.focolare.org\/pt-br\/wp-json\/wp\/v2\/users\/3"}],"replies":[{"embeddable":true,"href":"https:\/\/gen4.focolare.org\/pt-br\/wp-json\/wp\/v2\/comments?post=12064"}],"wp:featuredmedia":[{"embeddable":true,"href":"https:\/\/gen4.focolare.org\/pt-br\/wp-json\/wp\/v2\/media\/12217"}],"wp:attachment":[{"href":"https:\/\/gen4.focolare.org\/pt-br\/wp-json\/wp\/v2\/media?parent=12064"}],"wp:term":[{"taxonomy":"wpdmcategory","embeddable":true,"href":"https:\/\/gen4.focolare.org\/pt-br\/wp-json\/wp\/v2\/wpdmcategory?post=12064"},{"taxonomy":"wpdmtag","embeddable":true,"href":"https:\/\/gen4.focolare.org\/pt-br\/wp-json\/wp\/v2\/wpdmtag?post=12064"}],"curies":[{"name":"wp","href":"https:\/\/api.w.org\/{rel}","templated":true}]}}

<p>Per preparare il materiale siamo partiti rileggendo e meditando vari dei temi fatti da Chiara<a href="#_ftn1" name="_ftnref1">[1]</a> su questi argomenti, evidenziando quegli aspetti che ci sembravano più adatti per i gen4.  Per molti di questi aspetti c’è anche materiale specifico preparato proprio da Chiara per questa età (spunti dalla sua storia e dalle risposte date da Chiara negli anni ai gen4).</p>
<p>Abbiamo scelto <strong><span style="color: #ff6600;">7 punti</span> </strong>da proporre in tappe successive, con un percorso in sintonia anche con la formazione Indaco sulla Sacra Scrittura che vorremmo far fare ai nostri gen4.</p>
<p>Per ogni tappa abbiamo indicato:</p>
<ol>
<li><span style="color: #ff6600;"><strong>A)</strong></span> alcuni <strong><span style="color: #ff6600;">spunti presi dai temi di Chiara per la preparazione-meditazione degli assistent</span><span style="color: #ff6600;">i;</span></strong></li>
<li><strong><span style="color: #ff6600;">B)</span></strong> quali <span style="color: #ff6600;"><strong>obiettivi</strong></span> questi spunti ci hanno suggerito per l’incontro gen4;</li>
<li><strong><span style="color: #ff6600;">C)</span></strong> alcuni <strong><span style="color: #ff6600;">contenuti</span></strong> che si possono utilizzare come aiuto per raggiungere questi obiettivi, “gocce di luce” prese dalla <span style="color: #ff6600;"><strong>Sacra Scrittura</strong></span> (percorso Indaco per i Gen4) e dalla <strong><span style="color: #ff6600;">Spiritualità</span></strong> (sempre materiale per Gen4). Nel concreto per ogni tappa segnaliamo: quali brani della storia di Chiara o quali sue risposte date negli anni ai gen4 si possono usare; -quale episodio della Sacra Scrittura ci sembra in sintonia con quel punto. Ogni episodio della S. Scrittura proposto è anche corredato da esperienze illustrate che possono essere materiale utile per arricchire il punto.</li>
<li><strong><span style="color: #ff6600;">D)</span></strong> Infine, attraverso una bellissima collaborazione con un’equipe di assistenti di tutto il mondo, sono stati preparati anche alcuni <strong><span style="color: #ff6600;">spunti per la conduzione dell’incontro e per arricchirlo con canti, giochi, disegni, attività varie.</span></strong></li>
</ol>
<p>Il tipo di proposta che possiamo offrire quest’anno, essendo “modulare” e non già strutturato come gli scorsi anni, può essere ancora più facilmente adattato ad ogni situazione. Siamo sicuri che la sensibilità di ogni assistente saprà <span style="color: #ff6600;"><strong>scegliere, tra quelli proposti, gli elementi più adeguati al gruppo di gen4 affidato. C’è tanto materiale proprio per poter scegliere: NON è necessario fare tutto!</strong></span></p>
<p>Come vedrete poi anche nella scelta dei temi di Chiara (per la preparazione degli assistenti) si sono cercate conversazioni fatte al pubblico più vario, in modo da aver presente, per quanto possibile, anche la ricchezza <span style="color: #ff6600;"><strong>interreligiosa ed ecumenica.</strong></span> Vi ricordiamo che in tutto il percorso indaco è molto presente la dimensione ecumenica e sia nella revisione del brano della Sacra Scrittura adattato ai bambini, sia nell’apporto delle note che corredano il testo, c’è stato il contributo di focolarine e focolarini di varie Chiese.</p>
<p>Il titolo generale del percorso che proponiamo per l’anno 2022-2023 è: <span style="color: #ff0000; font-size: 18px;"><strong><em>Oggi ho scoperto il Cielo</em></strong></span></p>
<p>______________________________________________</p>
<p><a href="#_ftnref1" name="_ftn1">[1]</a> Testi di riferimento consultati:</p>
<ol>
<li>Lubich, Tokyo (Giappone), 28 dicembre 1981, ai membri della Rissho Kosei Kai, <em>&#8220;La mia esperienza spirituale&#8221;</em></li>
<li>Lubich, Faenza, 10 aprile 1988, alle famiglie, <em>“La preghiera in famiglia”</em></li>
<li>Lubich, ai focolarini, Castel Gandolfo, 23 dicembre 1988, <em>La &#8220;Via Mariae&#8221;</em></li>
<li>Lubich, – Collegamento CH, 23 febbraio 1989, “<em>I quattro modi di pregare”</em> (pubblicato in: C.Lubich, Cercando le cose di lassù, Roma 19924 , p. 128-130.)</li>
<li>Lubich, Collegamento CH, Mariapoli Luminosa, 24 maggio 1990, “<em>Vivere il ‘Già’”</em> (pubblicato in: C. Lubich, Santi insieme, Roma 19953 , (Ia ed.: 1994), p. 35-38)</li>
<li>Lubich, Castel Gandolfo, 24 dicembre 1998, ai focolarini, “<em>V° tema della spiritualità collettiva – III° aspetto: &#8216;L&#8217;amore eleva'&#8221;</em></li>
<li>Lubich, Castel Gandolfo, 25 ottobre 1999, incontro amici mussulmani, <em>“La preghiera, la meditazione e l&#8217;unione con Dio”</em></li>
<li>Lubich, Castel Gandolfo, 4 gennaio 2004, ai focolarini/e, <em>&#8220;L&#8217;unione con Dio si sente, si percepisce &#8211; La cultura della Risurrezione&#8221;</em></li>
<li>Lubich, Castel Gandolfo, 16 febbraio 2004, ai Vescovi amici del Movimento dei Focolari, <em>&#8220;L&#8217;unione con Dio&#8221;</em></li>
<li>Lubich, Castel Gandolfo, 18 aprile 2004, al Simposio indù-cristiano, <em>&#8220;L&#8217;unione con Dio&#8221;</em></li>
</ol>
<p>&nbsp;</p>
