{"id":12790,"date":"2023-05-01T14:49:50","date_gmt":"2023-05-01T13:49:50","guid":{"rendered":"https:\/\/gen4.focolare.org\/?post_type=wpdmpro&#038;p=12790"},"modified":"2024-02-23T15:25:38","modified_gmt":"2024-02-23T14:25:38","slug":"05_aujourdhui-jai-decouvert-le-ciel-etape-5","status":"publish","type":"wpdmpro","link":"https:\/\/gen4.focolare.org\/pt-br\/download\/05_aujourdhui-jai-decouvert-le-ciel-etape-5\/","title":{"rendered":"05_Aujourd\u2019hui, j\u2019ai d\u00e9couvert le Ciel: \u00c9tape 5"},"content":{"rendered":"<p>&nbsp;<\/p>\n<p style=\"text-align: center;\"><span style=\"color: #ff6600;\"><strong><em>\u00ab\u00a0Prier comme J\u00e9sus nous l\u2019a appris\u00a0\u00bb<\/em><\/strong><\/span><\/p>\n<p><span style=\"color: #ff6600;\"><strong><em>\u00a0<\/em><\/strong><\/span><span style=\"color: #ff6600;\"><strong>A)Pour les assistants. <\/strong><strong>Suggestions tir\u00e9es des th\u00e8mes de Chiara\u00a0: \u00ab\u00a0<\/strong><strong><em>Abba, P\u00e8re\u00a0!\u00a0\u00bb<\/em><\/strong><\/span><\/p>\n<ul>\n<li>Parmi les nombreuses conversations au cours desquelles Chiara parle de Dieu en tant que P\u00e8re et nous apprend \u00e0 Lui parler, nous reprenons un extrait du discours (d\u00e9j\u00e0 cit\u00e9 dans l&#8217;\u00e9tape pr\u00e9c\u00e9dente) fait par Chiara en 1998 aux focolarini\u00a0:\u00a0<em>\u00ab\u00a0[\u2026]<strong> Il y a dans le Mouvement \u2013 <\/strong>je le dis ici<strong> \u2013 une pri\u00e8re qui, avec les infinies richesses divines qu&#8217;elle contient, est toute contenue dans un mot, dans un seul mot, que J\u00e9sus a prononc\u00e9, qu\u2019il nous a enseign\u00e9 et que l&#8217;Esprit Saint met sur nos l\u00e8vres. J\u00e9sus priait, il priait\u00a0: son P\u00e8re. <\/strong>Pour lui \u2013 c&#8217;est nouveau, personne ne l&#8217;avait encore connu ainsi \u2013 le P\u00e8re \u00e9tait &#8220;Abba&#8221;, c&#8217;est-\u00e0-dire le papa, auquel il s&#8217;adressait avec des accents de confiance infinie et d&#8217;amour sans limites, car il avait confiance en son amour et le P\u00e8re aussi l&#8217;aimait. J\u00e9sus le priait tout en \u00e9tant dans le sein de la Trinit\u00e9, o\u00f9 il est la deuxi\u00e8me personne divine. Mais, depuis sa venue sur terre&#8230; je le comprends J\u00e9sus, je le&#8230; \u2013 l&#8217;autre jour en lisant le th\u00e8me pour venir vous voir \u2013 je le comprends J\u00e9sus, car, venant du Paradis, il a voulu donner ces merveilles qui sont au Paradis (il suffit d&#8217;\u00e9couter le peu de choses que l&#8217;Esprit-Saint nous a sugg\u00e9r\u00e9es), il a voulu nous donner \u00e0 nous aussi ces choses, je le comprends, je ferais la m\u00eame chose si j\u2019\u00e9tais pouss\u00e9e par lui. Mais qui n&#8217;a jamais&#8230; (appl). C&#8217;est un souhait, un d\u00e9sir surnaturel de faire aussi participer les autres, que si j&#8217;ai une joie, les autres l&#8217;aient aussi. N&#8217;est-ce pas, popi\u00a0? Vous le sentez vous aussi. <strong>\u00c9tant venu sur terre par amour pour nous, il ne lui a pas suffi de rester dans sa situation privil\u00e9gi\u00e9e de pri\u00e8re, dans le sein-m\u00eame du P\u00e8re, lui qui aime le P\u00e8re. En mourant pour nous, en nous rachetant, il a fait de nous, ses fr\u00e8res, des fils de Dieu comme lui et il nous a donn\u00e9 \u00e0 nous aussi, par l&#8217;Esprit, la possibilit\u00e9 d&#8217;\u00eatre introduits dans le sein de la Trinit\u00e9 en lui, avec lui, et par lui.<\/strong> C&#8217;est ainsi que, par lui, par J\u00e9sus dans l&#8217;Eucharistie, l&#8217;invocation\u00a0:\u00a0\u00ab\u00a0Abba, P\u00e8re\u00a0!\u00a0\u00bb a \u00e9t\u00e9 rendue possible pour nous aussi. Papa, mon papa\u00a0! Cela veut dire, notre papa, avec tout ce que cela implique\u00a0: l&#8217;abandon total \u00e0 son amour&#8230; c&#8217;est important\u00a0! Cette ann\u00e9e, qui est l&#8217;ann\u00e9e du P\u00e8re, l&#8217;attitude d&#8217;abandon, de confiance, de jeter tous nos soucis sur lui, c&#8217;est important\u00a0! L&#8217;abandon total&#8230;\u00a0 La certitude qu&#8217;il me prot\u00e8ge\u00a0: j&#8217;ai un p\u00e8re, c&#8217;est bon maintenant, je peux y arriver, je peux y arriver. J&#8217;ai un p\u00e8re qui me garantit sa protection, je suis en s\u00e9curit\u00e9. Alors il ne me laisse pas vivre juste comme \u00e7a\u00a0! Mais il me donne des consolations divines, la force, l&#8217;ardeur qui na\u00eet dans le c\u0153ur de celui qui est certain d&#8217;\u00eatre aim\u00e9. <strong>Voil\u00e0 la pri\u00e8re typique des chr\u00e9tiens, c&#8217;est cette pri\u00e8re-ci\u00a0:\u00a0\u00ab\u00a0Abba, P\u00e8re\u00a0!\u00a0\u00bb<\/strong> Eventuellement, parfois, quelques Notre P\u00e8re du chapelet m\u2019\u00e9chappent parce que j&#8217;ai \u00e9t\u00e9 distraite un moment. Alors, je conclus en disant\u00a0:\u00a0\u00ab\u00a0Abba, P\u00e8re\u00a0!\u00a0\u00bb et je sens que cela r\u00e9sume tout le Notre P\u00e8re. [\u2026]\u00a0\u00bb<\/em><span style=\"color: #0000ff;\"> <a style=\"color: #0000ff;\" href=\"#_ftn1\" name=\"_ftnref1\">[1]<\/a><\/span><\/li>\n<\/ul>\n<p><span style=\"color: #ff6600;\"><strong>B) Objectifs de la rencontre Gen4<\/strong><\/span><\/p>\n<p>&#8211; D\u00e9couvrir la beaut\u00e9 de la pri\u00e8re que J\u00e9sus nous a enseign\u00e9e et comment il nous aide \u00e0 mieux conna\u00eetre qui est Dieu, son P\u00e8re et notre P\u00e8re.<\/p>\n<p><strong><span style=\"color: #ff6600;\">C) Contenus de la rencontre Gen4\u00a0: des gouttes de lumi\u00e8re tir\u00e9es de l&#8217;\u00c9criture Sainte<\/span><\/strong><\/p>\n<p><span style=\"color: #ff6600;\"><strong>l\u2019\u00c9criture Sainte :<\/strong><\/span><\/p>\n<p><strong><em>&#8211; L\u2019\u00e9pisode de J\u00e9sus avec les disciples\u00a0: <\/em><\/strong><em>la derni\u00e8re partie dans laquelle il enseigne le \u00ab\u00a0Notre P\u00e8re\u00a0\u00bb <\/em><strong><span style=\"color: #008000;\">(Annexe C1)<\/span><\/strong><\/p>\n<p><strong><em>&#8211; L\u2019\u00e9pisode du P\u00e8re mis\u00e9ricordieux\u00a0: <\/em><\/strong><em>pour d\u00e9couvrir ensemble comment est l&#8217;amour du P\u00e8re envers nous et donc comment doit \u00eatre notre amour envers tous le monde\u00a0:\u00a0\u00ab\u00a0pardonne-nous nos offenses comme nous pardonnons aussi \u00e0 ceux qui nous ont offens\u00e9s\u00a0\u00bb<\/em> <strong><span style=\"color: #008000;\">(Annexe C2)<\/span><\/strong><\/p>\n<p><span style=\"color: #ff6600;\"><strong>D) Conseils et autres documents pour la conduite de la rencontre <\/strong><\/span><strong><span style=\"color: #008000;\">(Annexe D)<\/span><\/strong><\/p>\n<p>____________________________________________________________<\/p>\n<p><span style=\"font-size: 14px;\"><span style=\"color: #0000ff;\"><a style=\"color: #0000ff;\" href=\"#_ftnref1\" name=\"_ftn1\">[1]<\/a> <\/span>C. Lubich, Castel Gandolfo, 24 d\u00e9cembre 1998, aux focolarini, <em>V\u00b0 th\u00e8me de la spiritualit\u00e9 collective \u2013 III\u00b0 aspect\u00a0:\u00a0\u00ab\u00a0L&#8217;amour \u00e9l\u00e8ve\u00a0\u00bb<\/em><\/span><\/p>\n<p>&nbsp;<\/p>\n","protected":false},"excerpt":{"rendered":"<p>&nbsp; \u00ab\u00a0Prier comme J\u00e9sus nous l\u2019a appris\u00a0\u00bb \u00a0A)Pour les assistants. Suggestions &#8230; <\/p>\n","protected":false},"author":486,"featured_media":17488,"comment_status":"closed","ping_status":"closed","template":"page.php","meta":{"__wpdm_changelog":[]},"wpdmcategory":[493],"wpdmtag":[],"class_list":["post-12790","wpdmpro","type-wpdmpro","status-publish","has-post-thumbnail","hentry","wpdmcategory-aujourdhui-jai-decouvert-le-ciel-lunion-avec-dieu-et-la-priere-2022-2023"],"_links":{"self":[{"href":"https:\/\/gen4.focolare.org\/pt-br\/wp-json\/wp\/v2\/wpdmpro\/12790","targetHints":{"allow":["GET"]}}],"collection":[{"href":"https:\/\/gen4.focolare.org\/pt-br\/wp-json\/wp\/v2\/wpdmpro"}],"about":[{"href":"https:\/\/gen4.focolare.org\/pt-br\/wp-json\/wp\/v2\/types\/wpdmpro"}],"author":[{"embeddable":true,"href":"https:\/\/gen4.focolare.org\/pt-br\/wp-json\/wp\/v2\/users\/486"}],"replies":[{"embeddable":true,"href":"https:\/\/gen4.focolare.org\/pt-br\/wp-json\/wp\/v2\/comments?post=12790"}],"wp:featuredmedia":[{"embeddable":true,"href":"https:\/\/gen4.focolare.org\/pt-br\/wp-json\/wp\/v2\/media\/17488"}],"wp:attachment":[{"href":"https:\/\/gen4.focolare.org\/pt-br\/wp-json\/wp\/v2\/media?parent=12790"}],"wp:term":[{"taxonomy":"wpdmcategory","embeddable":true,"href":"https:\/\/gen4.focolare.org\/pt-br\/wp-json\/wp\/v2\/wpdmcategory?post=12790"},{"taxonomy":"wpdmtag","embeddable":true,"href":"https:\/\/gen4.focolare.org\/pt-br\/wp-json\/wp\/v2\/wpdmtag?post=12790"}],"curies":[{"name":"wp","href":"https:\/\/api.w.org\/{rel}","templated":true}]}}

05_Aujourd’hui, j’ai découvert le Ciel: Étape 5

<p>&nbsp;</p>
<p style="text-align: center;"><span style="color: #ff6600;"><strong><em>« Prier comme Jésus nous l’a appris »</em></strong></span></p>
<p><span style="color: #ff6600;"><strong><em> </em></strong></span><span style="color: #ff6600;"><strong>A)Pour les assistants. </strong><strong>Suggestions tirées des thèmes de Chiara : « </strong><strong><em>Abba, Père ! »</em></strong></span></p>
<ul>
<li>Parmi les nombreuses conversations au cours desquelles Chiara parle de Dieu en tant que Père et nous apprend à Lui parler, nous reprenons un extrait du discours (déjà cité dans l&#8217;étape précédente) fait par Chiara en 1998 aux focolarini : <em>« […]<strong> Il y a dans le Mouvement – </strong>je le dis ici<strong> – une prière qui, avec les infinies richesses divines qu&#8217;elle contient, est toute contenue dans un mot, dans un seul mot, que Jésus a prononcé, qu’il nous a enseigné et que l&#8217;Esprit Saint met sur nos lèvres. Jésus priait, il priait : son Père. </strong>Pour lui – c&#8217;est nouveau, personne ne l&#8217;avait encore connu ainsi – le Père était &#8220;Abba&#8221;, c&#8217;est-à-dire le papa, auquel il s&#8217;adressait avec des accents de confiance infinie et d&#8217;amour sans limites, car il avait confiance en son amour et le Père aussi l&#8217;aimait. Jésus le priait tout en étant dans le sein de la Trinité, où il est la deuxième personne divine. Mais, depuis sa venue sur terre&#8230; je le comprends Jésus, je le&#8230; – l&#8217;autre jour en lisant le thème pour venir vous voir – je le comprends Jésus, car, venant du Paradis, il a voulu donner ces merveilles qui sont au Paradis (il suffit d&#8217;écouter le peu de choses que l&#8217;Esprit-Saint nous a suggérées), il a voulu nous donner à nous aussi ces choses, je le comprends, je ferais la même chose si j’étais poussée par lui. Mais qui n&#8217;a jamais&#8230; (appl). C&#8217;est un souhait, un désir surnaturel de faire aussi participer les autres, que si j&#8217;ai une joie, les autres l&#8217;aient aussi. N&#8217;est-ce pas, popi ? Vous le sentez vous aussi. <strong>Étant venu sur terre par amour pour nous, il ne lui a pas suffi de rester dans sa situation privilégiée de prière, dans le sein-même du Père, lui qui aime le Père. En mourant pour nous, en nous rachetant, il a fait de nous, ses frères, des fils de Dieu comme lui et il nous a donné à nous aussi, par l&#8217;Esprit, la possibilité d&#8217;être introduits dans le sein de la Trinité en lui, avec lui, et par lui.</strong> C&#8217;est ainsi que, par lui, par Jésus dans l&#8217;Eucharistie, l&#8217;invocation : « Abba, Père ! » a été rendue possible pour nous aussi. Papa, mon papa ! Cela veut dire, notre papa, avec tout ce que cela implique : l&#8217;abandon total à son amour&#8230; c&#8217;est important ! Cette année, qui est l&#8217;année du Père, l&#8217;attitude d&#8217;abandon, de confiance, de jeter tous nos soucis sur lui, c&#8217;est important ! L&#8217;abandon total&#8230;  La certitude qu&#8217;il me protège : j&#8217;ai un père, c&#8217;est bon maintenant, je peux y arriver, je peux y arriver. J&#8217;ai un père qui me garantit sa protection, je suis en sécurité. Alors il ne me laisse pas vivre juste comme ça ! Mais il me donne des consolations divines, la force, l&#8217;ardeur qui naît dans le cœur de celui qui est certain d&#8217;être aimé. <strong>Voilà la prière typique des chrétiens, c&#8217;est cette prière-ci : « Abba, Père ! »</strong> Eventuellement, parfois, quelques Notre Père du chapelet m’échappent parce que j&#8217;ai été distraite un moment. Alors, je conclus en disant : « Abba, Père ! » et je sens que cela résume tout le Notre Père. […] »</em><span style="color: #0000ff;"> <a style="color: #0000ff;" href="#_ftn1" name="_ftnref1">[1]</a></span></li>
</ul>
<p><span style="color: #ff6600;"><strong>B) Objectifs de la rencontre Gen4</strong></span></p>
<p>&#8211; Découvrir la beauté de la prière que Jésus nous a enseignée et comment il nous aide à mieux connaître qui est Dieu, son Père et notre Père.</p>
<p><strong><span style="color: #ff6600;">C) Contenus de la rencontre Gen4 : des gouttes de lumière tirées de l&#8217;Écriture Sainte</span></strong></p>
<p><span style="color: #ff6600;"><strong>l’Écriture Sainte :</strong></span></p>
<p><strong><em>&#8211; L’épisode de Jésus avec les disciples : </em></strong><em>la dernière partie dans laquelle il enseigne le « Notre Père » </em><strong><span style="color: #008000;">(Annexe C1)</span></strong></p>
<p><strong><em>&#8211; L’épisode du Père miséricordieux : </em></strong><em>pour découvrir ensemble comment est l&#8217;amour du Père envers nous et donc comment doit être notre amour envers tous le monde : « pardonne-nous nos offenses comme nous pardonnons aussi à ceux qui nous ont offensés »</em> <strong><span style="color: #008000;">(Annexe C2)</span></strong></p>
<p><span style="color: #ff6600;"><strong>D) Conseils et autres documents pour la conduite de la rencontre </strong></span><strong><span style="color: #008000;">(Annexe D)</span></strong></p>
<p>____________________________________________________________</p>
<p><span style="font-size: 14px;"><span style="color: #0000ff;"><a style="color: #0000ff;" href="#_ftnref1" name="_ftn1">[1]</a> </span>C. Lubich, Castel Gandolfo, 24 décembre 1998, aux focolarini, <em>V° thème de la spiritualité collective – III° aspect : « L&#8217;amour élève »</em></span></p>
<p>&nbsp;</p>

<p>&nbsp; « Prier comme Jésus nous l’a appris »  A)Pour les assistants. Suggestions &#8230; </p>
