{"id":12806,"date":"2023-05-01T17:49:37","date_gmt":"2023-05-01T16:49:37","guid":{"rendered":"https:\/\/gen4.focolare.org\/?post_type=wpdmpro&#038;p=12806"},"modified":"2024-03-26T17:36:38","modified_gmt":"2024-03-26T16:36:38","slug":"05_hoy-descubri-el-cielo-etapa-5","status":"publish","type":"wpdmpro","link":"https:\/\/gen4.focolare.org\/pt-br\/download\/05_hoy-descubri-el-cielo-etapa-5\/","title":{"rendered":"05_Hoy descubr\u00ed el Cielo: Etapa 5"},"content":{"rendered":"<p style=\"text-align: center;\"><span style=\"color: #ff6600;\"><strong><em>Rezar como Jes\u00fas nos ense\u00f1\u00f3<\/em><\/strong><\/span><\/p>\n<p><strong><em>\u00a0<\/em><\/strong><\/p>\n<p><span style=\"color: #ff6600;\"><strong>A) Para los asistentes. <\/strong><strong>Puntos de las charlas de Chiara: <em>&#8220;\u00a1Abb<\/em><em>\u00e1, Padre!&#8221;<\/em> <\/strong><\/span><\/p>\n<ul>\n<li>Entre las muchas ocasiones en que Chiara habla de Dios como Padre y nos ense\u00f1a a hablar con \u00c9l, retomamos un fragmento de la charla, citada en la etapa precedente, de Chiara en 1998 a los focolarinos: <em>\u201c[\u2026] <strong>Pero<\/strong><\/em><strong><em> &#8211; escribo aqu\u00ed &#8211; en el Movimiento existe una oraci\u00f3n que, con las infinitas y divinas riquezas que contiene, est\u00e1 encerrada en una palabra, en una sola palabra, que Jes\u00fas pronunciaba y nos ense\u00f1\u00f3, que el Esp\u00edritu Santo pone en nuestros labios. Jes\u00fas oraba, oraba a su Padre<\/em><\/strong><em>; para \u00e9l el Padre &#8211; es una cosa nueva, nadie lo hab\u00eda conocido as\u00ed &#8211; era &#8220;Abb\u00e1&#8221; o sea papito, pap\u00e1, a quien se dirig\u00eda con acentos de infinita confianza y de amor inmenso &#8211; porque ten\u00eda confianza en su amor, pero tambi\u00e9n \u00e9l lo amaba -; oraba al Padre estando en el seno de la Trinidad, donde \u00c9l es la segunda Persona Divina. Pero como hab\u00eda venido a la tierra&#8230; Entiendo a Jes\u00fas, yo lo&#8230; \u2013 el otro d\u00eda leyendo este tema para venir con ustedes &#8211; entiendo a Jes\u00fas, porque baj\u00f3 del Para\u00edso, de aquellas delicias que hay en el Para\u00edso &#8211; basta escuchar las pocas cosas que el Esp\u00edritu Santo nos ha sugerido \u2013 y que haya querido darnos tambi\u00e9n a nosotros sus cosas; lo entiendo, yo har\u00eda lo mismo, empujada por \u00c9 \u00bfPero qui\u00e9n no tendr\u00eda&#8230; (aplausos). Es un deseo, un deseo sobrenatural de hacer part\u00edcipes tambi\u00e9n a los dem\u00e1s, porque si yo tengo una alegr\u00eda quiero que tambi\u00e9n los dem\u00e1s la tengan. \u00bfNo les parece, popos? Tambi\u00e9n ustedes la sienten, s\u00ed. <strong>Pero <\/strong><strong>ya que vino a la tierra por amor a nosotros, no le bast\u00f3 estar \u00e9l en esa condici\u00f3n privilegiada de oraci\u00f3n \u2013 nada menos que en el seno del Padre, amando al Padre -, y muriendo por nosotros, redimi\u00e9ndonos, nos hizo hijos de Dios como \u00c9l, hermanos suyos, y nos di\u00f3, a trav\u00e9s del Esp\u00edritu (Santo), la posibilidad de ser introducidos en el seno de la Trinidad en \u00c9l, junto a \u00c9l, por medio de \u00c9l.<\/strong> De manera que, por medio de \u00c9l, de Jes\u00fas Eucarist\u00eda, tambi\u00e9n para nosotros es posible, aquella invocaci\u00f3n: &#8220;\u00a1Abb\u00e1, Padre!&#8221; \u00a1Pap\u00e1, mi papito!, es decir, nuestro papito, con todo lo que comporta: total abandono en su amor&#8230; \u00a1esto es importante! Este a\u00f1o que es el a\u00f1o del Padre, este abandonarse, estar seguros, arrojar todas las preocupaciones a \u00c9l; \u00a1esto es importante! Total abandono&#8230; Certeza de su protecci\u00f3n: tengo un padre, ya no me preocupo, puedo hacerlo, puedo hacerlo; tengo un padre que me da la certeza de su protecci\u00f3n, estoy segura. \u00a1Adem\u00e1s no me da una vida a medias! Sino que me da consolaciones divinas: fuerza, ardor que nace en el coraz\u00f3n de quien est\u00e1 seguro de ser amado. <strong>Esta es la t\u00edpica oraci\u00f3n cristiana, esta oraci\u00f3n: &#8220;\u00a1Abb<\/strong><strong>\u00e1, Padre!&#8221;<\/strong> A lo mejor se me escapa que en alg\u00fan Padre Nuestro del rosario estoy distra\u00edda en ese momento; entonces lo termino: &#8220;\u00a1Abb\u00e1, Padre!&#8221; y siento que resume todo el Padre Nuestro. [\u2026]\u201d<\/em><span style=\"color: #0000ff;\"> <a style=\"color: #0000ff;\" href=\"#_ftn1\" name=\"_ftnref1\"><sup>[1]<\/sup><\/a><\/span><\/li>\n<\/ul>\n<p><span style=\"color: #ff6600;\"><strong>B) Objetivos del encuentro GEN4<\/strong><\/span><\/p>\n<p>-Descubrir la belleza de la oraci\u00f3n que Jes\u00fas nos ense\u00f1\u00f3 y c\u00f3mo \u00c9l nos ayuda a conocer bien qui\u00e9n es Dios, Padre Suyo y Padre nuestro.<\/p>\n<p><strong><span style=\"color: #ff6600;\">C) Contenidos del encuentro GEN4: gotas de luz con la Sagrada Escritura<\/span><\/strong><\/p>\n<p><span style=\"color: #ff6600;\"><strong>Sagrada Escritura<\/strong><strong><em>:<\/em><\/strong><\/span><\/p>\n<p><strong><em>&#8211; <\/em><\/strong><strong><em>Episodio de Jes\u00fas con los disc\u00edpulos: <\/em><\/strong><em>\u00faltima parte, en que ense\u00f1a el Padre Nuestro <\/em><strong><span style=\"color: #008000;\">(Anexo C1)<\/span><\/strong><\/p>\n<p><strong><em>&#8211; Episodio del Padre misericordioso <\/em><\/strong><em>(para descubrir juntos c\u00f3mo es el amor del Padre por nosotros y por ello c\u00f3mo debe ser nuestro amor hacia todos: \u201cperdona nuestras ofensas como nosotros perdonamos a los que nos ofenden\u201d) <\/em><strong><span style=\"color: #008000;\">(Anexo C2)<\/span><\/strong><\/p>\n<p><strong><span style=\"color: #ff6600;\">D) Ideas y otros materiales para realizar el encuentro<\/span> <span style=\"color: #008000;\">(Anexos D)<\/span><\/strong><\/p>\n<p>____________________________________________________________________________________________<\/p>\n<p>&nbsp;<\/p>\n<p><span style=\"font-size: 14px;\"><a href=\"#_ftnref1\" name=\"_ftn1\"><span style=\"color: #0000ff;\">[1]<\/span><\/a> C. Lubich, Castel Gandolfo, 24 de diciembre de 1998, a los focolarinos, \u201c<em>5\u00b0 tema sobre la espiritualidad colectiva \u2013 3\u00b0 aspecto: &#8216;El amor eleva'&#8221;<\/em><\/span><\/p>\n<p>&nbsp;<\/p>\n","protected":false},"excerpt":{"rendered":"<p>Rezar como Jes\u00fas nos ense\u00f1\u00f3 \u00a0 A) Para los asistentes. Puntos &#8230; <\/p>\n","protected":false},"author":486,"featured_media":17505,"comment_status":"closed","ping_status":"closed","template":"page.php","meta":{"__wpdm_changelog":[]},"wpdmcategory":[505],"wpdmtag":[],"class_list":["post-12806","wpdmpro","type-wpdmpro","status-publish","has-post-thumbnail","hentry","wpdmcategory-hoy-descubri-el-cielo-union-con-dios-y-oracion-2022-2023"],"_links":{"self":[{"href":"https:\/\/gen4.focolare.org\/pt-br\/wp-json\/wp\/v2\/wpdmpro\/12806","targetHints":{"allow":["GET"]}}],"collection":[{"href":"https:\/\/gen4.focolare.org\/pt-br\/wp-json\/wp\/v2\/wpdmpro"}],"about":[{"href":"https:\/\/gen4.focolare.org\/pt-br\/wp-json\/wp\/v2\/types\/wpdmpro"}],"author":[{"embeddable":true,"href":"https:\/\/gen4.focolare.org\/pt-br\/wp-json\/wp\/v2\/users\/486"}],"replies":[{"embeddable":true,"href":"https:\/\/gen4.focolare.org\/pt-br\/wp-json\/wp\/v2\/comments?post=12806"}],"wp:featuredmedia":[{"embeddable":true,"href":"https:\/\/gen4.focolare.org\/pt-br\/wp-json\/wp\/v2\/media\/17505"}],"wp:attachment":[{"href":"https:\/\/gen4.focolare.org\/pt-br\/wp-json\/wp\/v2\/media?parent=12806"}],"wp:term":[{"taxonomy":"wpdmcategory","embeddable":true,"href":"https:\/\/gen4.focolare.org\/pt-br\/wp-json\/wp\/v2\/wpdmcategory?post=12806"},{"taxonomy":"wpdmtag","embeddable":true,"href":"https:\/\/gen4.focolare.org\/pt-br\/wp-json\/wp\/v2\/wpdmtag?post=12806"}],"curies":[{"name":"wp","href":"https:\/\/api.w.org\/{rel}","templated":true}]}}

05_Hoy descubrí el Cielo: Etapa 5

<p style="text-align: center;"><span style="color: #ff6600;"><strong><em>Rezar como Jesús nos enseñó</em></strong></span></p>
<p><strong><em> </em></strong></p>
<p><span style="color: #ff6600;"><strong>A) Para los asistentes. </strong><strong>Puntos de las charlas de Chiara: <em>&#8220;¡Abb</em><em>á, Padre!&#8221;</em> </strong></span></p>
<ul>
<li>Entre las muchas ocasiones en que Chiara habla de Dios como Padre y nos enseña a hablar con Él, retomamos un fragmento de la charla, citada en la etapa precedente, de Chiara en 1998 a los focolarinos: <em>“[…] <strong>Pero</strong></em><strong><em> &#8211; escribo aquí &#8211; en el Movimiento existe una oración que, con las infinitas y divinas riquezas que contiene, está encerrada en una palabra, en una sola palabra, que Jesús pronunciaba y nos enseñó, que el Espíritu Santo pone en nuestros labios. Jesús oraba, oraba a su Padre</em></strong><em>; para él el Padre &#8211; es una cosa nueva, nadie lo había conocido así &#8211; era &#8220;Abbá&#8221; o sea papito, papá, a quien se dirigía con acentos de infinita confianza y de amor inmenso &#8211; porque tenía confianza en su amor, pero también él lo amaba -; oraba al Padre estando en el seno de la Trinidad, donde Él es la segunda Persona Divina. Pero como había venido a la tierra&#8230; Entiendo a Jesús, yo lo&#8230; – el otro día leyendo este tema para venir con ustedes &#8211; entiendo a Jesús, porque bajó del Paraíso, de aquellas delicias que hay en el Paraíso &#8211; basta escuchar las pocas cosas que el Espíritu Santo nos ha sugerido – y que haya querido darnos también a nosotros sus cosas; lo entiendo, yo haría lo mismo, empujada por É ¿Pero quién no tendría&#8230; (aplausos). Es un deseo, un deseo sobrenatural de hacer partícipes también a los demás, porque si yo tengo una alegría quiero que también los demás la tengan. ¿No les parece, popos? También ustedes la sienten, sí. <strong>Pero </strong><strong>ya que vino a la tierra por amor a nosotros, no le bastó estar él en esa condición privilegiada de oración – nada menos que en el seno del Padre, amando al Padre -, y muriendo por nosotros, redimiéndonos, nos hizo hijos de Dios como Él, hermanos suyos, y nos dió, a través del Espíritu (Santo), la posibilidad de ser introducidos en el seno de la Trinidad en Él, junto a Él, por medio de Él.</strong> De manera que, por medio de Él, de Jesús Eucaristía, también para nosotros es posible, aquella invocación: &#8220;¡Abbá, Padre!&#8221; ¡Papá, mi papito!, es decir, nuestro papito, con todo lo que comporta: total abandono en su amor&#8230; ¡esto es importante! Este año que es el año del Padre, este abandonarse, estar seguros, arrojar todas las preocupaciones a Él; ¡esto es importante! Total abandono&#8230; Certeza de su protección: tengo un padre, ya no me preocupo, puedo hacerlo, puedo hacerlo; tengo un padre que me da la certeza de su protección, estoy segura. ¡Además no me da una vida a medias! Sino que me da consolaciones divinas: fuerza, ardor que nace en el corazón de quien está seguro de ser amado. <strong>Esta es la típica oración cristiana, esta oración: &#8220;¡Abb</strong><strong>á, Padre!&#8221;</strong> A lo mejor se me escapa que en algún Padre Nuestro del rosario estoy distraída en ese momento; entonces lo termino: &#8220;¡Abbá, Padre!&#8221; y siento que resume todo el Padre Nuestro. […]”</em><span style="color: #0000ff;"> <a style="color: #0000ff;" href="#_ftn1" name="_ftnref1"><sup>[1]</sup></a></span></li>
</ul>
<p><span style="color: #ff6600;"><strong>B) Objetivos del encuentro GEN4</strong></span></p>
<p>-Descubrir la belleza de la oración que Jesús nos enseñó y cómo Él nos ayuda a conocer bien quién es Dios, Padre Suyo y Padre nuestro.</p>
<p><strong><span style="color: #ff6600;">C) Contenidos del encuentro GEN4: gotas de luz con la Sagrada Escritura</span></strong></p>
<p><span style="color: #ff6600;"><strong>Sagrada Escritura</strong><strong><em>:</em></strong></span></p>
<p><strong><em>&#8211; </em></strong><strong><em>Episodio de Jesús con los discípulos: </em></strong><em>última parte, en que enseña el Padre Nuestro </em><strong><span style="color: #008000;">(Anexo C1)</span></strong></p>
<p><strong><em>&#8211; Episodio del Padre misericordioso </em></strong><em>(para descubrir juntos cómo es el amor del Padre por nosotros y por ello cómo debe ser nuestro amor hacia todos: “perdona nuestras ofensas como nosotros perdonamos a los que nos ofenden”) </em><strong><span style="color: #008000;">(Anexo C2)</span></strong></p>
<p><strong><span style="color: #ff6600;">D) Ideas y otros materiales para realizar el encuentro</span> <span style="color: #008000;">(Anexos D)</span></strong></p>
<p>____________________________________________________________________________________________</p>
<p>&nbsp;</p>
<p><span style="font-size: 14px;"><a href="#_ftnref1" name="_ftn1"><span style="color: #0000ff;">[1]</span></a> C. Lubich, Castel Gandolfo, 24 de diciembre de 1998, a los focolarinos, “<em>5° tema sobre la espiritualidad colectiva – 3° aspecto: &#8216;El amor eleva'&#8221;</em></span></p>
<p>&nbsp;</p>

<p>Rezar como Jesús nos enseñó   A) Para los asistentes. Puntos &#8230; </p>
