{"id":12934,"date":"2023-01-21T18:39:35","date_gmt":"2023-01-21T17:39:35","guid":{"rendered":"https:\/\/gen4.focolare.org\/?post_type=wpdmpro&#038;p=12934"},"modified":"2023-01-23T12:03:28","modified_gmt":"2023-01-23T11:03:28","slug":"kidsaction4peace-tambem-queres-ajudar","status":"publish","type":"wpdmpro","link":"https:\/\/gen4.focolare.org\/pt-br\/download\/kidsaction4peace-tambem-queres-ajudar\/","title":{"rendered":"KidsAction4Peace &#8211; Tamb\u00e9m queres ajudar?"},"content":{"rendered":"<p><img loading=\"lazy\" decoding=\"async\" class=\"alignnone wp-image-12914\" src=\"https:\/\/gen4.focolare.org\/wp-content\/uploads\/2023\/01\/Kids4PLogo-300x128.png\" alt=\"\" width=\"635\" height=\"271\" srcset=\"https:\/\/gen4.focolare.org\/wp-content\/uploads\/2023\/01\/Kids4PLogo-300x128.png 300w, https:\/\/gen4.focolare.org\/wp-content\/uploads\/2023\/01\/Kids4PLogo-1024x436.png 1024w, https:\/\/gen4.focolare.org\/wp-content\/uploads\/2023\/01\/Kids4PLogo-768x327.png 768w, https:\/\/gen4.focolare.org\/wp-content\/uploads\/2023\/01\/Kids4PLogo-1536x654.png 1536w, https:\/\/gen4.focolare.org\/wp-content\/uploads\/2023\/01\/Kids4PLogo-2048x872.png 2048w, https:\/\/gen4.focolare.org\/wp-content\/uploads\/2023\/01\/Kids4PLogo-600x256.png 600w, https:\/\/gen4.focolare.org\/wp-content\/uploads\/2023\/01\/Kids4PLogo-1320x562.png 1320w\" sizes=\"auto, (max-width: 635px) 100vw, 635px\" \/><\/p>\n<p>A partir da ideia de 18 crian\u00e7as e adolescentes europeus que se perguntaram como podiam ajudar os amigos que se encontram no meio da guerra na Ucr\u00e2nia, iniciou-se estes dias uma campanha de sensibiliza\u00e7\u00e3o para pedir a paz, esperando \u201cchegar aos cora\u00e7\u00f5es\u201d dos respons\u00e1veis do Governo e do Estado dos diversos pa\u00edses da Europa. A ideia consiste em fazer um desenho, escrever uma poesia ou \u00a0uma carta sobre a paz, citando a hashtag #KidsAction4Peace, e pedir a pelo menos outras 5 crian\u00e7as para fazer o mesmo, partilhando a mensagem nas redes sociais, atrav\u00e9s de uma fotografia, e mandar tudo entre o dia 25 e o dia 30 de Janeiro para o endere\u00e7o postal do pr\u00f3prio chefe de Governo ou de Estado ou at\u00e9 mesmo para o respons\u00e1vel de outro Pa\u00eds, a partir da escolha da lista publicada. A Sofia, a Agnese, o Matteo, a Costanza, o Nicola, o Mattia, a Teresa, a Cristina, a Anastasia, a Leonor, a Margarida, a Leonor, o Jo\u00e3o, a Leonor, o Thim\u00e9o, a Mathilde, a Ad\u00e9line e a Aur\u00e9lien s\u00e3o as 18 crian\u00e7as entre os 7 e os 12 anos, provenientes da It\u00e1lia, de Portugal e da B\u00e9lgica que organizaram esta iniciativa que se ir\u00e1 concluir no dia 30 de Janeiro, dia escolar da n\u00e3o-viol\u00eancia e da paz, alguns dias antes da reuni\u00e3o do Conselho Europeu Extraordin\u00e1rio, programada para os dias 9 e 10 de Fevereiro, em Bruxelas.<\/p>\n","protected":false},"excerpt":{"rendered":"<p>A partir da ideia de 18 crian\u00e7as e adolescentes europeus que &#8230; <\/p>\n","protected":false},"author":3,"featured_media":12924,"comment_status":"closed","ping_status":"closed","template":"page.php","meta":{"__wpdm_changelog":[]},"wpdmcategory":[244],"wpdmtag":[],"class_list":["post-12934","wpdmpro","type-wpdmpro","status-publish","has-post-thumbnail","hentry","wpdmcategory-outras-atividades"],"_links":{"self":[{"href":"https:\/\/gen4.focolare.org\/pt-br\/wp-json\/wp\/v2\/wpdmpro\/12934","targetHints":{"allow":["GET"]}}],"collection":[{"href":"https:\/\/gen4.focolare.org\/pt-br\/wp-json\/wp\/v2\/wpdmpro"}],"about":[{"href":"https:\/\/gen4.focolare.org\/pt-br\/wp-json\/wp\/v2\/types\/wpdmpro"}],"author":[{"embeddable":true,"href":"https:\/\/gen4.focolare.org\/pt-br\/wp-json\/wp\/v2\/users\/3"}],"replies":[{"embeddable":true,"href":"https:\/\/gen4.focolare.org\/pt-br\/wp-json\/wp\/v2\/comments?post=12934"}],"wp:featuredmedia":[{"embeddable":true,"href":"https:\/\/gen4.focolare.org\/pt-br\/wp-json\/wp\/v2\/media\/12924"}],"wp:attachment":[{"href":"https:\/\/gen4.focolare.org\/pt-br\/wp-json\/wp\/v2\/media?parent=12934"}],"wp:term":[{"taxonomy":"wpdmcategory","embeddable":true,"href":"https:\/\/gen4.focolare.org\/pt-br\/wp-json\/wp\/v2\/wpdmcategory?post=12934"},{"taxonomy":"wpdmtag","embeddable":true,"href":"https:\/\/gen4.focolare.org\/pt-br\/wp-json\/wp\/v2\/wpdmtag?post=12934"}],"curies":[{"name":"wp","href":"https:\/\/api.w.org\/{rel}","templated":true}]}}

KidsAction4Peace &#8211; Também queres ajudar?

<p><img loading="lazy" decoding="async" class="alignnone wp-image-12914" src="https://gen4.focolare.org/wp-content/uploads/2023/01/Kids4PLogo-300x128.png" alt="" width="635" height="271" srcset="https://gen4.focolare.org/wp-content/uploads/2023/01/Kids4PLogo-300x128.png 300w, https://gen4.focolare.org/wp-content/uploads/2023/01/Kids4PLogo-1024x436.png 1024w, https://gen4.focolare.org/wp-content/uploads/2023/01/Kids4PLogo-768x327.png 768w, https://gen4.focolare.org/wp-content/uploads/2023/01/Kids4PLogo-1536x654.png 1536w, https://gen4.focolare.org/wp-content/uploads/2023/01/Kids4PLogo-2048x872.png 2048w, https://gen4.focolare.org/wp-content/uploads/2023/01/Kids4PLogo-600x256.png 600w, https://gen4.focolare.org/wp-content/uploads/2023/01/Kids4PLogo-1320x562.png 1320w" sizes="auto, (max-width: 635px) 100vw, 635px" /></p>
<p>A partir da ideia de 18 crianças e adolescentes europeus que se perguntaram como podiam ajudar os amigos que se encontram no meio da guerra na Ucrânia, iniciou-se estes dias uma campanha de sensibilização para pedir a paz, esperando “chegar aos corações” dos responsáveis do Governo e do Estado dos diversos países da Europa. A ideia consiste em fazer um desenho, escrever uma poesia ou  uma carta sobre a paz, citando a hashtag #KidsAction4Peace, e pedir a pelo menos outras 5 crianças para fazer o mesmo, partilhando a mensagem nas redes sociais, através de uma fotografia, e mandar tudo entre o dia 25 e o dia 30 de Janeiro para o endereço postal do próprio chefe de Governo ou de Estado ou até mesmo para o responsável de outro País, a partir da escolha da lista publicada. A Sofia, a Agnese, o Matteo, a Costanza, o Nicola, o Mattia, a Teresa, a Cristina, a Anastasia, a Leonor, a Margarida, a Leonor, o João, a Leonor, o Thiméo, a Mathilde, a Adéline e a Aurélien são as 18 crianças entre os 7 e os 12 anos, provenientes da Itália, de Portugal e da Bélgica que organizaram esta iniciativa que se irá concluir no dia 30 de Janeiro, dia escolar da não-violência e da paz, alguns dias antes da reunião do Conselho Europeu Extraordinário, programada para os dias 9 e 10 de Fevereiro, em Bruxelas.</p>

<p>A partir da ideia de 18 crianças e adolescentes europeus que &#8230; </p>
