{"id":17190,"date":"2023-03-02T21:42:10","date_gmt":"2023-03-02T20:42:10","guid":{"rendered":"https:\/\/gen4.focolare.org\/?post_type=wpdmpro&#038;p=17190"},"modified":"2023-03-02T21:42:10","modified_gmt":"2023-03-02T20:42:10","slug":"pdv-03-2023-hu","status":"publish","type":"wpdmpro","link":"https:\/\/gen4.focolare.org\/pt-br\/download\/pdv-03-2023-hu\/","title":{"rendered":"PdV 03 2023 | HU"},"content":{"rendered":"<h4>\u00c9letige, 2023. m\u00e1rcius<\/h4>\n<h3>Ha szeret\u00fcnk, Isten f\u00e9ny\u00e9t adjuk m\u00e1soknak<\/h3>\n<p>\u201e\u00dagy \u00e9ljetek, mint a vil\u00e1goss\u00e1g gyermekei! A vil\u00e1goss\u00e1g gy\u00fcm\u00f6lcse pedig csupa j\u00f3s\u00e1g, igazs\u00e1goss\u00e1g \u00e9s igazs\u00e1g.\u201d (Ef 5,8-9)<\/p>\n","protected":false},"excerpt":{"rendered":"<p>\u00c9letige, 2023. m\u00e1rcius Ha szeret\u00fcnk, Isten f\u00e9ny\u00e9t adjuk m\u00e1soknak \u201e\u00dagy \u00e9ljetek, &#8230; <\/p>\n","protected":false},"author":4,"featured_media":17191,"comment_status":"closed","ping_status":"closed","template":"page.php","meta":{"__wpdm_changelog":[]},"wpdmcategory":[122],"wpdmtag":[],"class_list":["post-17190","wpdmpro","type-wpdmpro","status-publish","has-post-thumbnail","hentry","wpdmcategory-magyar"],"_links":{"self":[{"href":"https:\/\/gen4.focolare.org\/pt-br\/wp-json\/wp\/v2\/wpdmpro\/17190","targetHints":{"allow":["GET"]}}],"collection":[{"href":"https:\/\/gen4.focolare.org\/pt-br\/wp-json\/wp\/v2\/wpdmpro"}],"about":[{"href":"https:\/\/gen4.focolare.org\/pt-br\/wp-json\/wp\/v2\/types\/wpdmpro"}],"author":[{"embeddable":true,"href":"https:\/\/gen4.focolare.org\/pt-br\/wp-json\/wp\/v2\/users\/4"}],"replies":[{"embeddable":true,"href":"https:\/\/gen4.focolare.org\/pt-br\/wp-json\/wp\/v2\/comments?post=17190"}],"wp:featuredmedia":[{"embeddable":true,"href":"https:\/\/gen4.focolare.org\/pt-br\/wp-json\/wp\/v2\/media\/17191"}],"wp:attachment":[{"href":"https:\/\/gen4.focolare.org\/pt-br\/wp-json\/wp\/v2\/media?parent=17190"}],"wp:term":[{"taxonomy":"wpdmcategory","embeddable":true,"href":"https:\/\/gen4.focolare.org\/pt-br\/wp-json\/wp\/v2\/wpdmcategory?post=17190"},{"taxonomy":"wpdmtag","embeddable":true,"href":"https:\/\/gen4.focolare.org\/pt-br\/wp-json\/wp\/v2\/wpdmtag?post=17190"}],"curies":[{"name":"wp","href":"https:\/\/api.w.org\/{rel}","templated":true}]}}

<h4>Életige, 2023. március</h4>
<h3>Ha szeretünk, Isten fényét adjuk másoknak</h3>
<p>„Úgy éljetek, mint a világosság gyermekei! A világosság gyümölcse pedig csupa jóság, igazságosság és igazság.” (Ef 5,8-9)</p>

<p>Életige, 2023. március Ha szeretünk, Isten fényét adjuk másoknak „Úgy éljetek, &#8230; </p>
