{"id":18364,"date":"2023-10-02T17:34:52","date_gmt":"2023-10-02T16:34:52","guid":{"rendered":"https:\/\/gen4.focolare.org\/?post_type=wpdmpro&#038;p=18364"},"modified":"2023-10-02T17:34:52","modified_gmt":"2023-10-02T16:34:52","slug":"pdv-11-2023-ca","status":"publish","type":"wpdmpro","link":"https:\/\/gen4.focolare.org\/pt-br\/download\/pdv-11-2023-ca\/","title":{"rendered":"PdV 11 2023 | CA"},"content":{"rendered":"<h4>Paraula de vida Gen4, Novembre 2023<\/h4>\n<h3>La llum de Jes\u00fas ens d\u00f3na la for\u00e7a per estimar<\/h3>\n<p>\u201cTots sou fills de la llum i del dia: no pertanyem a la nit ni a la foscor.\u201d (1Ts 5,5).<\/p>\n<p>(De la lit\u00fargia del 33\u00e8 diumenge del temps ordinari)<\/p>\n","protected":false},"excerpt":{"rendered":"<p>Paraula de vida Gen4, Novembre 2023 La llum de Jes\u00fas ens &#8230; <\/p>\n","protected":false},"author":4,"featured_media":18365,"comment_status":"closed","ping_status":"closed","template":"page.php","meta":{"__wpdm_changelog":[]},"wpdmcategory":[114],"wpdmtag":[],"class_list":["post-18364","wpdmpro","type-wpdmpro","status-publish","has-post-thumbnail","hentry","wpdmcategory-catala"],"_links":{"self":[{"href":"https:\/\/gen4.focolare.org\/pt-br\/wp-json\/wp\/v2\/wpdmpro\/18364","targetHints":{"allow":["GET"]}}],"collection":[{"href":"https:\/\/gen4.focolare.org\/pt-br\/wp-json\/wp\/v2\/wpdmpro"}],"about":[{"href":"https:\/\/gen4.focolare.org\/pt-br\/wp-json\/wp\/v2\/types\/wpdmpro"}],"author":[{"embeddable":true,"href":"https:\/\/gen4.focolare.org\/pt-br\/wp-json\/wp\/v2\/users\/4"}],"replies":[{"embeddable":true,"href":"https:\/\/gen4.focolare.org\/pt-br\/wp-json\/wp\/v2\/comments?post=18364"}],"wp:featuredmedia":[{"embeddable":true,"href":"https:\/\/gen4.focolare.org\/pt-br\/wp-json\/wp\/v2\/media\/18365"}],"wp:attachment":[{"href":"https:\/\/gen4.focolare.org\/pt-br\/wp-json\/wp\/v2\/media?parent=18364"}],"wp:term":[{"taxonomy":"wpdmcategory","embeddable":true,"href":"https:\/\/gen4.focolare.org\/pt-br\/wp-json\/wp\/v2\/wpdmcategory?post=18364"},{"taxonomy":"wpdmtag","embeddable":true,"href":"https:\/\/gen4.focolare.org\/pt-br\/wp-json\/wp\/v2\/wpdmtag?post=18364"}],"curies":[{"name":"wp","href":"https:\/\/api.w.org\/{rel}","templated":true}]}}

<h4>Paraula de vida Gen4, Novembre 2023</h4>
<h3>La llum de Jesús ens dóna la força per estimar</h3>
<p>“Tots sou fills de la llum i del dia: no pertanyem a la nit ni a la foscor.” (1Ts 5,5).</p>
<p>(De la litúrgia del 33è diumenge del temps ordinari)</p>

<p>Paraula de vida Gen4, Novembre 2023 La llum de Jesús ens &#8230; </p>
