{"id":19733,"date":"2024-03-08T15:00:53","date_gmt":"2024-03-08T14:00:53","guid":{"rendered":"https:\/\/gen4.focolare.org\/?post_type=wpdmpro&#038;p=19733"},"modified":"2024-03-08T15:00:53","modified_gmt":"2024-03-08T14:00:53","slug":"pdv-03-2024-hu","status":"publish","type":"wpdmpro","link":"https:\/\/gen4.focolare.org\/pt-br\/download\/pdv-03-2024-hu\/","title":{"rendered":"PdV 03 2024 | HU"},"content":{"rendered":"<h4>\u00c9letige, 2024. m\u00e1rcius<\/h4>\n<h3>Adj, Uram, tiszta sz\u00edvet, hogy szeressek!<\/h3>\n<p>\u201eTiszta sz\u00edvet teremts bennem, Isten, s az er\u0151s lelket \u00faj\u00edtsd meg bens\u0151mben.\u201d (Zsolt 51[50],12)<\/p>\n","protected":false},"excerpt":{"rendered":"<p>\u00c9letige, 2024. m\u00e1rcius Adj, Uram, tiszta sz\u00edvet, hogy szeressek! \u201eTiszta sz\u00edvet &#8230; <\/p>\n","protected":false},"author":4,"featured_media":19734,"comment_status":"closed","ping_status":"closed","template":"page.php","meta":{"__wpdm_changelog":[]},"wpdmcategory":[122],"wpdmtag":[],"class_list":["post-19733","wpdmpro","type-wpdmpro","status-publish","has-post-thumbnail","hentry","wpdmcategory-magyar"],"_links":{"self":[{"href":"https:\/\/gen4.focolare.org\/pt-br\/wp-json\/wp\/v2\/wpdmpro\/19733","targetHints":{"allow":["GET"]}}],"collection":[{"href":"https:\/\/gen4.focolare.org\/pt-br\/wp-json\/wp\/v2\/wpdmpro"}],"about":[{"href":"https:\/\/gen4.focolare.org\/pt-br\/wp-json\/wp\/v2\/types\/wpdmpro"}],"author":[{"embeddable":true,"href":"https:\/\/gen4.focolare.org\/pt-br\/wp-json\/wp\/v2\/users\/4"}],"replies":[{"embeddable":true,"href":"https:\/\/gen4.focolare.org\/pt-br\/wp-json\/wp\/v2\/comments?post=19733"}],"wp:featuredmedia":[{"embeddable":true,"href":"https:\/\/gen4.focolare.org\/pt-br\/wp-json\/wp\/v2\/media\/19734"}],"wp:attachment":[{"href":"https:\/\/gen4.focolare.org\/pt-br\/wp-json\/wp\/v2\/media?parent=19733"}],"wp:term":[{"taxonomy":"wpdmcategory","embeddable":true,"href":"https:\/\/gen4.focolare.org\/pt-br\/wp-json\/wp\/v2\/wpdmcategory?post=19733"},{"taxonomy":"wpdmtag","embeddable":true,"href":"https:\/\/gen4.focolare.org\/pt-br\/wp-json\/wp\/v2\/wpdmtag?post=19733"}],"curies":[{"name":"wp","href":"https:\/\/api.w.org\/{rel}","templated":true}]}}

<h4>Életige, 2024. március</h4>
<h3>Adj, Uram, tiszta szívet, hogy szeressek!</h3>
<p>„Tiszta szívet teremts bennem, Isten, s az erős lelket újítsd meg bensőmben.” (Zsolt 51[50],12)</p>

<p>Életige, 2024. március Adj, Uram, tiszta szívet, hogy szeressek! „Tiszta szívet &#8230; </p>
