{"id":20794,"date":"2024-09-03T13:50:31","date_gmt":"2024-09-03T11:50:31","guid":{"rendered":"https:\/\/gen4.focolare.org\/?post_type=wpdmpro&#038;p=20794"},"modified":"2024-09-03T13:50:52","modified_gmt":"2024-09-03T11:50:52","slug":"pdv-09-2024-hu","status":"publish","type":"wpdmpro","link":"https:\/\/gen4.focolare.org\/pt-br\/download\/pdv-09-2024-hu\/","title":{"rendered":"PdV 09 2024 | HU"},"content":{"rendered":"<h4>\u00c9letige, 2024. szeptember<\/h4>\n<h3>Tettekkel szeress\u00fcnk, ne csak szavakkal<\/h3>\n<p>\u201eCselekedjetek az ige szerint, s ne csak hallgass\u00e1tok, \u00f6nmagatokat \u00e1m\u00edtva\u201d (Jak 1,22)<\/p>\n","protected":false},"excerpt":{"rendered":"<p>\u00c9letige, 2024. szeptember Tettekkel szeress\u00fcnk, ne csak szavakkal \u201eCselekedjetek az ige &#8230; <\/p>\n","protected":false},"author":4,"featured_media":20795,"comment_status":"closed","ping_status":"closed","template":"page.php","meta":{"__wpdm_changelog":[]},"wpdmcategory":[122],"wpdmtag":[],"class_list":["post-20794","wpdmpro","type-wpdmpro","status-publish","has-post-thumbnail","hentry","wpdmcategory-magyar"],"_links":{"self":[{"href":"https:\/\/gen4.focolare.org\/pt-br\/wp-json\/wp\/v2\/wpdmpro\/20794","targetHints":{"allow":["GET"]}}],"collection":[{"href":"https:\/\/gen4.focolare.org\/pt-br\/wp-json\/wp\/v2\/wpdmpro"}],"about":[{"href":"https:\/\/gen4.focolare.org\/pt-br\/wp-json\/wp\/v2\/types\/wpdmpro"}],"author":[{"embeddable":true,"href":"https:\/\/gen4.focolare.org\/pt-br\/wp-json\/wp\/v2\/users\/4"}],"replies":[{"embeddable":true,"href":"https:\/\/gen4.focolare.org\/pt-br\/wp-json\/wp\/v2\/comments?post=20794"}],"wp:featuredmedia":[{"embeddable":true,"href":"https:\/\/gen4.focolare.org\/pt-br\/wp-json\/wp\/v2\/media\/20795"}],"wp:attachment":[{"href":"https:\/\/gen4.focolare.org\/pt-br\/wp-json\/wp\/v2\/media?parent=20794"}],"wp:term":[{"taxonomy":"wpdmcategory","embeddable":true,"href":"https:\/\/gen4.focolare.org\/pt-br\/wp-json\/wp\/v2\/wpdmcategory?post=20794"},{"taxonomy":"wpdmtag","embeddable":true,"href":"https:\/\/gen4.focolare.org\/pt-br\/wp-json\/wp\/v2\/wpdmtag?post=20794"}],"curies":[{"name":"wp","href":"https:\/\/api.w.org\/{rel}","templated":true}]}}

<h4>Életige, 2024. szeptember</h4>
<h3>Tettekkel szeressünk, ne csak szavakkal</h3>
<p>„Cselekedjetek az ige szerint, s ne csak hallgassátok, önmagatokat ámítva” (Jak 1,22)</p>

<p>Életige, 2024. szeptember Tettekkel szeressünk, ne csak szavakkal „Cselekedjetek az ige &#8230; </p>
