{"id":23795,"date":"2026-04-16T00:53:02","date_gmt":"2026-04-15T22:53:02","guid":{"rendered":"https:\/\/gen4.focolare.org\/?post_type=wpdmpro&#038;p=23795"},"modified":"2026-04-16T00:53:02","modified_gmt":"2026-04-15T22:53:02","slug":"pdv-07-2926-ca","status":"publish","type":"wpdmpro","link":"https:\/\/gen4.focolare.org\/pt-br\/download\/pdv-07-2926-ca\/","title":{"rendered":"PdV 07 2926 | CA"},"content":{"rendered":"<h4>Paraula de Vida Gen4, juliol de 2026.<\/h4>\n<h3>Preparem els nostres cors per acollir Jes\u00fas.<\/h3>\n<p>\u00abJo faig que tot sigui nou. \u201cla llavor sembrada en terra bona \u00e9s el qui escolta la paraula i la compr\u00e8n; aquest d\u00f3na fruit.\u201d (Mt 13,23).\u00bb<\/p>\n<p>(JULIOL DE 2026, de la lit\u00fargia del diumenge 12 de juliol, XV diumenge del temps ordinari)<\/p>\n","protected":false},"excerpt":{"rendered":"<p>Paraula de Vida Gen4, juliol de 2026. Preparem els nostres cors &#8230; <\/p>\n","protected":false},"author":4,"featured_media":23797,"comment_status":"closed","ping_status":"closed","template":"page.php","meta":{"__wpdm_changelog":[]},"wpdmcategory":[114],"wpdmtag":[],"class_list":["post-23795","wpdmpro","type-wpdmpro","status-publish","has-post-thumbnail","hentry","wpdmcategory-catala"],"_links":{"self":[{"href":"https:\/\/gen4.focolare.org\/pt-br\/wp-json\/wp\/v2\/wpdmpro\/23795","targetHints":{"allow":["GET"]}}],"collection":[{"href":"https:\/\/gen4.focolare.org\/pt-br\/wp-json\/wp\/v2\/wpdmpro"}],"about":[{"href":"https:\/\/gen4.focolare.org\/pt-br\/wp-json\/wp\/v2\/types\/wpdmpro"}],"author":[{"embeddable":true,"href":"https:\/\/gen4.focolare.org\/pt-br\/wp-json\/wp\/v2\/users\/4"}],"replies":[{"embeddable":true,"href":"https:\/\/gen4.focolare.org\/pt-br\/wp-json\/wp\/v2\/comments?post=23795"}],"wp:featuredmedia":[{"embeddable":true,"href":"https:\/\/gen4.focolare.org\/pt-br\/wp-json\/wp\/v2\/media\/23797"}],"wp:attachment":[{"href":"https:\/\/gen4.focolare.org\/pt-br\/wp-json\/wp\/v2\/media?parent=23795"}],"wp:term":[{"taxonomy":"wpdmcategory","embeddable":true,"href":"https:\/\/gen4.focolare.org\/pt-br\/wp-json\/wp\/v2\/wpdmcategory?post=23795"},{"taxonomy":"wpdmtag","embeddable":true,"href":"https:\/\/gen4.focolare.org\/pt-br\/wp-json\/wp\/v2\/wpdmtag?post=23795"}],"curies":[{"name":"wp","href":"https:\/\/api.w.org\/{rel}","templated":true}]}}

<h4>Paraula de Vida Gen4, juliol de 2026.</h4>
<h3>Preparem els nostres cors per acollir Jesús.</h3>
<p>«Jo faig que tot sigui nou. “la llavor sembrada en terra bona és el qui escolta la paraula i la comprèn; aquest dóna fruit.” (Mt 13,23).»</p>
<p>(JULIOL DE 2026, de la litúrgia del diumenge 12 de juliol, XV diumenge del temps ordinari)</p>
