{"id":4816,"date":"2020-01-24T11:40:31","date_gmt":"2020-01-24T10:40:31","guid":{"rendered":"http:\/\/gen4.focolare.org\/?post_type=wpdmpro&#038;p=4816"},"modified":"2020-01-24T11:45:59","modified_gmt":"2020-01-24T10:45:59","slug":"ser-o-primeiro-a-amar-a-aventura-de-sony","status":"publish","type":"wpdmpro","link":"https:\/\/gen4.focolare.org\/pt-br\/download\/ser-o-primeiro-a-amar-a-aventura-de-sony\/","title":{"rendered":"Ser o primeiro a amar &#8211; A aventura de Sony"},"content":{"rendered":"<p>Conhecem a <strong>Sony Kimbenga Bervedi<\/strong>? \u00c9 esta menina que tem nas m\u00e3os um grande Dado. \u00c9 <strong>o dado da paz<\/strong>: em cada uma das faces est\u00e1 escrita uma \u201cfrase pequenina\u201d que se pode viver para construir um mundo mais bonito, onde nos amamos reciprocamente e existe a paz.<br \/>\nA Sony lan\u00e7ou o dado e saiu-lhe esta frase \u201cSermos os primeiros a amar\u201d: ficou feliz e quis fazer uma fotografia para poder recordar este momento.<br \/>\n\u00c9 a \u00faltima fotografia que temos dela, porque alguns dias depois, no dia 12 de fevereiro de 2019, de repente, a Sony voou para o C\u00e9u! Mas quem era a Sony, porque era t\u00e3o importante para ela esta frase? Os pais dela conheceram o Movimento dos Focolares e procuram <strong>viver a Arte de Amar em fam\u00edlia<\/strong>.<br \/>\nA Sony participava nos encontros <strong>gen4<\/strong>, conhecia <strong>o dado do amor<\/strong> (que, em cada face, tem escrito uma frase sobre a Arte de Amar, retirada do Evangelho) e n\u00e3o perdia nenhuma oportunidade para viver aquilo que o dado sugeria!<\/p>\n<p>(&#8230;)<\/p>\n<p><strong>Uma entrega especial<\/strong><br \/>\nA palavra de ordem que a Sony Bervedi nos deixou \u00e9 <strong>o objetivo da arte de amar e do dado da paz: \u201cSer o primeiro a amar\u201d<\/strong>. Ela viveu sempre desta forma: a sua fotografia com o dado exprime o segredo da sua felicidade.<br \/>\nAgora a Sony, do c\u00e9u, continuar\u00e1 a ser construtora de paz e vai ajudar a difundir tamb\u00e9m no Congo os \u201csegredos\u201d que ajudam a construir a paz. <strong>Assim, a sua fotografia foi inclu\u00edda no lan\u00e7amento do projeto \u201cLiving Peace\u201d no seu lindo pa\u00eds!<\/strong><\/p>\n","protected":false},"excerpt":{"rendered":"<p>Conhecem a Sony Kimbenga Bervedi? \u00c9 esta menina que tem nas &#8230; <\/p>\n","protected":false},"author":3,"featured_media":4792,"comment_status":"closed","ping_status":"closed","template":"","meta":{"__wpdm_changelog":[]},"wpdmcategory":[223],"wpdmtag":[],"class_list":["post-4816","wpdmpro","type-wpdmpro","status-publish","has-post-thumbnail","hentry","wpdmcategory-experiencias-dado-2"],"_links":{"self":[{"href":"https:\/\/gen4.focolare.org\/pt-br\/wp-json\/wp\/v2\/wpdmpro\/4816","targetHints":{"allow":["GET"]}}],"collection":[{"href":"https:\/\/gen4.focolare.org\/pt-br\/wp-json\/wp\/v2\/wpdmpro"}],"about":[{"href":"https:\/\/gen4.focolare.org\/pt-br\/wp-json\/wp\/v2\/types\/wpdmpro"}],"author":[{"embeddable":true,"href":"https:\/\/gen4.focolare.org\/pt-br\/wp-json\/wp\/v2\/users\/3"}],"replies":[{"embeddable":true,"href":"https:\/\/gen4.focolare.org\/pt-br\/wp-json\/wp\/v2\/comments?post=4816"}],"wp:featuredmedia":[{"embeddable":true,"href":"https:\/\/gen4.focolare.org\/pt-br\/wp-json\/wp\/v2\/media\/4792"}],"wp:attachment":[{"href":"https:\/\/gen4.focolare.org\/pt-br\/wp-json\/wp\/v2\/media?parent=4816"}],"wp:term":[{"taxonomy":"wpdmcategory","embeddable":true,"href":"https:\/\/gen4.focolare.org\/pt-br\/wp-json\/wp\/v2\/wpdmcategory?post=4816"},{"taxonomy":"wpdmtag","embeddable":true,"href":"https:\/\/gen4.focolare.org\/pt-br\/wp-json\/wp\/v2\/wpdmtag?post=4816"}],"curies":[{"name":"wp","href":"https:\/\/api.w.org\/{rel}","templated":true}]}}

<p>Conhecem a <strong>Sony Kimbenga Bervedi</strong>? É esta menina que tem nas mãos um grande Dado. É <strong>o dado da paz</strong>: em cada uma das faces está escrita uma “frase pequenina” que se pode viver para construir um mundo mais bonito, onde nos amamos reciprocamente e existe a paz.<br />
A Sony lançou o dado e saiu-lhe esta frase “Sermos os primeiros a amar”: ficou feliz e quis fazer uma fotografia para poder recordar este momento.<br />
É a última fotografia que temos dela, porque alguns dias depois, no dia 12 de fevereiro de 2019, de repente, a Sony voou para o Céu! Mas quem era a Sony, porque era tão importante para ela esta frase? Os pais dela conheceram o Movimento dos Focolares e procuram <strong>viver a Arte de Amar em família</strong>.<br />
A Sony participava nos encontros <strong>gen4</strong>, conhecia <strong>o dado do amor</strong> (que, em cada face, tem escrito uma frase sobre a Arte de Amar, retirada do Evangelho) e não perdia nenhuma oportunidade para viver aquilo que o dado sugeria!</p>
<p>(&#8230;)</p>
<p><strong>Uma entrega especial</strong><br />
A palavra de ordem que a Sony Bervedi nos deixou é <strong>o objetivo da arte de amar e do dado da paz: “Ser o primeiro a amar”</strong>. Ela viveu sempre desta forma: a sua fotografia com o dado exprime o segredo da sua felicidade.<br />
Agora a Sony, do céu, continuará a ser construtora de paz e vai ajudar a difundir também no Congo os “segredos” que ajudam a construir a paz. <strong>Assim, a sua fotografia foi incluída no lançamento do projeto “Living Peace” no seu lindo país!</strong></p>

<p>Conhecem a Sony Kimbenga Bervedi? É esta menina que tem nas &#8230; </p>
