{"id":5884,"date":"2020-04-08T09:21:32","date_gmt":"2020-04-08T07:21:32","guid":{"rendered":"https:\/\/gen4.focolare.org\/?post_type=wpdmpro&#038;p=5884"},"modified":"2020-07-30T15:03:20","modified_gmt":"2020-07-30T13:03:20","slug":"lineas-de-formacion-gen4","status":"publish","type":"wpdmpro","link":"https:\/\/gen4.focolare.org\/pt-br\/download\/lineas-de-formacion-gen4\/","title":{"rendered":"L\u00edneas de formaci\u00f3n gen4"},"content":{"rendered":"<p><strong>1)Itinerario de formaci\u00f3n integral para los ni\u00f1os del Movimiento de los Focolares\u00a0<\/strong><\/p>\n<p>En <strong>2018<\/strong>, para dar respuesta a la exigencia de poder ampliar cada vez m\u00e1s la red de personas disponibles para\u00a0 acompa\u00f1ar y favorecer el itinerario de formaci\u00f3n de las nuevas generaciones y, especialmente, de los ni\u00f1os, preparamos un primer instrumento que pudiese ayudar a presentar el:<strong>\u201cItinerario de formaci\u00f3n integral para ni\u00f1os del Movimiento de los Focolares\u201d<\/strong>:<\/p>\n<ul>\n<li>1) texto en Word;<\/li>\n<li>1\/a)\u00a0 presentaci\u00f3n interactiva que puede ser usada para dar a conocer esta realidad a grupos de personas o comunidades locales, acompa\u00f1\u00e1ndola con una explicaci\u00f3n que siga los conceptos del texto.<\/li>\n<\/ul>\n<p>En <strong>2020<\/strong>, con la inauguraci\u00f3n de la nueva p\u00e1gina Web Gen4, volvemos a publicar este texto, ligeramente retocado, con la alegr\u00eda de poder poner a disposici\u00f3n poco a poco el material citado a trav\u00e9s de la misma p\u00e1gina.<\/p>\n","protected":false},"excerpt":{"rendered":"<p>1)Itinerario de formaci\u00f3n integral para los ni\u00f1os del Movimiento de los &#8230; <\/p>\n","protected":false},"author":3,"featured_media":0,"comment_status":"closed","ping_status":"closed","template":"","meta":{"__wpdm_changelog":[]},"wpdmcategory":[248],"wpdmtag":[],"class_list":["post-5884","wpdmpro","type-wpdmpro","status-publish","hentry","wpdmcategory-espano"],"_links":{"self":[{"href":"https:\/\/gen4.focolare.org\/pt-br\/wp-json\/wp\/v2\/wpdmpro\/5884","targetHints":{"allow":["GET"]}}],"collection":[{"href":"https:\/\/gen4.focolare.org\/pt-br\/wp-json\/wp\/v2\/wpdmpro"}],"about":[{"href":"https:\/\/gen4.focolare.org\/pt-br\/wp-json\/wp\/v2\/types\/wpdmpro"}],"author":[{"embeddable":true,"href":"https:\/\/gen4.focolare.org\/pt-br\/wp-json\/wp\/v2\/users\/3"}],"replies":[{"embeddable":true,"href":"https:\/\/gen4.focolare.org\/pt-br\/wp-json\/wp\/v2\/comments?post=5884"}],"wp:attachment":[{"href":"https:\/\/gen4.focolare.org\/pt-br\/wp-json\/wp\/v2\/media?parent=5884"}],"wp:term":[{"taxonomy":"wpdmcategory","embeddable":true,"href":"https:\/\/gen4.focolare.org\/pt-br\/wp-json\/wp\/v2\/wpdmcategory?post=5884"},{"taxonomy":"wpdmtag","embeddable":true,"href":"https:\/\/gen4.focolare.org\/pt-br\/wp-json\/wp\/v2\/wpdmtag?post=5884"}],"curies":[{"name":"wp","href":"https:\/\/api.w.org\/{rel}","templated":true}]}}

Líneas de formación gen4

<p><strong>1)Itinerario de formación integral para los niños del Movimiento de los Focolares </strong></p>
<p>En <strong>2018</strong>, para dar respuesta a la exigencia de poder ampliar cada vez más la red de personas disponibles para  acompañar y favorecer el itinerario de formación de las nuevas generaciones y, especialmente, de los niños, preparamos un primer instrumento que pudiese ayudar a presentar el:<strong>“Itinerario de formación integral para niños del Movimiento de los Focolares”</strong>:</p>
<ul>
<li>1) texto en Word;</li>
<li>1/a)  presentación interactiva que puede ser usada para dar a conocer esta realidad a grupos de personas o comunidades locales, acompañándola con una explicación que siga los conceptos del texto.</li>
</ul>
<p>En <strong>2020</strong>, con la inauguración de la nueva página Web Gen4, volvemos a publicar este texto, ligeramente retocado, con la alegría de poder poner a disposición poco a poco el material citado a través de la misma página.</p>

<p>1)Itinerario de formación integral para los niños del Movimiento de los &#8230; </p>
