{"id":6137,"date":"2020-04-30T17:38:42","date_gmt":"2020-04-30T15:38:42","guid":{"rendered":"https:\/\/gen4.focolare.org\/?post_type=wpdmpro&#038;p=6137"},"modified":"2022-11-17T17:15:18","modified_gmt":"2022-11-17T16:15:18","slug":"semana-mundo-unido-2020-masterpeace-para-convertirse-en-superheroes-de-la-paz","status":"publish","type":"wpdmpro","link":"https:\/\/gen4.focolare.org\/pt-br\/download\/semana-mundo-unido-2020-masterpeace-para-convertirse-en-superheroes-de-la-paz\/","title":{"rendered":"Semana Mundo Unido 2020 \/ MasterPeace para convertirse en Superh\u00e9roes de la paz"},"content":{"rendered":"<p><strong>\u00a0\u201cIn Time for Peace\u201d \u2013 \u201cA tiempo para la Paz\u201d<\/strong><\/p>\n<p>En el \u00e1mbito del <strong><em>United World Project<\/em>, <\/strong>como punto culmen del \u00a0<strong><em>Pathway de los Derechos Humanos, Paz, Legalidad y Justicia, <\/em><\/strong>se llev\u00f3 a cabo, del 1 al 7 de Mayo de 2020 la Semana Mundo Unido 2020, cuyo t\u00edtulo era <strong><em>\u201cA tiempo para la Paz\u201d<\/em><\/strong><\/p>\n<p>(<a href=\"http:\/\/www.unitedworldproject.org\/eventi\/settimana-mondo-unito-2020-intimeforpeace\/\"><em>http:\/\/www.unitedworldproject.org\/eventi\/settimana-mondo-unito-2020-intimeforpeace\/<\/em><\/a>).<\/p>\n<p>Fueron muchos los eventos e iniciativas promovidas incluso por los m\u00e1s peque\u00f1os del Movimiento para sensibilizarse ellos mismos, \u00a0sensibilizar a sus propios coet\u00e1neos y a muchos otros\u00a0 sobre los valores de la paz, de la solidaridad, de la justicia, de la fraternidad\u2026<\/p>\n<p>He aqu\u00ed algunos ejemplos:<\/p>\n<p>En <strong>IRLANDA<\/strong> los ni\u00f1os asumieron vivir un compromiso cada d\u00eda de la semana: 1) descubrir 5 cosas por las cuales estar agradecidos; 2) ayudar a alguien de la familia; 3) dar una sorpresa a un vecino de casa; 4) llamar por tel\u00e9fono a alguien que se sienta solo; 5) ahorrar el agua y la luz; 6) regalar una sonrisa a alguien; 7) comprometerse en llevar adelante acciones concretas de esperanza y de paz <em>(anexo 1).<\/em><\/p>\n<p>En <strong>HOLANDA <\/strong>gran fiesta de la paz a trav\u00e9s de Zoom donde los ni\u00f1os, junto con sus padres, compartieron dibujos de Palomas en los que escrib\u00edan qu\u00e9 era la paz para cada uno de ellos <em>(anexo 2).<\/em><\/p>\n<p>En <strong>BRASIL<\/strong> otra conexi\u00f3n a trav\u00e9s de zoom con 74 puntos. A todos se les propuso recordar cada d\u00eda el \u00a0<em>Time out<\/em> por la paz a las 12, construyendo un reloj que marca las 12 <em>(anexo 3)<\/em> y un term\u00f3metro que mide la \u201ctemperatura del amor\u201d en el que se pueden colocar los actos de amor para construir la paz.<\/p>\n<p>Otras propuestas para cada d\u00eda de la Semana Mundo Unido en franc\u00e9s <strong>(BURUNDI-FRANCIA)<\/strong> e ingl\u00e9s <strong>(NIGERIA)<\/strong> <em>(anexos 4-5):<\/em><\/p>\n<p>En <strong>ALBANIA, <\/strong>muchas ideas para llevar la paz a todos los ambientes: tener amor y respeto hacia todos los amigos sin hacer preferencias; no sonre\u00edr solo a los amigos sino a toda la clase y al mundo entero; no insultar sino respetar. \u00a0\u201cUn d\u00eda, por ejemplo \u2013cuenta Alida de 8 a\u00f1os- me pele\u00e9 un poco con un amigo y, como signo de amor y respeto, luego le di un libro, aunque yo cre\u00eda que no hab\u00eda sido culpa m\u00eda.\u201d<\/p>\n<p><strong>MASTER PEACE:<\/strong> Y ahora contin\u00faa el compromiso para convertirse en expertos de aquellos valores que est\u00e1n a la base de un mundo m\u00e1s humano, fraterno, en paz, con una \u201cescuela especial\u201d para obtener el diploma de Master Peace y llegar a ser <strong>Superh\u00e9roes de la paz<\/strong>. Es un peque\u00f1o\u00a0 itinerario que se puede seguir junto a\u00a0 la familia.<\/p>\n<p>\u00bfPor qu\u00e9\u00a0<strong>MasterPeace<\/strong>?\u00a0Porque creemos que un verdadero futuro de paz se construye partiendo de los m\u00e1s peque\u00f1os, que pueden ser verdaderos protagonistas del cambio. <em>(anexo 6)<\/em><\/p>\n<p>&nbsp;<\/p>\n<p>&nbsp;<\/p>\n<p>&nbsp;<\/p>\n","protected":false},"excerpt":{"rendered":"<p>\u00a0\u201cIn Time for Peace\u201d \u2013 \u201cA tiempo para la Paz\u201d En &#8230; <\/p>\n","protected":false},"author":3,"featured_media":6128,"comment_status":"closed","ping_status":"closed","template":"","meta":{"__wpdm_changelog":[]},"wpdmcategory":[242],"wpdmtag":[],"class_list":["post-6137","wpdmpro","type-wpdmpro","status-publish","has-post-thumbnail","hentry","wpdmcategory-otras-actividades"],"_links":{"self":[{"href":"https:\/\/gen4.focolare.org\/pt-br\/wp-json\/wp\/v2\/wpdmpro\/6137","targetHints":{"allow":["GET"]}}],"collection":[{"href":"https:\/\/gen4.focolare.org\/pt-br\/wp-json\/wp\/v2\/wpdmpro"}],"about":[{"href":"https:\/\/gen4.focolare.org\/pt-br\/wp-json\/wp\/v2\/types\/wpdmpro"}],"author":[{"embeddable":true,"href":"https:\/\/gen4.focolare.org\/pt-br\/wp-json\/wp\/v2\/users\/3"}],"replies":[{"embeddable":true,"href":"https:\/\/gen4.focolare.org\/pt-br\/wp-json\/wp\/v2\/comments?post=6137"}],"wp:featuredmedia":[{"embeddable":true,"href":"https:\/\/gen4.focolare.org\/pt-br\/wp-json\/wp\/v2\/media\/6128"}],"wp:attachment":[{"href":"https:\/\/gen4.focolare.org\/pt-br\/wp-json\/wp\/v2\/media?parent=6137"}],"wp:term":[{"taxonomy":"wpdmcategory","embeddable":true,"href":"https:\/\/gen4.focolare.org\/pt-br\/wp-json\/wp\/v2\/wpdmcategory?post=6137"},{"taxonomy":"wpdmtag","embeddable":true,"href":"https:\/\/gen4.focolare.org\/pt-br\/wp-json\/wp\/v2\/wpdmtag?post=6137"}],"curies":[{"name":"wp","href":"https:\/\/api.w.org\/{rel}","templated":true}]}}

Semana Mundo Unido 2020 / MasterPeace para convertirse en Superhéroes de la paz

<p><strong> “In Time for Peace” – “A tiempo para la Paz”</strong></p>
<p>En el ámbito del <strong><em>United World Project</em>, </strong>como punto culmen del  <strong><em>Pathway de los Derechos Humanos, Paz, Legalidad y Justicia, </em></strong>se llevó a cabo, del 1 al 7 de Mayo de 2020 la Semana Mundo Unido 2020, cuyo título era <strong><em>“A tiempo para la Paz”</em></strong></p>
<p>(<a href="http://www.unitedworldproject.org/eventi/settimana-mondo-unito-2020-intimeforpeace/"><em>http://www.unitedworldproject.org/eventi/settimana-mondo-unito-2020-intimeforpeace/</em></a>).</p>
<p>Fueron muchos los eventos e iniciativas promovidas incluso por los más pequeños del Movimiento para sensibilizarse ellos mismos,  sensibilizar a sus propios coetáneos y a muchos otros  sobre los valores de la paz, de la solidaridad, de la justicia, de la fraternidad…</p>
<p>He aquí algunos ejemplos:</p>
<p>En <strong>IRLANDA</strong> los niños asumieron vivir un compromiso cada día de la semana: 1) descubrir 5 cosas por las cuales estar agradecidos; 2) ayudar a alguien de la familia; 3) dar una sorpresa a un vecino de casa; 4) llamar por teléfono a alguien que se sienta solo; 5) ahorrar el agua y la luz; 6) regalar una sonrisa a alguien; 7) comprometerse en llevar adelante acciones concretas de esperanza y de paz <em>(anexo 1).</em></p>
<p>En <strong>HOLANDA </strong>gran fiesta de la paz a través de Zoom donde los niños, junto con sus padres, compartieron dibujos de Palomas en los que escribían qué era la paz para cada uno de ellos <em>(anexo 2).</em></p>
<p>En <strong>BRASIL</strong> otra conexión a través de zoom con 74 puntos. A todos se les propuso recordar cada día el  <em>Time out</em> por la paz a las 12, construyendo un reloj que marca las 12 <em>(anexo 3)</em> y un termómetro que mide la “temperatura del amor” en el que se pueden colocar los actos de amor para construir la paz.</p>
<p>Otras propuestas para cada día de la Semana Mundo Unido en francés <strong>(BURUNDI-FRANCIA)</strong> e inglés <strong>(NIGERIA)</strong> <em>(anexos 4-5):</em></p>
<p>En <strong>ALBANIA, </strong>muchas ideas para llevar la paz a todos los ambientes: tener amor y respeto hacia todos los amigos sin hacer preferencias; no sonreír solo a los amigos sino a toda la clase y al mundo entero; no insultar sino respetar.  “Un día, por ejemplo –cuenta Alida de 8 años- me peleé un poco con un amigo y, como signo de amor y respeto, luego le di un libro, aunque yo creía que no había sido culpa mía.”</p>
<p><strong>MASTER PEACE:</strong> Y ahora continúa el compromiso para convertirse en expertos de aquellos valores que están a la base de un mundo más humano, fraterno, en paz, con una “escuela especial” para obtener el diploma de Master Peace y llegar a ser <strong>Superhéroes de la paz</strong>. Es un pequeño  itinerario que se puede seguir junto a  la familia.</p>
<p>¿Por qué <strong>MasterPeace</strong>? Porque creemos que un verdadero futuro de paz se construye partiendo de los más pequeños, que pueden ser verdaderos protagonistas del cambio. <em>(anexo 6)</em></p>
<p>&nbsp;</p>
<p>&nbsp;</p>
<p>&nbsp;</p>
