{"id":6405,"date":"2020-05-25T17:12:59","date_gmt":"2020-05-25T15:12:59","guid":{"rendered":"https:\/\/gen4.focolare.org\/?post_type=wpdmpro&#038;p=6405"},"modified":"2020-05-25T17:12:59","modified_gmt":"2020-05-25T15:12:59","slug":"pdv-2020-07-pt","status":"publish","type":"wpdmpro","link":"https:\/\/gen4.focolare.org\/pt-br\/download\/pdv-2020-07-pt\/","title":{"rendered":"PdV 2020 07 | PT"},"content":{"rendered":"<h4>Palavra de vida gen 4, Julho 2020<\/h4>\n<h3>Ser irm\u00e3o, irm\u00e3 e m\u00e3e de Jesus.<\/h3>\n<p>\u201cTodo aquele que fizer a vontade de meu Pai que est\u00e1 no C\u00e9u, esse \u00e9 que \u00e9 meu irm\u00e3o, minha irm\u00e3 e minha m\u00e3e\u201d. (Mt 12, 50)<\/p>\n","protected":false},"excerpt":{"rendered":"<p>Palavra de vida gen 4, Julho 2020 Ser irm\u00e3o, irm\u00e3 e &#8230; <\/p>\n","protected":false},"author":4,"featured_media":6407,"comment_status":"closed","ping_status":"closed","template":"","meta":{"__wpdm_changelog":[]},"wpdmcategory":[127],"wpdmtag":[],"class_list":["post-6405","wpdmpro","type-wpdmpro","status-publish","has-post-thumbnail","hentry","wpdmcategory-portugues-portugal"],"_links":{"self":[{"href":"https:\/\/gen4.focolare.org\/pt-br\/wp-json\/wp\/v2\/wpdmpro\/6405","targetHints":{"allow":["GET"]}}],"collection":[{"href":"https:\/\/gen4.focolare.org\/pt-br\/wp-json\/wp\/v2\/wpdmpro"}],"about":[{"href":"https:\/\/gen4.focolare.org\/pt-br\/wp-json\/wp\/v2\/types\/wpdmpro"}],"author":[{"embeddable":true,"href":"https:\/\/gen4.focolare.org\/pt-br\/wp-json\/wp\/v2\/users\/4"}],"replies":[{"embeddable":true,"href":"https:\/\/gen4.focolare.org\/pt-br\/wp-json\/wp\/v2\/comments?post=6405"}],"wp:featuredmedia":[{"embeddable":true,"href":"https:\/\/gen4.focolare.org\/pt-br\/wp-json\/wp\/v2\/media\/6407"}],"wp:attachment":[{"href":"https:\/\/gen4.focolare.org\/pt-br\/wp-json\/wp\/v2\/media?parent=6405"}],"wp:term":[{"taxonomy":"wpdmcategory","embeddable":true,"href":"https:\/\/gen4.focolare.org\/pt-br\/wp-json\/wp\/v2\/wpdmcategory?post=6405"},{"taxonomy":"wpdmtag","embeddable":true,"href":"https:\/\/gen4.focolare.org\/pt-br\/wp-json\/wp\/v2\/wpdmtag?post=6405"}],"curies":[{"name":"wp","href":"https:\/\/api.w.org\/{rel}","templated":true}]}}

<h4>Palavra de vida gen 4, Julho 2020</h4>
<h3>Ser irmão, irmã e mãe de Jesus.</h3>
<p>“Todo aquele que fizer a vontade de meu Pai que está no Céu, esse é que é meu irmão, minha irmã e minha mãe”. (Mt 12, 50)</p>

<p>Palavra de vida gen 4, Julho 2020 Ser irmão, irmã e &#8230; </p>
