{"id":9827,"date":"2021-11-17T15:35:47","date_gmt":"2021-11-17T14:35:47","guid":{"rendered":"https:\/\/gen4.focolare.org\/?post_type=wpdmpro&#038;p=9827"},"modified":"2022-02-01T11:34:29","modified_gmt":"2022-02-01T10:34:29","slug":"pdv-01-2022-es","status":"publish","type":"wpdmpro","link":"https:\/\/gen4.focolare.org\/pt-br\/download\/pdv-01-2022-es\/","title":{"rendered":"PdV 01 2022 | ES"},"content":{"rendered":"<h4>Palabra de Vida Gen4, Enero 2022.<\/h4>\n<h3>\u00a1Vamos juntos a ver a Jes\u00fas!<\/h3>\n<p>&#8220;\u00ab\u00bfD\u00f3nde est\u00e1 el rey de los jud\u00edos reci\u00e9n nacido? Porque hemos visto su estrella en el Oriente y venimos a adorarlo.\u00bb&#8221; Mateo 2,2.<\/p>\n","protected":false},"excerpt":{"rendered":"<p>Palabra de Vida Gen4, Enero 2022. \u00a1Vamos juntos a ver a &#8230; <\/p>\n","protected":false},"author":4,"featured_media":9828,"comment_status":"closed","ping_status":"closed","template":"","meta":{"__wpdm_changelog":[]},"wpdmcategory":[117],"wpdmtag":[],"class_list":["post-9827","wpdmpro","type-wpdmpro","status-publish","has-post-thumbnail","hentry","wpdmcategory-espanol"],"_links":{"self":[{"href":"https:\/\/gen4.focolare.org\/pt-br\/wp-json\/wp\/v2\/wpdmpro\/9827","targetHints":{"allow":["GET"]}}],"collection":[{"href":"https:\/\/gen4.focolare.org\/pt-br\/wp-json\/wp\/v2\/wpdmpro"}],"about":[{"href":"https:\/\/gen4.focolare.org\/pt-br\/wp-json\/wp\/v2\/types\/wpdmpro"}],"author":[{"embeddable":true,"href":"https:\/\/gen4.focolare.org\/pt-br\/wp-json\/wp\/v2\/users\/4"}],"replies":[{"embeddable":true,"href":"https:\/\/gen4.focolare.org\/pt-br\/wp-json\/wp\/v2\/comments?post=9827"}],"wp:featuredmedia":[{"embeddable":true,"href":"https:\/\/gen4.focolare.org\/pt-br\/wp-json\/wp\/v2\/media\/9828"}],"wp:attachment":[{"href":"https:\/\/gen4.focolare.org\/pt-br\/wp-json\/wp\/v2\/media?parent=9827"}],"wp:term":[{"taxonomy":"wpdmcategory","embeddable":true,"href":"https:\/\/gen4.focolare.org\/pt-br\/wp-json\/wp\/v2\/wpdmcategory?post=9827"},{"taxonomy":"wpdmtag","embeddable":true,"href":"https:\/\/gen4.focolare.org\/pt-br\/wp-json\/wp\/v2\/wpdmtag?post=9827"}],"curies":[{"name":"wp","href":"https:\/\/api.w.org\/{rel}","templated":true}]}}

<h4>Palabra de Vida Gen4, Enero 2022.</h4>
<h3>¡Vamos juntos a ver a Jesús!</h3>
<p>&#8220;«¿Dónde está el rey de los judíos recién nacido? Porque hemos visto su estrella en el Oriente y venimos a adorarlo.»&#8221; Mateo 2,2.</p>
